DROP TABLE IF EXISTS `datasets`;

CREATE TABLE `datasets` (
  `id` int(11) NOT NULL AUTO_INCREMENT COMMENT 'Unique dataset identifier',
  `imid` int(11) NOT NULL DEFAULT '0' COMMENT 'Image id',
  `r` double NOT NULL DEFAULT '0' COMMENT 'Resize ratio',
  `dim` int(1) NOT NULL COMMENT 'Resizing dimension (MATLAB notation: 1=height, 2=width)',
  `filter` text COMMENT 'Results to filter (currently given as comma separated operator names)',
  `mode` int(11) NOT NULL DEFAULT '0' COMMENT 'Survey mode (0=random, 1=design)',
  PRIMARY KEY (`id`),
  UNIQUE KEY `UNQ_datasets_r` (`imid`,`r`),
  CONSTRAINT `FK_datasets_imid` FOREIGN KEY (`imid`) REFERENCES `images` (`id`)
) ENGINE=InnoDB AUTO_INCREMENT=93 DEFAULT CHARSET=latin1 ROW_FORMAT=DYNAMIC COMMENT='Target dimensions for regargeting the images';

/*Data for the table `datasets` */

LOCK TABLES `datasets` WRITE;

insert  into `datasets`(`id`,`imid`,`r`,`dim`,`filter`,`mode`) values (1,1,0.75,2,NULL,1),(2,4,0.75,2,NULL,1),(3,9,0.5,2,NULL,1),(4,14,0.5,2,NULL,0),(5,14,0.75,2,NULL,0),(6,22,0.5,2,NULL,1),(7,22,1.5,2,NULL,0),(8,21,0.5,2,NULL,1),(9,21,1.25,2,NULL,0),(10,26,0.75,2,NULL,1),(11,34,0.75,2,NULL,0),(12,38,0.5,2,NULL,0),(13,39,0.75,2,NULL,1),(14,42,0.75,2,NULL,0),(15,43,0.5,2,NULL,1),(16,43,1.25,2,NULL,0),(17,45,0.5,2,NULL,1),(18,57,0.5,2,NULL,1),(19,59,0.75,2,NULL,1),(20,60,0.5,2,NULL,1),(21,60,0.75,2,NULL,0),(22,65,0.5,1,NULL,0),(23,69,0.5,1,NULL,0),(24,74,0.75,2,NULL,0),(25,75,0.5,2,NULL,1),(26,76,0.75,1,NULL,1),(27,82,0.75,1,NULL,1),(28,3,0.75,2,NULL,0),(29,5,0.5,2,NULL,0),(30,6,0.75,2,NULL,1),(31,7,0.75,2,NULL,0),(32,8,0.75,2,'multiop',1),(33,10,0.75,2,NULL,1),(34,11,0.75,2,NULL,1),(35,13,0.5,2,NULL,0),(36,12,0.5,2,NULL,1),(37,12,1.25,2,NULL,1),(38,16,0.75,2,NULL,1),(39,17,0.75,2,NULL,0),(40,15,0.75,2,NULL,1),(41,15,1.25,2,'multiop',0),(42,18,0.5,2,NULL,0),(43,19,0.75,2,NULL,1),(44,20,0.5,2,NULL,1),(45,23,0.5,2,NULL,0),(46,24,0.75,2,NULL,1),(47,25,0.5,2,NULL,1),(48,25,1.25,2,NULL,0),(49,27,0.5,2,NULL,0),(50,27,0.75,2,NULL,0),(51,28,0.5,2,NULL,0),(52,29,0.75,1,NULL,1),(53,30,0.75,2,NULL,1),(54,31,0.75,2,NULL,1),(55,32,0.5,2,NULL,1),(56,33,0.5,2,NULL,1),(57,35,0.75,1,NULL,1),(58,36,0.5,2,'multiop',0),(59,37,1.25,2,NULL,1),(60,40,0.5,2,NULL,1),(61,41,0.75,2,NULL,0),(62,44,0.75,2,'sv',0),(63,46,0.75,2,NULL,1),(64,47,0.75,2,NULL,0),(65,47,1.25,2,NULL,1),(66,49,0.75,2,'multiop',1),(67,50,0.75,2,NULL,1),(68,51,0.5,2,NULL,0),(69,52,0.75,1,NULL,0),(70,53,0.5,2,NULL,0),(71,54,0.75,2,NULL,1),(72,54,1.25,2,NULL,0),(73,55,0.75,2,'multiop',1),(74,56,0.75,2,NULL,0),(75,58,0.5,2,'multiop',1),(76,62,1.25,2,NULL,1),(77,63,0.5,1,NULL,1),(78,66,0.75,2,NULL,0),(79,66,1.25,2,'multiop',1),(80,67,0.75,2,NULL,1),(81,68,0.5,2,NULL,1),(82,70,0.75,2,NULL,0),(83,71,0.75,2,NULL,1),(84,72,0.75,2,NULL,0),(85,73,0.5,2,NULL,1),(86,77,0.75,1,NULL,0),(87,78,0.75,2,NULL,1),(88,79,0.5,2,NULL,0),(89,80,0.75,2,NULL,0),(90,83,0.75,2,NULL,0),(91,84,0.5,2,NULL,0),(92,91,0.5,2,NULL,0);

UNLOCK TABLES;

/*Table structure for table `experiments_judges` */

DROP TABLE IF EXISTS `experiments_judges`;

CREATE TABLE `experiments_judges` (
  `expid` int(11) NOT NULL DEFAULT '0' COMMENT 'Experiment id',
  `did` int(11) NOT NULL DEFAULT '0' COMMENT 'Dataset id',
  `judgeid` int(11) NOT NULL DEFAULT '0' COMMENT 'Judge id (a row in the design)',
  UNIQUE KEY `UNQ_experiments_judges` (`expid`,`did`,`judgeid`),
  KEY `IDX_experiments_judges_did` (`did`),
  CONSTRAINT `FK_experiments_judges_did` FOREIGN KEY (`did`) REFERENCES `datasets` (`id`)
) ENGINE=InnoDB DEFAULT CHARSET=latin1 COMMENT='Experiment design';

/*Data for the table `experiments_judges` */

LOCK TABLES `experiments_judges` WRITE;

insert  into `experiments_judges`(`expid`,`did`,`judgeid`) values (1,1,1),(11,1,2),(21,1,3),(31,1,4),(41,1,5),(51,1,6),(61,1,7),(1,2,1),(11,2,2),(21,2,3),(31,2,4),(41,2,5),(51,2,6),(61,2,7),(1,3,1),(11,3,2),(21,3,3),(31,3,4),(41,3,5),(51,3,6),(61,3,7),(1,6,1),(11,6,2),(21,6,3),(31,6,4),(41,6,5),(51,6,6),(61,6,7),(1,8,1),(11,8,2),(21,8,3),(31,8,4),(41,8,5),(51,8,6),(61,8,7),(2,10,1),(12,10,2),(22,10,3),(32,10,4),(42,10,5),(52,10,6),(62,10,7),(2,13,1),(12,13,2),(22,13,3),(32,13,4),(42,13,5),(52,13,6),(62,13,7),(2,15,1),(12,15,2),(22,15,3),(32,15,4),(42,15,5),(52,15,6),(62,15,7),(2,17,1),(12,17,2),(22,17,3),(32,17,4),(42,17,5),(52,17,6),(62,17,7),(2,18,1),(12,18,2),(22,18,3),(32,18,4),(42,18,5),(52,18,6),(62,18,7),(3,19,1),(13,19,2),(23,19,3),(33,19,4),(43,19,5),(53,19,6),(63,19,7),(3,20,1),(13,20,2),(23,20,3),(33,20,4),(43,20,5),(53,20,6),(63,20,7),(3,25,1),(13,25,2),(23,25,3),(33,25,4),(43,25,5),(53,25,6),(63,25,7),(3,26,1),(13,26,2),(23,26,3),(33,26,4),(43,26,5),(53,26,6),(63,26,7),(3,27,1),(13,27,2),(23,27,3),(33,27,4),(43,27,5),(53,27,6),(63,27,7),(4,30,1),(14,30,2),(24,30,3),(34,30,4),(44,30,5),(54,30,6),(64,30,7),(4,32,1),(14,32,2),(24,32,3),(34,32,1),(44,32,2),(54,32,3),(64,32,1),(4,33,1),(14,33,2),(24,33,3),(34,33,4),(44,33,5),(54,33,6),(64,33,7),(4,34,1),(14,34,2),(24,34,3),(34,34,4),(44,34,5),(54,34,6),(64,34,7),(4,36,1),(14,36,2),(24,36,3),(34,36,4),(44,36,5),(54,36,6),(64,36,7),(5,37,1),(15,37,2),(25,37,3),(35,37,1),(45,37,2),(55,37,3),(65,37,1),(5,38,1),(15,38,2),(25,38,3),(35,38,4),(45,38,5),(55,38,6),(65,38,7),(5,40,1),(15,40,2),(25,40,3),(35,40,4),(45,40,5),(55,40,6),(65,40,7),(5,43,1),(15,43,2),(25,43,3),(35,43,4),(45,43,5),(55,43,6),(65,43,7),(5,44,1),(15,44,2),(25,44,3),(35,44,1),(45,44,2),(55,44,3),(65,44,1),(6,46,1),(16,46,2),(26,46,3),(36,46,4),(46,46,5),(56,46,6),(66,46,7),(6,47,1),(16,47,2),(26,47,3),(36,47,4),(46,47,5),(56,47,6),(66,47,7),(6,52,1),(16,52,2),(26,52,3),(36,52,4),(46,52,5),(56,52,6),(66,52,7),(6,53,1),(16,53,2),(26,53,3),(36,53,4),(46,53,5),(56,53,6),(66,53,7),(6,54,1),(16,54,2),(26,54,3),(36,54,4),(46,54,5),(56,54,6),(66,54,7),(7,55,1),(17,55,2),(27,55,3),(37,55,4),(47,55,5),(57,55,6),(67,55,7),(7,56,1),(17,56,2),(27,56,3),(37,56,4),(47,56,5),(57,56,6),(67,56,7),(7,57,1),(17,57,2),(27,57,3),(37,57,1),(47,57,2),(57,57,3),(67,57,1),(7,59,1),(17,59,2),(27,59,3),(37,59,1),(47,59,2),(57,59,3),(67,59,1),(7,60,1),(17,60,2),(27,60,3),(37,60,4),(47,60,5),(57,60,6),(67,60,7),(8,63,1),(18,63,2),(28,63,3),(38,63,4),(48,63,5),(58,63,6),(68,63,7),(8,65,1),(18,65,2),(28,65,3),(38,65,1),(48,65,2),(58,65,3),(68,65,1),(8,66,1),(18,66,2),(28,66,3),(38,66,1),(48,66,2),(58,66,3),(68,66,1),(8,67,1),(18,67,2),(28,67,3),(38,67,4),(48,67,5),(58,67,6),(68,67,7),(8,71,1),(18,71,2),(28,71,3),(38,71,4),(48,71,5),(58,71,6),(68,71,7),(9,73,1),(19,73,2),(29,73,3),(39,73,1),(49,73,2),(59,73,3),(69,73,1),(9,75,1),(19,75,2),(29,75,3),(39,75,4),(49,75,5),(59,75,6),(69,75,1),(9,76,1),(19,76,2),(29,76,3),(39,76,1),(49,76,2),(59,76,3),(69,76,1),(9,77,1),(19,77,2),(29,77,3),(39,77,1),(49,77,2),(59,77,3),(69,77,1),(9,79,1),(19,79,2),(29,79,3),(39,79,4),(49,79,5),(59,79,1),(69,79,2),(10,80,1),(20,80,2),(30,80,3),(40,80,4),(50,80,5),(60,80,6),(70,80,7),(10,81,1),(20,81,2),(30,81,3),(40,81,4),(50,81,5),(60,81,6),(70,81,7),(10,83,1),(20,83,2),(30,83,3),(40,83,4),(50,83,5),(60,83,6),(70,83,7),(10,85,1),(20,85,2),(30,85,3),(40,85,1),(50,85,2),(60,85,3),(70,85,1),(10,87,1),(20,87,2),(30,87,3),(40,87,4),(50,87,5),(60,87,6),(70,87,7);

UNLOCK TABLES;

/*Table structure for table `image_attributes` */

DROP TABLE IF EXISTS `image_attributes`;

CREATE TABLE `image_attributes` (
  `imid` int(11) NOT NULL DEFAULT '0' COMMENT 'Image id',
  `aid` int(11) NOT NULL DEFAULT '0' COMMENT 'Attribute id',
  PRIMARY KEY (`imid`,`aid`),
  KEY `IDX_image_attributes_aid` (`aid`),
  CONSTRAINT `FK_image_attributes_aid` FOREIGN KEY (`aid`) REFERENCES `attributes` (`id`),
  CONSTRAINT `FK_image_attributes_imid` FOREIGN KEY (`imid`) REFERENCES `images` (`id`)
) ENGINE=InnoDB DEFAULT CHARSET=latin1 ROW_FORMAT=DYNAMIC COMMENT='The many-to-many image attribute relation';

/*Data for the table `image_attributes` */

LOCK TABLES `image_attributes` WRITE;

insert  into `image_attributes`(`imid`,`aid`) values (1,1),(3,1),(4,1),(5,1),(6,1),(8,1),(9,1),(10,1),(11,1),(14,1),(15,1),(16,1),(17,1),(18,1),(19,1),(20,1),(21,1),(26,1),(28,1),(30,1),(33,1),(34,1),(35,1),(36,1),(38,1),(39,1),(44,1),(45,1),(46,1),(49,1),(52,1),(53,1),(54,1),(55,1),(57,1),(58,1),(59,1),(60,1),(63,1),(64,1),(65,1),(67,1),(68,1),(71,1),(73,1),(74,1),(75,1),(77,1),(81,1),(82,1),(83,1),(84,1),(85,1),(86,1),(87,1),(88,1),(89,1),(2,2),(5,2),(6,2),(11,2),(19,2),(20,2),(22,2),(24,2),(25,2),(26,2),(28,2),(31,2),(32,2),(40,2),(41,2),(44,2),(48,2),(49,2),(50,2),(58,2),(61,2),(62,2),(66,2),(75,2),(76,2),(78,2),(80,2),(82,2),(91,2),(4,3),(8,3),(10,3),(26,3),(36,3),(38,3),(45,3),(46,3),(59,3),(73,3),(5,4),(25,4),(31,4),(37,4),(38,4),(41,4),(56,4),(72,4),(87,4),(88,4),(89,4),(2,5),(3,5),(5,5),(7,5),(12,5),(13,5),(15,5),(16,5),(17,5),(19,5),(20,5),(22,5),(23,5),(24,5),(25,5),(26,5),(27,5),(31,5),(32,5),(34,5),(40,5),(43,5),(44,5),(48,5),(50,5),(51,5),(56,5),(58,5),(59,5),(61,5),(62,5),(66,5),(67,5),(69,5),(70,5),(73,5),(75,5),(76,5),(77,5),(78,5),(80,5),(81,5),(90,5),(91,5),(1,6),(3,6),(8,6),(9,6),(10,6),(12,6),(14,6),(16,6),(17,6),(18,6),(20,6),(21,6),(30,6),(33,6),(35,6),(36,6),(38,6),(39,6),(45,6),(46,6),(52,6),(53,6),(54,6),(55,6),(58,6),(59,6),(60,6),(63,6),(64,6),(65,6),(68,6),(71,6),(74,6),(81,6),(83,6),(85,6),(86,6),(87,6),(88,6),(3,7),(8,7),(11,7),(13,7),(29,7),(32,7),(39,7),(51,7),(52,7),(55,7),(58,7),(60,7),(65,7),(68,7),(73,7),(83,7),(9,8),(46,8),(47,8),(49,8),(78,8),(12,9),(13,9),(23,9),(27,9),(70,9),(73,9),(5,10),(9,10),(10,10),(13,10),(14,10),(15,10),(21,10),(25,10),(28,10),(29,10),(34,10),(35,10),(36,10),(37,10),(38,10),(42,10),(43,10),(47,10),(51,10),(52,10),(57,10),(60,10),(61,10),(66,10),(67,10),(72,10),(77,10),(79,10),(84,10),(88,10),(90,10),(91,10),(1,11),(4,11),(18,11),(30,11),(39,11),(54,11),(63,11),(64,11),(65,11),(82,11),(4,12),(8,12),(10,12),(26,12),(36,12),(38,12),(45,12),(46,12),(73,12),(1,999),(2,999),(3,999),(4,999),(5,999),(6,999),(7,999),(8,999),(9,999),(10,999),(11,999),(12,999),(13,999),(14,999),(15,999),(16,999),(17,999),(18,999),(19,999),(20,999),(21,999),(22,999),(23,999),(24,999),(25,999),(26,999),(27,999),(28,999),(29,999),(30,999),(31,999),(32,999),(33,999),(34,999),(35,999),(36,999),(37,999),(38,999),(39,999),(40,999),(41,999),(42,999),(43,999),(44,999),(45,999),(46,999),(47,999),(48,999),(49,999),(50,999),(51,999),(52,999),(53,999),(54,999),(55,999),(56,999),(57,999),(58,999),(59,999),(60,999),(61,999),(62,999),(63,999),(64,999),(65,999),(66,999),(67,999),(68,999),(69,999),(70,999),(71,999),(72,999),(73,999),(74,999),(75,999),(76,999),(77,999),(78,999),(79,999),(80,999),(81,999),(82,999),(83,999),(84,999),(85,999),(86,999),(87,999),(88,999),(89,999),(90,999),(91,999);

UNLOCK TABLES;

/*Table structure for table `images` */

DROP TABLE IF EXISTS `images`;

CREATE TABLE `images` (
  `id` int(11) NOT NULL AUTO_INCREMENT COMMENT 'Unique image identifier',
  `name` varchar(64) NOT NULL DEFAULT '' COMMENT 'Image name',
  `width` int(11) NOT NULL COMMENT 'Image width',
  `height` int(11) NOT NULL COMMENT 'Image height',
  PRIMARY KEY (`id`),
  UNIQUE KEY `UNQ_images_name` (`name`)
) ENGINE=InnoDB AUTO_INCREMENT=92 DEFAULT CHARSET=latin1 ROW_FORMAT=DYNAMIC COMMENT='Image details';

/*Data for the table `images` */

LOCK TABLES `images` WRITE;

insert  into `images`(`id`,`name`,`width`,`height`) values (1,'ArtRoom',1024,813),(2,'balikid',1024,682),(3,'battleship',1024,756),(4,'BedRoom',1024,683),(5,'bicycle1',460,300),(6,'bicycle2',615,461),(7,'bike',615,409),(8,'blueman',1024,681),(9,'Brasserie_L_Aficion',1024,622),(10,'brick_house',1024,683),(11,'buddha',500,375),(12,'butterfly',1024,700),(13,'butterfly2',615,422),(14,'Canalhouse',1022,755),(15,'car',1024,754),(16,'car1',384,385),(17,'car2',500,375),(18,'cat',1024,683),(19,'child',1024,680),(20,'colosseum',512,340),(21,'Deck',1023,623),(22,'DKNYgirl',1024,673),(23,'eagle',600,402),(24,'face',392,300),(25,'family',600,429),(26,'Fatem',1024,752),(27,'fish',1024,768),(28,'fishing',500,313),(29,'foliage',568,426),(30,'getty',500,334),(31,'girls',600,450),(32,'glasses',500,395),(33,'greek_wine',1024,697),(34,'Heavenly',1024,594),(35,'house',615,461),(36,'housefence',500,333),(37,'islands',600,450),(38,'JapenessHouse',1024,646),(39,'Johanneskirche',1024,677),(40,'jon',499,397),(41,'kids',500,375),(42,'LakeVillage',1024,706),(43,'Lotus',1024,564),(44,'manga',540,304),(45,'Marblehead_Mass',1024,757),(46,'mnm',500,435),(47,'mochizuki',547,346),(48,'model',600,368),(49,'money',615,410),(50,'obama',594,407),(51,'orchid',500,333),(52,'osaka',640,360),(53,'painting1',950,527),(54,'painting2',1024,683),(55,'pencils',615,410),(56,'penguins',615,461),(57,'Perissa_Santorini',1024,681),(58,'pigeons',800,600),(59,'Sanfrancisco',1024,718),(60,'SetAngle',1024,684),(61,'snow',500,333),(62,'soccer',500,356),(63,'stair',683,1024),(64,'stairs',333,500),(65,'Stuck',796,1024),(66,'surfer',1024,686),(67,'surfers',333,500),(68,'tajmahal',600,450),(69,'Tempura',681,1024),(70,'tiger',600,437),(71,'tower',1024,683),(72,'trees',615,461),(73,'twobirds',600,450),(74,'Uelzecht',1024,536),(75,'Umdan',1024,683),(76,'Unazukin',681,1024),(77,'venice',400,600),(78,'volleyball',500,400),(79,'waterfall',700,466),(80,'wedding',615,410),(81,'wheels',500,319),(82,'Woman',683,1024),(83,'bells',717,477),(84,'boat',819,541),(85,'church',819,545),(86,'church2',1024,681),(87,'house2',1024,754),(88,'house3',1024,680),(89,'memorial',1024,659),(90,'photographer',1000,669),(91,'ski',1003,661);

UNLOCK TABLES;

/*Table structure for table `operators` */

DROP TABLE IF EXISTS `operators`;

CREATE TABLE `operators` (
  `id` int(11) NOT NULL DEFAULT '0' COMMENT 'Unique operator identifier',
  `name` varchar(16) NOT NULL DEFAULT '' COMMENT 'Operator name',
  PRIMARY KEY (`id`),
  UNIQUE KEY `UNQ_operators_name` (`name`)
) ENGINE=InnoDB DEFAULT CHARSET=latin1 ROW_FORMAT=DYNAMIC COMMENT='Retargeting operators';

/*Data for the table `operators` */

LOCK TABLES `operators` WRITE;

insert  into `operators`(`id`,`name`) values (1,'cr'),(3,'multiop'),(4,'sc'),(5,'scl'),(6,'sm'),(7,'sns'),(2,'sv'),(8,'warp');

UNLOCK TABLES;

/*Table structure for table `options` */

DROP TABLE IF EXISTS `options`;

CREATE TABLE `options` (
  `sid` int(11) NOT NULL DEFAULT '0' COMMENT 'Session id',
  `cid` int(11) NOT NULL DEFAULT '0' COMMENT 'Comparison id',
  `qid` int(11) NOT NULL DEFAULT '0' COMMENT 'Question id',
  KEY `IDX_options_cid` (`sid`,`cid`),
  KEY `IDX_options_qid` (`qid`),
  CONSTRAINT `FK_options_cid` FOREIGN KEY (`sid`, `cid`) REFERENCES `comparisons` (`sid`, `cid`),
  CONSTRAINT `FK_options_qid` FOREIGN KEY (`qid`) REFERENCES `questions` (`id`)
) ENGINE=InnoDB DEFAULT CHARSET=latin1 ROW_FORMAT=DYNAMIC COMMENT='User responses to the additional questions';

/*Data for the table `options` */

LOCK TABLES `options` WRITE;

insert  into `options`(`sid`,`cid`,`qid`) values (1,16,3),(2,3,2),(2,3,10),(2,3,17),(2,20,2),(2,20,10),(2,28,9),(2,28,17),(2,38,9),(2,38,17),(3,1,3),(3,1,5),(3,1,16),(3,1,18),(3,1,19),(3,1,20),(4,5,16),(4,9,17),(4,15,7),(4,15,9),(4,18,16),(4,24,17),(4,26,3),(4,26,7),(4,31,16),(4,33,16),(4,45,3),(4,45,7),(4,45,17),(5,9,3),(5,15,16),(5,16,16),(5,18,10),(6,11,2),(6,11,10),(6,28,3),(6,30,5),(6,32,3),(6,32,17),(6,34,16),(6,40,3),(6,40,17),(6,42,9),(6,42,10),(6,48,3),(6,48,17),(6,50,16),(7,23,19),(7,38,10),(8,0,10),(8,0,17),(8,15,2),(8,15,10),(8,15,19),(8,22,16),(8,23,16),(8,24,16),(8,30,2),(8,30,5),(8,30,17),(8,32,16),(8,37,7),(8,37,9),(8,37,13),(8,37,15),(8,37,16),(8,41,2),(8,41,3),(8,41,5),(8,41,17),(8,46,16),(8,48,2),(8,48,17),(8,50,7),(8,50,9),(8,50,13),(8,50,15),(9,0,1),(9,0,2),(9,0,10),(9,3,10),(9,3,17),(9,3,18),(9,8,19),(9,8,20),(9,12,2),(9,12,10),(9,12,17),(9,16,2),(9,30,18),(9,30,19),(9,35,19),(9,40,7),(9,42,19),(10,8,9),(10,8,18),(10,8,20),(10,23,2),(10,23,17),(10,31,20),(10,34,7),(10,34,8),(10,37,2),(10,37,10),(11,0,10),(11,3,3),(11,5,13),(11,12,7),(11,18,5),(11,18,16),(11,23,5),(11,24,7),(11,25,7),(11,27,16),(11,28,5),(11,29,17),(11,37,7),(11,38,16),(12,15,1),(12,15,16),(12,16,16),(12,16,20),(12,17,17),(12,21,2),(12,22,19),(12,26,1),(12,26,2),(12,26,16),(12,29,2),(12,29,17),(12,32,9),(12,37,19),(12,38,2),(12,39,3),(12,40,9),(12,40,17),(12,44,17),(12,50,3),(12,50,20),(12,52,2),(12,52,10),(12,52,16),(13,7,7),(13,7,19),(13,8,14),(13,9,20),(13,13,19),(13,17,14),(13,26,10),(13,29,10),(13,29,20),(13,31,7),(13,33,7),(13,35,14),(13,40,13),(13,48,7),(13,48,9),(13,51,20),(13,53,9),(13,54,2),(13,54,20),(13,55,13),(14,1,3),(14,1,7),(14,5,16),(14,6,19),(14,10,3),(14,10,7),(14,10,17),(14,14,3),(14,14,5),(14,19,1),(14,19,2),(14,19,10),(14,19,16),(14,19,17),(14,28,20),(14,30,11),(14,30,16),(14,32,10),(14,32,20),(14,36,18),(14,44,3),(14,44,17),(14,55,5),(16,5,20),(16,6,1),(16,6,2),(16,6,10),(16,12,19),(16,16,2),(16,16,10),(16,16,17),(16,37,7),(16,37,9),(16,38,17),(16,41,17),(16,45,5),(16,45,7),(16,45,9),(16,51,19),(16,59,17),(16,59,20),(17,2,6),(17,12,19),(17,17,19),(17,22,17),(17,27,18),(18,4,2),(18,10,17),(18,18,17),(18,19,10),(18,27,16),(18,36,19),(18,38,10),(18,39,18),(18,47,18),(18,55,19),(19,8,2),(19,8,7),(19,8,9),(19,8,13),(19,8,15),(19,24,7),(19,24,9),(19,25,13),(19,25,15),(19,27,3),(19,27,5),(19,27,9),(19,32,19),(19,37,7),(19,37,9),(19,40,15),(20,1,17),(21,0,2),(21,0,6),(22,2,1),(22,3,17),(22,5,3),(22,5,17),(22,12,3),(22,12,5),(22,12,17),(22,13,10),(22,13,17),(22,14,10),(22,16,1),(22,16,2),(22,16,12),(22,17,17),(22,21,19),(22,24,2),(22,24,12),(22,25,16),(22,28,5),(22,28,16),(22,31,10),(22,39,10),(22,39,17),(22,40,19),(22,42,10),(22,42,17),(22,43,20),(22,49,10),(22,55,1),(22,55,10),(22,60,17),(23,1,17),(23,15,7),(23,19,17),(23,36,16),(23,53,16),(25,5,16),(25,5,18),(25,6,17),(25,8,1),(25,8,2),(25,8,10),(25,8,16),(25,19,4),(25,19,8),(25,32,3),(25,32,17),(25,46,2),(25,46,10),(25,46,17),(25,47,9),(25,47,19),(26,0,7),(26,8,7),(26,14,17),(26,19,16),(26,28,2),(26,28,10),(26,31,2),(26,31,10),(26,34,7),(26,47,2),(26,47,10),(26,47,17),(26,48,17),(26,50,16),(26,52,7),(26,52,13),(27,2,10),(27,2,16),(27,13,19),(27,16,17),(27,23,5),(27,23,17),(27,26,16),(27,27,17),(27,38,10),(27,38,16),(27,41,2),(27,43,17),(27,56,2),(27,56,10),(28,0,17),(28,4,3),(28,4,7),(28,7,2),(28,7,10),(28,10,16),(28,13,16),(28,15,11),(28,15,17),(28,17,17),(28,18,19),(28,20,16),(28,21,16),(28,25,17),(28,38,17),(28,56,19),(28,59,17),(29,2,2),(29,2,5),(29,6,16),(29,8,13),(29,14,10),(29,14,17),(29,16,3),(29,17,16),(29,19,2),(29,19,10),(29,25,7),(29,39,16),(29,43,11),(29,43,16),(29,43,17),(29,45,19),(29,47,19),(29,51,3),(29,58,16),(29,58,20),(30,6,2),(30,6,10),(30,6,17),(30,6,18),(30,7,17),(30,14,4),(30,29,17),(30,30,17),(30,36,19),(30,44,10),(30,48,10),(30,50,20),(30,54,2),(31,8,3),(31,8,5),(31,8,17),(31,11,1),(31,11,16),(32,0,9),(32,0,10),(32,0,20),(32,2,1),(32,2,9),(32,10,19),(32,18,9),(32,25,3),(32,32,3),(32,32,7),(32,34,9),(32,39,9),(32,47,2),(32,57,1),(32,57,9),(34,1,4),(34,1,5),(34,1,16),(34,1,17),(34,2,2),(34,2,10),(34,2,17),(34,10,19),(34,17,2),(34,17,10),(34,17,17),(34,34,2),(34,34,10),(34,34,16),(34,34,17),(34,39,16),(34,52,10),(34,52,17),(35,7,10),(35,7,16),(35,14,17),(35,18,17),(35,18,20),(35,20,16),(35,23,3),(35,23,5),(35,23,7),(35,25,16),(35,29,16),(35,32,16),(35,39,10),(35,39,17),(35,44,16),(35,49,16),(35,50,10),(35,50,17),(35,53,10),(35,53,17),(35,59,17),(36,1,16),(36,3,19),(36,9,16),(36,10,7),(36,24,7),(36,32,17),(36,33,10),(36,35,11),(36,35,16),(36,43,16),(36,52,19),(37,21,5),(37,21,17),(37,23,16),(37,41,8),(37,41,17),(37,46,17),(38,3,16),(38,11,3),(38,11,20),(38,14,16),(38,22,2),(38,23,13),(38,27,16),(38,30,1),(38,51,17),(38,52,20),(38,60,3),(38,61,17),(39,1,19),(39,3,19),(40,8,16),(40,8,20),(40,11,3),(40,11,7),(40,14,3),(40,14,7),(40,14,17),(40,18,18),(40,22,3),(40,22,7),(40,33,10),(40,40,10),(40,40,18),(40,44,5),(40,49,5),(40,54,5),(40,58,10),(40,58,18),(40,59,10),(40,59,18),(41,20,17),(41,24,16),(41,26,3),(41,28,20),(41,33,16),(41,48,17),(41,55,11),(44,8,2),(44,8,11),(44,8,16),(44,11,5),(44,11,17),(44,34,2),(44,34,9),(44,34,16),(44,37,2),(44,37,5),(44,37,9),(44,37,17),(44,43,5),(44,45,5),(44,57,2),(44,57,16),(44,59,2),(44,59,10),(45,2,7),(45,2,16),(45,6,9),(45,6,18),(45,6,20),(45,10,3),(45,10,7),(45,10,17),(45,19,17),(45,24,7),(45,26,9),(45,26,18),(45,36,3),(45,36,7),(45,36,10),(45,36,17),(45,39,1),(45,39,9),(45,39,16),(45,49,16),(45,49,20),(45,51,17),(45,52,7),(45,54,2),(45,54,7),(45,54,10),(45,61,2),(45,61,7),(45,61,10),(46,2,17),(46,9,17),(46,12,10),(46,18,17),(46,19,17),(46,21,19),(46,32,1),(46,33,12),(46,51,17),(46,56,17),(47,13,1),(47,13,2),(47,13,11),(47,13,17),(47,21,20),(47,25,3),(47,25,4),(47,25,5),(47,25,7),(47,30,4),(47,32,4),(47,35,4),(47,42,1),(47,42,3),(47,42,5),(47,42,7),(47,42,16),(47,44,2),(47,53,4),(47,55,2),(47,55,10),(47,56,4),(47,56,8),(48,0,16),(48,6,16),(48,9,7),(50,5,10),(50,10,19),(50,12,2),(50,12,20),(50,16,20),(50,34,16),(50,50,3),(50,53,19),(50,59,10),(51,3,2),(51,3,3),(51,3,16),(51,5,11),(51,5,18),(51,12,5),(51,12,9),(51,19,5),(51,25,10),(51,25,18),(51,27,5),(51,28,19),(51,33,19),(51,37,5),(51,37,19),(51,42,1),(51,42,10),(51,42,18),(51,45,4),(51,45,8),(51,52,19),(53,2,17),(53,12,1),(53,13,2),(53,17,17),(53,17,20),(53,20,7),(53,23,7),(53,24,3),(53,29,1),(53,29,11),(53,36,1),(53,36,11),(53,58,16),(56,13,1),(56,13,16),(56,24,7),(56,29,7),(56,29,9),(56,41,3),(56,48,18),(56,48,19),(56,55,2),(56,55,9),(56,58,3),(56,58,5),(57,3,3),(57,3,7),(57,9,17),(57,20,3),(57,20,7),(57,23,5),(57,26,16),(57,30,20),(57,56,7),(57,57,19),(59,8,3),(59,13,4),(59,24,19),(59,27,1),(59,30,3),(59,34,1),(59,36,19),(59,43,19),(59,46,1),(59,48,3),(59,49,19),(59,50,19),(59,53,19),(59,55,1),(59,56,19),(65,0,2),(65,0,4),(65,0,16),(69,5,10),(69,5,11),(69,10,5),(69,10,17),(69,16,4),(69,16,8),(69,32,17),(69,41,4),(69,41,9),(69,42,4),(69,42,5),(69,52,19),(69,53,17),(69,57,1),(69,57,2),(71,0,1),(71,0,20),(71,13,10),(71,25,19),(71,28,3),(71,28,5),(71,29,1),(71,29,2),(71,29,10),(71,35,20),(71,36,7),(71,44,1),(71,44,10),(71,45,2),(71,45,20),(71,57,19),(71,58,2),(71,58,10),(72,2,19),(72,4,18),(72,5,3),(72,11,7),(72,11,17),(72,13,1),(72,13,13),(72,13,17),(72,19,1),(72,19,2),(72,19,6),(72,19,9),(72,19,13),(72,19,18),(72,22,10),(72,22,17),(72,23,3),(72,23,5),(72,23,7),(72,23,9),(72,23,17),(72,26,16),(72,29,19),(72,39,13),(72,42,20),(72,52,16),(72,55,10),(73,0,20),(73,7,11),(73,8,2),(73,16,9),(73,16,16),(73,33,2),(73,33,10),(73,39,5),(73,54,20),(73,56,17),(73,58,18),(73,59,2),(73,59,10),(74,0,17),(74,1,16),(74,2,17),(74,4,3),(74,9,19),(74,20,10),(74,20,17),(74,20,18),(74,22,10),(74,22,18),(74,30,19),(74,40,3),(74,42,2),(74,42,17),(74,58,3),(74,58,17),(75,2,16),(75,8,3),(75,22,10),(75,23,10),(75,23,19),(75,25,3),(75,50,3),(75,50,19),(75,51,2),(75,51,19),(75,51,20),(75,56,18),(75,56,19),(75,56,20),(76,6,16),(76,7,19),(76,10,17),(76,12,19),(76,16,19),(76,34,16),(76,42,1),(76,42,6),(76,48,17),(76,52,2),(77,1,2),(77,18,2),(77,27,7),(77,28,18),(77,33,7),(77,39,4),(77,51,16),(77,56,2),(78,3,1),(78,3,2),(78,3,10),(78,3,11),(78,3,16),(78,3,17),(78,3,18),(78,12,7),(78,12,9),(78,12,16),(78,12,17),(78,12,18),(78,18,16),(78,18,17),(78,22,3),(78,22,17),(78,27,1),(78,27,2),(78,27,3),(78,27,16),(78,27,17),(78,34,19),(78,35,3),(78,35,5),(78,35,8),(78,35,17),(78,36,1),(78,36,2),(78,36,3),(78,36,16),(78,36,17),(78,37,3),(78,37,17),(78,55,3),(78,55,7),(78,55,17),(78,56,16),(78,56,17),(79,9,3),(79,15,10),(79,21,19),(79,22,7),(79,26,3),(79,28,7),(79,28,10),(79,31,17),(79,42,18),(79,46,3),(79,47,7),(79,62,10),(80,10,19),(80,11,3),(80,26,16),(80,29,19),(80,31,3),(80,32,16),(80,37,19),(80,38,19),(80,58,16),(82,8,11),(82,8,16),(82,17,16),(82,22,17),(82,22,19),(82,30,4),(82,30,5),(82,32,5),(83,2,10),(83,2,17),(83,3,1),(83,3,2),(83,8,10),(83,10,17),(83,13,1),(83,13,2),(83,13,6),(83,13,10),(83,14,2),(83,15,13),(83,15,17),(83,15,18),(83,18,6),(83,18,10),(83,18,16),(83,21,20),(83,32,10),(83,32,11),(83,34,6),(83,48,5),(83,48,11),(83,49,13),(83,49,15),(83,56,3),(83,56,17),(83,59,19),(83,60,1),(83,60,2),(84,1,17),(84,21,19),(84,29,19),(84,39,9),(84,39,17),(84,43,17),(84,56,5),(84,56,11),(84,56,17),(85,0,17),(85,2,19),(85,8,19),(85,12,19),(85,16,3),(85,19,19),(85,22,16),(85,22,17),(85,37,19),(85,45,2),(85,47,19),(85,50,19),(85,57,3),(86,2,16),(86,6,16),(86,7,17),(86,12,19),(86,23,19),(86,34,3),(86,35,4),(86,36,19),(87,6,17),(87,17,17),(87,19,16),(87,23,16),(87,24,17),(87,25,17),(87,28,7),(87,33,10),(87,41,16),(87,44,16),(87,49,8),(87,52,16),(87,56,9),(89,1,3),(89,14,2),(89,18,2),(89,18,10),(89,24,2),(89,35,16),(89,37,16),(89,46,16),(90,1,16),(90,5,10),(90,10,10),(90,13,3),(90,23,19),(90,28,2),(90,28,17),(90,30,17),(90,33,7),(90,41,1),(90,41,2),(90,41,10),(90,44,17),(91,21,7),(91,21,9),(91,21,13),(91,21,15),(91,22,16),(91,23,3),(91,23,5),(91,35,3),(91,35,5),(91,42,3),(91,42,5),(91,43,16),(91,57,2),(92,1,3),(92,6,3),(92,21,2),(92,25,3),(92,31,16),(92,39,7),(92,39,19),(92,43,16),(93,7,3),(93,19,7),(93,25,9),(93,28,16),(93,33,16),(93,40,3),(93,43,10),(93,56,8),(93,60,17),(93,61,19),(94,7,9),(94,7,19),(94,10,16),(94,19,19),(94,36,3),(94,40,5),(94,47,3),(94,48,1),(94,48,2),(94,48,10),(94,50,16),(94,53,7),(94,54,2),(94,54,10),(94,59,16),(94,59,17),(95,2,16),(95,12,3),(95,12,5),(95,12,7),(95,12,9),(95,12,17),(95,14,4),(95,14,5),(95,17,19),(95,20,4),(95,24,19),(95,41,2),(95,41,10),(95,42,9),(95,42,18),(95,42,20),(95,46,2),(95,46,11),(95,46,16),(95,46,18),(96,3,10),(96,3,18),(96,3,20),(96,10,2),(96,10,9),(96,11,1),(96,11,2),(96,25,16),(96,27,17),(96,27,18),(96,28,7),(96,28,17),(96,41,1),(96,41,17),(96,42,5),(96,48,16),(96,50,15),(96,51,5),(96,54,1),(96,54,19),(96,56,16),(97,2,20),(97,4,16),(97,6,16),(98,7,20),(98,17,17),(98,25,17),(98,25,18),(98,31,19),(98,39,16),(98,56,1),(98,56,2),(98,56,10),(98,58,16),(98,63,3),(98,63,5),(98,63,7),(98,63,9),(98,63,17),(100,2,10),(100,2,17),(100,15,2),(100,15,10),(100,15,17),(101,4,17),(101,5,17),(101,6,16),(101,17,19),(101,20,17),(101,21,1),(101,21,2),(101,21,6),(101,21,10),(101,22,3),(101,26,16),(101,33,19),(101,39,7),(101,39,17),(101,40,19),(101,42,17),(101,43,7),(101,43,17),(103,3,5),(103,4,3),(103,7,18),(103,26,16),(103,32,5),(103,36,7),(103,42,3),(103,46,16),(103,48,5),(103,52,3),(103,54,18),(106,3,2),(106,3,19),(106,6,3),(106,6,4),(106,6,5),(106,26,17),(106,26,18),(106,29,10),(106,30,16),(106,30,18),(106,31,10),(106,33,19),(106,34,18),(106,42,17),(106,45,18),(106,46,17),(106,49,19),(106,50,18),(107,3,2),(107,3,10),(107,9,2),(107,9,10),(107,10,2),(107,18,16),(107,19,5),(107,31,2),(107,33,20),(107,35,16),(107,48,2),(107,53,17),(107,59,3),(108,10,3),(108,10,5),(108,10,7),(108,10,9),(108,10,17),(108,10,18),(109,3,16),(109,17,3),(109,19,7),(109,19,17),(109,22,7),(109,24,16),(109,29,1),(109,29,16),(109,35,3),(109,41,1),(109,41,16),(109,41,18),(109,58,7),(109,61,3),(110,15,3),(110,15,5),(110,15,17),(110,17,2),(110,17,20),(110,20,10),(110,24,17),(110,25,10),(110,31,3),(110,31,5),(110,33,17),(110,34,10),(110,34,16),(110,34,17),(110,37,10),(110,37,17),(110,40,17),(110,40,20),(110,44,10),(110,44,17),(110,47,17),(110,47,20),(110,58,2),(110,60,10),(110,60,17),(111,6,10),(111,6,17),(111,14,19),(111,17,3),(111,23,10),(111,23,16),(111,46,9),(111,46,10),(111,49,3),(111,49,7),(113,7,4),(113,7,17),(113,21,4),(113,26,16),(113,29,10),(113,29,17),(113,35,4),(113,36,17),(113,45,10),(113,45,17),(113,46,3),(113,46,7),(113,47,17),(113,49,4),(113,57,4),(113,57,17),(114,2,17),(114,18,16),(114,35,10),(114,51,11),(114,56,11),(115,3,19),(115,13,2),(115,20,1),(115,23,3),(115,23,17),(115,29,17),(115,31,17),(115,41,3),(115,41,17),(115,53,3),(115,53,17),(115,58,2),(116,0,16),(116,12,3),(116,12,7),(116,21,17),(116,21,19),(116,23,9),(116,23,18),(116,25,2),(116,25,17),(116,29,16),(116,33,16),(116,33,17),(116,36,16),(116,38,17),(116,41,17),(116,44,9),(116,44,18),(116,45,19),(116,46,1),(116,46,2),(116,47,16),(116,47,17),(116,50,1),(116,50,2),(116,50,6),(116,50,18),(116,53,4),(116,59,1),(116,59,2),(116,59,10),(116,59,16),(117,1,17),(117,6,19),(117,8,17),(117,10,3),(117,15,16),(117,55,20),(117,57,2),(117,58,20),(117,59,2),(117,61,5),(117,62,5),(118,4,17),(118,4,20),(118,16,17),(118,24,3),(118,24,17),(118,29,2),(118,29,3),(118,29,5),(118,29,12),(118,32,4),(118,35,10),(118,37,3),(118,50,9),(118,52,19),(118,53,10),(118,59,17),(120,7,17),(120,9,16),(120,15,2),(120,23,16),(120,26,16),(120,29,4),(120,33,16),(120,34,4),(120,44,4),(120,45,20),(120,51,8),(121,6,19),(121,11,2),(121,11,17),(121,14,20),(121,30,19),(121,39,16),(121,45,19),(121,56,5),(122,8,3),(122,8,17),(122,8,20),(122,10,3),(122,18,1),(122,18,7),(122,18,10),(122,19,20),(122,38,9),(122,38,20),(122,45,20),(122,46,1),(122,46,9),(122,46,18),(122,47,7),(122,47,17),(122,48,19),(122,55,7),(122,55,10),(122,55,17),(122,60,3),(122,60,20),(124,2,3),(124,2,7),(124,11,17),(124,15,3),(124,15,5),(124,18,16),(124,40,17),(124,54,3),(124,54,5),(125,8,18),(125,9,4),(125,9,5),(125,19,20),(125,20,19),(125,25,5),(125,35,17),(125,42,4),(125,42,5),(125,46,20),(125,51,3),(125,54,19),(125,57,19),(125,58,5),(126,14,17),(126,20,5),(126,25,10),(126,26,10),(126,26,17),(126,31,17),(126,34,17),(126,41,3),(126,41,7),(126,49,17),(126,54,4),(126,54,17),(126,63,3),(126,63,7),(127,1,19),(127,3,16),(127,9,2),(127,9,10),(127,9,17),(127,13,10),(127,14,10),(127,14,19),(127,17,16),(127,23,3),(127,32,4),(127,36,2),(127,36,10),(127,38,16),(127,52,20),(127,54,4),(127,55,2),(127,55,10),(128,0,7),(128,5,17),(128,8,20),(128,19,11),(128,19,17),(128,22,16),(128,29,10),(128,29,17),(128,38,2),(128,38,6),(128,38,9),(128,39,2),(128,41,19),(128,44,20),(128,55,8),(128,61,17),(129,4,1),(129,8,17),(129,10,16),(129,15,19),(129,20,10),(129,26,17),(129,29,9),(129,31,2),(129,31,10),(129,31,17),(129,34,18),(129,51,2),(129,51,17),(129,52,16),(129,58,16),(130,8,16),(130,9,2),(130,15,17),(130,16,17),(130,18,7),(130,21,17),(130,27,19),(130,29,11),(130,40,17),(130,42,19),(130,49,16),(130,59,17),(135,0,3),(135,0,4),(135,0,5),(135,0,17),(135,6,17),(135,6,19),(135,9,3),(135,9,7),(135,9,17),(135,11,3),(135,11,4),(135,11,5),(135,11,17),(135,15,19),(135,22,19),(135,26,10),(135,27,11),(135,30,17),(135,38,19),(135,39,19),(135,43,3),(135,43,4),(135,43,5),(135,44,9),(135,44,16),(135,44,17),(136,2,3),(137,0,20),(137,3,2),(137,8,20),(137,20,5),(137,20,17),(137,36,16),(137,43,2),(137,46,20),(137,47,7),(137,53,13),(137,54,7),(137,54,13),(138,8,19),(138,10,19),(138,13,10),(138,21,10),(138,23,20),(138,30,19),(138,42,3),(138,43,19),(139,6,2),(139,15,16),(139,26,1),(139,26,18),(139,31,16),(139,32,1),(139,32,18),(139,41,2),(139,41,10),(139,50,2),(139,50,18),(139,51,2),(139,51,16),(139,54,16),(139,55,19),(139,56,2),(156,3,19),(156,5,19),(158,3,16),(158,8,16),(158,9,17),(158,11,17),(158,35,3),(158,35,7),(158,35,17),(158,36,17),(158,39,16),(158,47,2),(158,47,6),(158,47,10),(158,56,17),(158,57,9),(158,57,17),(159,2,1),(159,2,2),(159,2,11),(159,22,1),(159,22,2),(159,22,10),(159,22,11),(159,32,4),(159,32,17),(159,35,4),(159,36,17),(159,51,8),(159,51,16),(159,51,17),(159,53,14),(159,53,17),(159,61,2),(159,61,16),(159,61,18),(160,0,5),(161,5,4),(161,5,17),(161,18,2),(161,18,10),(161,18,17),(161,27,2),(161,27,10),(161,27,17),(161,31,8),(161,31,9),(161,31,17),(161,36,5),(161,36,17),(161,40,10),(161,40,17),(161,42,16),(161,51,5),(161,51,16),(161,51,17),(161,59,11),(161,59,16),(162,3,3),(162,3,5),(162,3,17),(162,4,1),(162,4,2),(162,7,3),(162,7,5),(162,15,10),(162,15,17),(162,17,10),(162,20,16),(162,20,20),(162,21,18),(162,21,20),(162,25,20),(162,29,10),(162,29,18),(162,36,10),(162,37,5),(162,41,16),(162,48,20),(162,51,16),(162,57,20),(162,59,10),(163,3,17),(163,17,1),(163,24,7),(163,25,17),(163,30,4),(163,40,3),(163,42,17),(163,45,13),(163,53,9),(164,2,5),(164,2,9),(164,2,17),(164,11,16),(164,16,2),(164,16,10),(164,17,7),(164,17,8),(164,17,9),(164,23,2),(164,23,10),(164,26,10),(164,26,17),(164,28,17),(164,30,20),(164,33,10),(164,33,17),(164,36,16),(164,49,3),(164,49,4),(164,49,5),(164,50,2),(164,50,10),(164,58,3),(164,58,5),(165,1,13),(165,1,15),(165,6,1),(165,6,10),(165,6,18),(165,8,16),(165,9,3),(165,11,3),(165,13,16),(170,3,19),(170,7,10),(170,12,3),(170,12,5),(170,16,17),(170,18,16),(170,26,16),(170,31,19),(170,35,17),(170,36,5),(170,43,10),(170,57,19),(171,5,16),(171,11,2),(171,11,17),(171,11,20),(171,24,11),(171,29,2),(171,29,6),(171,29,10),(171,29,17),(171,48,4),(171,48,17),(171,59,2),(171,59,3),(171,59,4),(171,59,5),(171,59,17),(172,7,19),(172,16,3),(172,21,10),(172,25,3),(172,30,3),(172,54,10),(172,57,16),(172,58,19),(172,60,3),(172,62,16),(173,0,10),(173,5,3),(173,8,16),(173,15,19),(173,17,5),(173,18,3),(173,23,13),(173,34,10),(173,41,13),(173,49,13),(173,51,19),(173,54,9),(173,59,16),(175,2,2),(175,2,10),(175,2,17),(175,5,19),(176,0,20),(176,7,1),(176,7,2),(176,7,10),(176,12,17),(176,13,16),(176,17,2),(176,17,10),(176,21,17),(176,23,7),(176,23,8),(176,30,20),(176,32,2),(176,40,2),(176,44,3),(176,44,9),(176,45,2),(176,60,9),(176,61,19),(177,0,4),(177,0,8),(177,0,17),(177,1,19),(177,5,17),(177,17,19),(177,19,2),(177,19,10),(177,19,16),(177,30,2),(177,30,10),(177,30,11),(177,31,1),(177,31,10),(177,41,1),(177,41,2),(177,41,10),(177,41,17),(177,43,7),(178,6,8),(178,12,20),(178,21,17),(178,28,16),(178,29,17),(178,38,17),(178,42,20),(178,47,16),(178,48,16),(178,53,10),(180,6,16),(180,6,19),(180,14,17),(181,2,3),(181,5,5),(181,7,19),(181,8,16),(181,12,16),(181,13,7),(181,14,5),(181,17,19),(181,21,3),(181,22,16),(181,27,5),(181,35,5),(181,44,17),(181,45,17),(181,53,3),(181,55,3),(181,59,2),(181,59,10),(182,3,17),(182,9,19),(182,16,2),(182,23,19),(182,26,16),(182,28,17),(182,35,2),(182,43,16),(182,47,2),(182,48,7),(182,48,9),(182,52,19),(182,56,17),(182,58,9),(182,59,16),(184,11,1),(184,11,2),(184,26,3),(184,26,4),(184,26,5),(184,28,16),(184,35,16),(184,43,10),(184,47,7),(184,47,8),(184,51,16),(184,53,1),(184,53,2),(184,53,16),(184,59,5),(185,6,1),(185,6,2),(186,0,19),(186,5,2),(186,5,10),(186,5,17),(186,18,10),(186,18,17),(186,24,10),(186,26,2),(186,26,6),(186,26,7),(186,26,13),(186,26,17),(186,39,13),(186,49,17),(186,52,19),(186,57,1),(186,57,2),(186,57,10),(186,57,16),(186,57,17),(186,57,18),(186,59,7),(186,59,14),(186,59,17),(187,0,10),(187,11,2),(187,11,10),(187,15,2),(187,15,10),(187,28,2),(187,28,6),(187,28,10),(187,32,2),(187,32,4),(187,32,5),(187,34,1),(187,34,2),(187,34,3),(187,34,4),(187,34,5),(187,48,16),(187,55,2),(187,55,6),(187,55,10),(187,55,18),(187,57,16),(187,61,9),(187,61,17),(188,4,10),(188,4,11),(190,1,20),(190,5,3),(190,5,17),(190,9,3),(190,9,17),(190,16,17),(190,18,3),(190,32,3),(190,35,5),(190,40,16),(190,42,10),(190,49,19),(190,50,17),(192,6,2),(192,17,7),(192,17,10),(192,18,3),(192,27,17),(192,32,7),(192,39,7),(192,39,9),(192,39,10),(192,45,3),(192,49,7),(193,7,4),(193,7,8),(193,9,5),(193,9,16),(193,17,2),(193,17,17),(193,25,4),(193,25,8),(193,31,17),(193,54,17),(193,56,4),(193,56,8),(195,2,10),(195,2,17),(195,3,16),(195,10,16),(195,16,16),(196,7,16),(196,9,5),(196,12,17),(197,0,8),(197,1,7),(197,11,8),(199,4,3),(199,4,18),(199,9,5),(199,19,4),(199,19,8),(199,19,9),(199,20,7),(200,0,4),(200,7,10),(200,11,4),(200,11,5),(200,13,3),(200,13,5),(200,14,16),(200,23,16),(200,32,2),(200,35,16),(201,1,7),(201,3,17),(201,9,17),(201,20,10),(201,20,16),(201,20,18),(201,20,20),(201,22,10),(201,22,17),(201,22,18),(201,23,2),(201,23,10),(201,23,17),(201,32,3),(201,32,7),(201,48,17),(201,48,20),(201,52,5),(201,52,9),(201,57,4),(201,57,5),(201,57,8),(201,57,9),(201,59,7),(201,59,17),(202,15,16),(202,17,3),(202,21,5),(202,24,19),(202,28,17),(202,30,17),(202,32,2),(202,33,17),(202,35,5),(202,40,17),(202,57,3),(202,57,4),(203,2,1),(203,2,5),(203,2,18),(203,5,10),(203,5,17),(205,5,3),(205,6,7),(205,6,9),(205,6,13),(205,6,19),(205,24,7),(205,24,13),(205,24,19),(205,25,16),(205,30,17),(205,30,19),(205,31,3),(205,35,7),(205,37,7),(205,38,7),(205,50,17),(205,50,19),(205,51,19),(206,7,5),(206,7,16),(206,13,7),(206,13,8),(206,13,9),(206,13,17),(206,13,19),(206,16,3),(206,16,4),(206,16,5),(206,16,17),(207,2,1),(207,2,2),(207,2,10),(207,13,3),(207,13,17),(207,15,3),(207,15,17),(207,16,7),(207,16,17),(207,17,16),(207,17,20),(207,23,3),(207,25,3),(207,25,5),(207,25,7),(207,25,9),(207,28,17),(207,33,3),(207,38,16),(207,50,16),(207,56,3),(207,56,7),(208,3,3),(208,3,5),(208,3,9),(208,3,11),(208,3,17),(208,5,18),(209,5,3),(209,10,4),(209,10,5),(209,13,18),(209,13,20),(209,22,19),(209,32,2),(209,32,17),(209,39,3),(209,40,5),(209,40,9),(209,40,20),(209,45,3),(209,48,16),(209,48,18),(209,49,16),(209,49,17),(209,56,2),(209,56,3),(210,3,17),(210,10,19),(210,21,1),(210,21,2),(210,21,3),(210,21,5),(210,21,7),(210,33,10),(210,35,19),(210,37,7),(210,41,16),(210,47,19),(210,54,19),(212,5,13),(212,11,10),(212,14,10),(212,14,17),(212,25,16),(212,26,10),(212,26,17),(212,30,19),(212,40,16),(212,46,20),(212,59,10),(213,3,20),(213,8,20),(213,9,20),(213,10,20),(214,7,3),(214,10,3),(214,22,5),(214,23,17),(214,28,19),(214,29,3),(214,29,4),(214,54,19),(215,2,16),(215,20,2),(215,20,20),(215,23,19),(215,40,16),(215,48,7),(215,49,6),(215,49,20),(216,0,2),(216,0,20),(218,2,20),(218,11,10),(218,11,17),(218,20,20),(218,35,16),(218,36,20),(218,41,17),(218,45,19),(218,48,3),(218,48,17),(218,49,16),(220,6,3),(220,7,19),(220,7,20),(220,9,3),(220,9,4),(220,14,2),(220,14,9),(220,14,10),(220,22,2),(220,22,9),(220,22,10),(220,24,3),(220,24,7),(220,27,17),(220,27,19),(220,30,3),(220,30,5),(220,32,20),(220,47,2),(220,47,10),(221,3,16),(221,11,17),(221,12,8),(221,12,9),(221,17,2),(221,17,11),(221,17,20),(221,19,16),(221,28,16),(221,39,17),(221,40,2),(221,41,2),(221,41,10),(221,41,17),(221,58,4),(222,2,19),(224,5,9),(224,6,3),(224,16,3),(224,16,5),(224,24,19),(224,25,3),(224,25,5),(225,10,2),(225,10,10),(225,13,17),(227,0,17),(227,6,17),(227,7,17),(227,23,10),(227,23,17),(227,30,16),(227,34,10),(227,34,17),(227,37,3),(227,50,16),(227,54,10),(227,54,16),(227,54,17),(227,54,18),(227,55,16),(227,60,3),(227,60,5),(228,8,10),(228,8,20),(228,9,17),(228,16,18),(228,16,20),(228,17,10),(228,17,17),(228,17,18),(228,21,20),(228,36,17),(228,36,18),(228,44,2),(228,44,17),(228,45,3),(228,45,5),(228,45,11),(228,45,17),(228,51,2),(228,51,10),(228,61,5),(228,61,16),(228,62,16),(230,15,17),(230,23,20),(230,30,9),(230,32,1),(230,32,17),(230,48,19),(230,52,3),(230,52,7),(231,4,16),(231,6,5),(231,6,9),(231,7,3),(231,7,4),(231,7,9),(231,15,7),(231,15,8),(231,15,9),(231,19,16),(231,22,16),(231,31,5),(231,33,16),(231,42,2),(231,42,10),(231,44,2),(231,44,10),(231,46,10),(231,56,1),(231,56,16),(232,2,10),(232,3,19),(232,10,16),(232,11,2),(232,15,10),(232,16,2),(232,30,16),(232,32,19),(232,39,16),(232,43,3),(232,44,16),(232,51,2),(232,52,16),(232,58,5),(232,59,16),(233,10,17),(237,2,17),(237,6,17),(237,7,16),(237,14,17),(237,20,19),(237,21,3),(237,27,5),(237,35,5),(237,37,17),(237,42,19),(237,47,16),(238,0,17),(238,3,2),(238,3,17),(238,18,17),(238,22,5),(238,26,3),(238,30,17),(238,39,17),(238,40,19),(238,44,16),(239,0,20),(239,2,20),(239,6,20),(239,14,16),(239,24,19),(239,30,19),(239,33,20),(239,36,2),(239,36,10),(239,37,9),(239,45,9),(239,45,16),(239,46,16),(239,47,2),(239,52,19),(239,61,17),(240,2,1),(240,2,2),(240,2,10),(240,2,11),(240,3,4),(240,13,16),(240,13,19),(240,15,2),(240,15,10),(240,16,2),(240,16,10),(240,16,11),(240,20,4),(240,21,19),(240,22,5),(240,22,16),(240,28,19),(240,32,4),(240,34,10),(240,36,1),(240,54,19),(240,55,2),(241,3,20),(241,4,1),(241,4,2),(242,0,19),(242,4,19),(242,8,19),(242,17,5),(242,20,17),(242,23,9),(242,30,17),(242,34,16),(242,36,16),(242,47,19),(242,58,17),(242,61,5),(243,2,16),(243,4,16),(243,5,7),(243,5,8),(243,9,17),(243,16,1),(243,16,2),(243,22,16),(243,26,1),(243,26,2),(243,28,19),(243,39,7),(243,45,19),(243,49,3),(243,52,6),(243,52,17),(244,2,2),(244,2,6),(244,8,17),(244,13,5),(247,2,3),(247,5,3),(247,5,7),(247,14,20),(247,16,3),(247,21,2),(247,29,16),(247,33,5),(247,35,16),(247,46,16),(247,52,1),(247,52,2),(247,52,10),(247,52,16),(247,59,16),(248,1,5),(248,6,16),(248,11,16),(248,14,18),(248,18,1),(248,18,2),(248,28,17),(248,31,3),(248,45,16),(248,48,16),(248,57,17),(248,59,16),(248,60,10),(248,61,3),(249,1,7),(249,6,17),(249,8,10),(249,9,7),(249,12,16),(249,12,17),(249,15,9),(249,16,3),(249,22,7),(249,22,13),(249,24,3),(249,24,7),(249,37,1),(249,39,7),(249,39,13),(249,53,17),(249,56,1),(249,56,7),(250,10,2),(250,13,3),(250,13,7),(250,19,17),(250,24,1),(250,24,16),(250,31,10),(250,34,17),(250,38,2),(250,38,17),(250,39,17),(250,51,2),(250,56,17),(250,58,2),(250,58,10),(250,58,17),(251,2,16),(251,3,2),(251,6,4),(251,9,8),(251,9,14),(251,14,5),(251,29,8),(251,29,14),(251,31,19),(251,35,17),(251,41,19),(251,45,19),(251,48,4),(253,2,3),(253,10,3),(253,18,17),(253,19,5),(253,19,17),(253,22,18),(253,23,13),(253,24,17),(253,30,10),(253,30,17),(253,31,3),(253,32,10),(253,32,17),(253,34,3),(253,42,7),(253,43,18),(253,47,5),(253,53,7),(253,53,13),(253,54,2),(253,54,10),(253,57,3),(254,0,16),(254,5,9),(254,5,16),(254,19,9),(254,19,16),(254,31,19),(254,32,7),(254,37,17),(254,50,7),(254,54,19),(254,56,10),(257,0,16),(257,3,10),(257,7,17),(257,18,17),(257,24,16),(257,28,12),(257,36,10),(257,36,17),(257,41,5),(257,41,17),(257,45,3),(257,57,18),(257,57,20),(257,60,1),(257,60,3),(257,60,12),(260,2,8),(260,2,9),(260,25,10),(260,25,17),(260,29,16),(260,34,10),(260,34,17),(260,38,10),(260,41,19),(260,46,16),(260,50,19),(260,51,20),(260,52,8),(260,54,17),(261,17,2),(261,17,10),(261,17,17),(261,36,11),(261,39,10),(261,39,17),(261,48,20),(261,52,11),(261,52,20),(261,59,3),(261,59,5),(261,59,7),(261,59,9),(261,59,17),(261,61,17),(261,62,3),(261,62,7),(263,4,3),(263,10,10),(263,12,17),(263,12,19),(263,26,7),(263,26,8),(263,26,9),(263,27,11),(263,27,16),(263,29,9),(263,50,19),(263,53,3),(263,54,3),(263,54,5),(263,54,17),(263,57,16),(263,58,17),(263,58,19),(264,7,16),(264,15,16),(264,25,16),(264,31,10),(264,50,17),(264,59,3),(265,5,19),(265,10,16),(265,19,19),(265,22,19),(265,36,19),(265,40,5),(265,48,19),(265,50,10),(265,55,4),(265,56,4),(265,58,2),(266,1,17),(266,5,2),(266,5,17),(266,6,19),(266,10,3),(266,12,16),(267,0,3),(267,0,19),(267,13,17),(267,23,3),(267,28,16),(267,28,17),(267,39,3),(267,39,7),(267,42,1),(267,42,2),(267,42,6),(267,42,16),(267,48,16),(267,54,16),(268,3,16),(268,3,17),(268,5,20),(268,8,17),(268,15,3),(268,15,17),(268,15,20),(268,17,7),(268,19,3),(268,20,9),(268,27,5),(268,29,3),(268,34,9),(268,34,10),(268,35,9),(268,35,10),(268,41,9),(268,41,17),(268,45,17),(268,54,17),(268,55,5),(268,56,16),(268,59,17),(276,0,16),(277,3,1),(277,5,20),(278,0,8),(278,0,20),(278,6,4),(278,6,19),(278,9,8),(278,15,19),(278,19,19),(278,23,4),(278,32,8),(278,43,8),(278,48,2),(278,48,10),(278,48,17),(278,50,3),(279,11,19),(279,12,11),(280,6,2),(280,11,17),(280,12,17),(280,22,17),(280,37,3),(280,41,19),(280,42,17),(280,53,5),(280,58,16),(281,0,3),(281,0,7),(281,7,4),(281,7,7),(282,3,13),(282,6,19),(282,7,10),(282,9,19),(282,14,19),(282,19,10),(282,19,17),(282,34,14),(282,50,16),(282,54,14),(282,59,16),(285,4,7),(285,11,16),(285,19,17),(285,26,19),(285,27,17),(285,30,3),(285,34,19),(285,35,17),(285,41,19),(285,43,19),(285,51,16),(286,7,16),(286,10,4),(286,10,17),(286,11,10),(286,15,19),(286,17,10),(286,22,2),(286,22,10),(286,23,19),(286,26,10),(286,26,17),(286,28,19),(286,30,19),(286,34,10),(288,2,3),(288,9,17),(289,1,16),(289,13,1),(289,13,16),(290,2,17),(290,6,19),(290,13,3),(290,13,7),(291,14,5),(291,23,2),(291,29,16),(291,37,7),(291,40,7),(291,47,7),(292,1,1),(292,1,2),(292,1,7),(292,1,8),(292,1,9),(293,11,16),(293,16,17),(293,17,10),(293,21,3),(293,27,17),(293,35,3),(293,35,5),(293,35,17),(293,42,10),(293,42,17),(293,44,17),(294,18,7),(294,29,2),(294,29,9),(294,29,10),(294,48,9),(294,48,10),(294,48,20),(294,54,9),(294,54,10),(294,54,20),(294,59,9),(294,59,20),(294,61,20),(294,62,9),(295,6,19),(295,11,19),(295,14,17),(295,21,5),(295,22,3),(295,33,5),(295,36,19),(295,43,2),(297,45,6),(297,46,16),(297,48,2),(297,49,5),(297,54,13),(297,59,10),(297,61,4),(298,5,20),(301,1,16),(302,1,17),(302,19,2),(302,19,17),(302,26,2),(302,26,3),(302,26,4),(302,26,5),(302,30,3),(302,34,7),(302,41,9),(302,41,17),(302,41,18),(302,44,8),(302,44,10),(302,46,13),(302,49,10),(302,49,17),(302,53,9),(302,53,10),(302,60,2),(302,60,3),(302,61,3),(303,3,19),(303,5,17),(303,8,17),(303,17,17),(303,19,16),(303,27,17),(303,27,19),(303,29,16),(303,29,17),(303,31,17),(303,41,17),(303,49,19),(303,52,17),(304,0,1),(304,0,2),(305,2,2),(305,6,3),(305,8,10),(305,27,19),(305,33,10),(305,38,4),(305,40,17),(305,42,4),(305,55,4),(306,12,19),(306,20,17),(306,24,20),(306,31,17),(306,44,17),(306,51,17),(306,51,20),(306,52,16),(306,55,16),(307,7,17),(307,9,17),(307,12,18),(307,12,19),(307,17,17),(307,19,2),(307,20,16),(307,26,16),(307,27,16),(307,29,2),(307,41,2),(307,42,17),(307,43,2),(307,60,2),(307,62,10),(308,4,3),(308,4,17),(308,6,3),(308,9,3),(308,20,2),(308,20,10),(308,20,17),(308,24,16),(308,29,2),(308,29,3),(308,29,5),(308,29,17),(308,38,3),(308,38,5),(308,40,7),(308,42,3),(308,44,16),(308,52,3),(308,54,3),(308,55,7),(309,24,16),(309,34,17),(309,34,20),(309,36,16),(309,50,3),(309,50,10),(309,59,9),(309,62,7),(309,62,9),(309,63,3),(311,11,19),(311,47,17),(311,47,19),(311,53,20),(311,59,3),(311,61,7),(311,63,17),(312,7,13),(312,26,17),(312,27,17),(312,33,3),(312,38,17),(312,57,17),(313,14,10),(313,14,17),(313,21,17),(313,23,19),(313,24,10),(313,24,17),(313,38,20),(313,42,5),(313,54,4),(313,57,10),(313,57,17),(313,58,3),(313,58,5),(313,58,10),(313,58,16),(313,58,17),(314,3,17),(314,5,3),(314,23,3),(314,26,1),(314,42,3),(314,54,1),(314,56,3),(315,3,13),(315,7,1),(315,8,15),(315,8,16),(315,10,16),(315,20,17),(315,22,11),(315,28,11),(315,56,3),(315,58,16),(316,3,17),(316,4,17),(316,5,7),(316,15,3),(316,16,17),(316,24,16),(316,28,17),(316,33,19),(316,39,16),(316,45,13),(316,51,17),(317,5,10),(317,5,17),(317,6,17),(317,8,9),(317,8,17),(317,12,10),(317,24,4),(317,24,17),(317,26,10),(317,28,2),(317,33,7),(317,40,10),(317,50,4),(318,3,4),(318,6,18),(318,12,8),(318,20,10),(318,21,8),(318,28,10),(318,43,4),(318,45,4),(319,15,17),(319,24,1),(319,24,2),(319,24,17),(319,25,19),(319,30,17),(319,34,16),(319,36,17),(319,55,3),(320,5,1),(320,5,2),(320,5,19),(320,11,18),(320,11,19),(320,21,7),(320,21,9),(320,21,19),(320,25,4),(320,30,4),(320,30,5),(320,31,4),(320,31,5),(320,36,19),(320,40,2),(320,40,19),(320,45,2),(320,45,19),(320,61,19),(321,13,1),(321,13,2),(321,13,10),(321,13,11),(321,13,16),(321,13,17),(321,14,17),(321,15,16),(321,22,1),(321,22,2),(321,22,10),(321,25,8),(321,25,17),(321,30,16),(321,33,17),(321,43,17),(321,44,7),(321,44,17),(321,57,7),(321,57,17),(322,8,17),(322,16,17),(322,19,17),(322,19,19),(322,30,19),(322,35,3),(322,50,3),(322,59,17),(322,59,19),(323,12,17),(323,24,11),(323,33,17),(323,40,17),(323,44,17),(323,54,9),(323,56,17),(324,7,19),(324,18,16),(324,20,16),(324,37,16),(324,49,11),(324,49,17),(325,3,10),(325,3,17),(325,7,3),(325,7,5),(325,16,4),(325,16,17),(325,19,3),(325,19,4),(325,19,17),(325,27,7),(325,27,17),(325,28,10),(325,28,17),(325,29,2),(325,29,10),(325,31,3),(325,31,17),(325,37,3),(325,37,17),(325,38,10),(325,38,17),(325,41,2),(325,42,2),(325,45,16),(325,56,2),(325,59,19),(326,6,16),(326,14,19),(326,15,17),(326,17,10),(326,21,10),(326,27,16),(326,28,7),(326,32,7),(326,32,13),(326,36,3),(326,36,7),(326,37,17),(326,37,19),(326,45,19),(326,49,7),(326,59,19),(327,10,16),(327,17,3),(327,17,5),(327,25,16),(327,30,2),(327,30,17),(327,38,10),(327,39,10),(327,39,16),(327,50,3),(327,50,5),(327,54,16),(327,54,17),(328,2,19),(328,6,17),(328,9,17),(328,17,3),(328,18,3),(328,37,16),(328,50,11),(328,55,1),(328,59,17),(328,62,19),(329,1,20),(329,5,2),(329,5,10),(329,5,17),(329,11,19),(329,19,20),(329,25,16),(329,25,20),(329,28,19),(329,36,19),(329,37,16),(329,39,16),(329,40,9),(329,40,20),(329,43,3),(329,50,10),(329,52,5),(329,54,10),(329,54,17),(329,56,16),(330,0,2),(330,0,10),(330,0,16),(330,0,17),(330,14,1),(330,14,16),(330,14,17),(330,14,18),(330,23,16),(330,23,17),(330,25,3),(330,25,4),(330,25,7),(330,25,16),(330,25,17),(330,25,18),(330,27,5),(330,27,16),(330,27,17),(330,27,18),(330,31,16),(330,31,17),(330,31,18),(330,38,7),(330,38,17),(330,43,3),(330,43,5),(330,43,16),(330,43,17),(330,49,16),(330,49,17),(330,49,18),(330,50,16),(330,50,17),(330,54,3),(330,54,7),(330,54,16),(330,54,17),(330,57,16),(330,57,17),(331,1,17),(331,1,20),(331,7,7),(331,7,10),(331,7,17),(331,15,7),(331,15,17),(331,25,15),(331,25,20),(331,28,9),(331,28,10),(331,28,16),(331,34,10),(331,34,16),(331,38,8),(331,38,20),(331,41,7),(331,41,10),(331,46,7),(331,46,10),(331,48,1),(331,48,9),(331,48,16),(331,53,8),(331,53,14),(331,53,20),(331,55,3),(331,55,17),(331,62,2),(331,62,4),(331,62,8),(331,62,10),(331,62,16),(332,0,3),(332,0,17),(332,10,3),(332,10,17),(332,12,7),(332,12,17),(332,29,7),(332,29,17),(332,40,9),(332,43,14),(332,47,3),(332,47,17),(332,48,4),(332,48,10),(332,52,7),(332,52,10),(332,53,20),(332,60,3),(332,60,4),(332,62,20),(333,22,3),(333,23,19),(333,34,17),(333,40,16),(333,43,17),(333,49,17),(333,57,17),(334,0,10),(334,4,3),(334,7,3),(334,18,4),(334,32,10),(334,36,10),(334,49,16),(334,52,10),(334,53,7),(335,1,17),(335,2,2),(335,2,16),(335,2,17),(335,6,2),(335,6,16),(335,7,17),(335,8,19),(335,16,3),(335,26,2),(335,26,10),(335,26,20),(335,32,17),(335,36,3),(335,37,16),(335,43,3),(335,46,16),(335,48,10),(335,48,17),(336,24,10),(336,24,19),(336,34,11),(336,35,13),(336,35,14),(336,35,15),(336,51,11),(336,52,8),(336,52,19),(336,52,20),(337,0,17),(337,5,16),(337,5,17),(337,11,19),(337,21,17),(337,30,17),(337,42,17),(337,46,16),(337,54,16),(337,56,16),(337,56,17),(338,4,4),(338,6,6),(338,14,15),(338,18,17),(338,19,5),(338,25,17),(338,26,16),(338,27,10),(338,34,10),(338,53,15),(338,59,6),(339,7,7),(339,21,17),(339,29,5),(339,46,16),(340,5,16),(340,13,17),(340,15,3),(340,23,16),(340,32,16),(340,36,5),(340,38,17),(340,45,17),(340,46,3),(340,46,7),(340,53,7),(341,4,11),(341,4,17),(341,5,11),(341,5,17),(341,6,3),(341,8,11),(341,8,17),(341,9,11),(341,9,17),(341,11,11),(341,12,8),(341,12,14),(341,14,16),(341,14,17),(341,22,2),(341,22,17),(341,24,2),(341,36,17),(341,37,17),(341,50,16),(341,53,3),(342,3,20),(342,6,5),(342,12,3),(343,0,3),(343,0,5),(343,0,7),(343,0,9),(343,0,17),(344,3,17),(344,9,19),(344,13,3),(344,13,5),(344,34,16),(344,35,10),(344,35,17),(344,46,10),(344,49,3),(345,8,3),(345,8,17),(345,10,13),(345,21,3),(345,25,11),(345,26,10),(345,30,11),(345,43,13),(345,45,16),(345,51,11),(345,56,18),(345,58,13),(345,61,16),(346,7,7),(346,16,6),(346,24,7),(346,30,10),(346,32,3),(346,33,3),(346,36,12),(346,39,8),(346,53,16),(346,62,18),(347,6,1),(347,6,2),(347,6,5),(347,6,16),(347,6,17),(347,16,12),(347,16,17),(347,16,18),(347,18,1),(347,18,6),(347,18,12),(347,18,17),(347,18,18),(347,21,3),(347,21,4),(347,21,7),(347,21,16),(347,21,17),(347,24,3),(347,24,4),(347,24,7),(347,24,8),(347,24,9),(347,24,17),(347,36,1),(347,36,2),(347,36,5),(347,36,12),(347,36,16),(347,36,18),(347,40,1),(347,40,17),(347,59,1),(347,59,2),(347,59,3),(347,59,4),(347,59,12),(348,3,1),(348,3,2),(348,4,1),(348,4,2),(348,6,1),(348,6,2),(348,9,1),(348,9,2),(348,10,7),(348,10,8),(348,23,1),(348,23,2),(348,28,1),(348,28,2),(348,29,1),(348,44,6),(348,45,8),(348,53,18),(348,54,9),(349,8,7),(349,11,3),(349,22,1),(349,22,17),(368,2,2),(368,4,16),(368,6,20),(368,23,4),(368,30,20),(368,36,17),(368,38,16),(368,45,1),(368,51,5),(368,54,18),(371,3,17),(371,7,3),(371,21,17),(371,26,3),(371,31,17),(371,33,10),(371,46,17),(371,53,17),(376,0,17),(376,3,17),(376,4,19),(376,8,3),(376,8,5),(376,8,11),(376,8,17),(376,11,19),(376,24,2),(376,24,17),(376,28,20),(376,29,17),(376,38,2),(376,38,17),(376,39,3),(376,39,7),(376,52,16),(376,61,19),(379,0,2),(379,0,3),(379,0,8),(379,0,9),(379,0,17),(379,14,7),(379,14,8),(379,14,17),(379,16,3),(379,16,4),(379,16,7),(379,16,8),(379,16,9),(379,16,17),(379,17,8),(379,17,9),(379,17,14),(379,17,17),(379,19,3),(379,19,4),(379,19,5),(379,19,8),(379,19,17),(379,34,8),(379,34,9),(379,34,13),(379,34,17),(379,38,8),(379,38,9),(379,38,14),(379,38,15),(379,38,17),(379,38,19),(379,49,1),(379,49,2),(379,49,7),(379,49,16),(379,49,17),(379,49,18),(379,51,1),(379,51,3),(379,51,5),(379,51,9),(379,51,17),(379,51,18),(379,58,8),(379,58,10),(379,58,15),(379,58,17),(379,58,18),(379,60,8),(379,60,9),(379,60,15),(379,60,17),(379,60,18),(379,62,2),(379,62,3),(379,62,5),(379,62,16),(379,62,17),(379,63,7),(379,63,16),(379,63,17),(382,9,1),(382,9,10),(382,9,16),(382,14,10),(382,14,17),(382,28,3),(382,28,5),(382,28,7),(382,29,19),(382,32,4),(382,32,8),(382,32,17),(382,35,19),(382,38,3),(389,1,7),(389,11,18),(389,29,12),(389,30,17),(389,38,12),(389,40,17),(389,59,16),(391,0,19),(391,1,20),(391,23,2),(391,23,17),(391,29,10),(391,36,1),(391,36,10),(391,41,9),(391,42,10),(391,43,10),(391,51,17),(391,56,3),(391,56,5),(392,4,17),(392,6,5),(392,27,20),(392,36,19),(392,59,17),(399,15,5),(399,17,16),(399,18,16),(399,21,7),(399,25,17),(399,27,6),(399,31,11),(399,34,16),(399,35,10),(399,41,16),(399,50,8),(399,55,7),(399,59,9),(406,11,17),(406,14,19),(406,21,17),(406,25,19),(406,26,14),(406,29,2),(406,29,10),(406,31,4),(406,37,11),(406,38,16),(406,39,3),(406,39,5),(406,53,4),(406,57,4),(409,4,19),(409,8,16),(409,8,17),(409,21,8),(409,34,2),(409,41,2),(409,43,3),(409,44,10),(409,44,16),(409,46,2),(409,46,10),(409,51,16),(409,56,19),(411,6,4),(411,6,17),(411,7,7),(411,7,17),(411,24,2),(411,24,7),(411,24,17),(411,32,17),(411,33,3),(411,33,17),(411,37,2),(411,37,10),(411,37,17),(411,45,2),(411,45,10),(411,45,17),(411,46,6),(411,46,7),(411,46,10),(411,46,17),(420,12,3),(420,12,5),(420,16,3),(420,16,5),(420,25,3),(420,25,7),(420,25,9),(420,27,11),(420,27,17),(420,28,17),(420,28,18),(420,30,3),(420,30,7),(420,30,9),(420,33,3),(420,33,5),(420,36,10),(420,36,17),(420,39,5),(420,39,9),(420,42,11),(420,48,10),(431,3,20),(431,5,17),(431,6,20),(431,21,17),(431,23,17),(431,26,16),(431,26,17),(431,43,17),(431,44,17),(431,47,20),(431,55,17),(431,56,16),(431,56,17),(431,57,5),(431,58,3),(433,18,4),(433,19,4),(433,35,2),(433,38,16),(433,39,5),(433,43,2),(433,46,10),(433,48,2),(433,51,16),(433,59,5),(433,60,17),(433,61,17),(433,62,17),(438,5,2),(438,5,17),(438,6,5),(438,6,19),(438,7,17),(438,32,4),(438,32,5),(438,32,18),(438,39,16),(438,44,16),(438,44,19),(438,45,17),(438,48,4),(438,48,16),(449,13,19),(449,19,16),(449,19,17),(449,25,5),(449,25,8),(449,25,9),(449,25,17),(449,26,16),(449,26,17),(449,28,16),(449,28,17),(449,35,16),(449,35,17),(450,5,2),(450,15,20),(450,33,20),(450,34,20),(450,35,1),(450,56,20),(450,60,2),(452,8,16),(452,17,6),(452,18,10),(452,18,17),(452,23,19),(452,33,18),(452,33,19),(452,37,10),(452,46,10),(452,49,3),(452,51,2),(452,51,17),(452,55,19),(452,58,17),(452,59,17),(453,0,16),(457,7,8),(457,8,10),(457,15,7),(457,15,8),(457,27,20),(457,31,9),(457,32,16),(457,36,9),(457,38,9),(457,43,3),(457,49,8),(457,56,8),(457,56,9),(457,63,19),(498,5,16),(498,9,16),(498,15,16),(498,15,17),(498,26,10),(498,26,11),(498,26,16),(498,31,1),(498,31,10),(498,31,11),(498,31,16),(498,33,7),(498,33,17),(498,41,16),(498,41,18),(498,57,16),(607,2,17),(607,5,3),(607,5,5),(607,5,17),(607,21,7),(607,21,17),(607,35,7),(607,35,17),(607,42,7),(607,42,17),(607,51,7),(607,51,17),(607,54,17),(610,7,1),(610,7,2),(610,7,7),(610,7,17),(610,13,8),(610,27,4),(610,27,8),(610,33,3),(610,33,4),(610,33,7),(610,33,8),(610,34,8),(610,34,14),(610,38,8),(610,39,17),(610,52,3),(610,52,7),(610,58,8),(610,58,14),(610,59,2),(610,59,8),(610,60,8),(610,60,14),(611,4,20),(611,16,19),(611,16,20),(611,17,2),(611,17,10),(611,17,20),(611,23,9),(611,23,15),(611,23,16),(611,23,18),(611,32,3),(611,43,16),(611,61,3),(613,15,1),(613,15,2),(613,15,10),(613,17,20),(613,21,20),(613,22,20),(613,36,17),(613,37,1),(613,47,20),(613,52,3),(613,54,20),(613,62,17),(614,16,16),(624,8,3),(624,9,12),(624,17,1),(624,22,19),(624,24,1),(624,30,3),(624,30,4),(624,31,17),(624,32,20),(624,39,16),(624,39,20),(624,43,10),(624,44,17),(624,49,2),(624,49,10),(624,50,16),(635,7,16),(635,10,5),(636,1,11),(636,18,4),(636,18,8),(644,3,2),(644,14,4),(644,16,4),(644,20,16),(644,26,11),(644,26,19),(644,28,11),(644,30,20),(644,33,3),(644,43,4),(644,44,4),(644,53,16),(645,0,17),(645,8,17),(645,10,10),(645,24,17),(645,28,3),(645,35,16),(645,36,17),(645,54,17),(647,0,18),(647,0,20),(649,3,17),(649,15,9),(649,26,16),(649,30,16),(649,31,16),(649,36,9),(649,46,16),(649,47,17),(649,52,16),(649,54,7),(649,55,9);

UNLOCK TABLES;

/*Table structure for table `questions` */

DROP TABLE IF EXISTS `questions`;

CREATE TABLE `questions` (
  `id` int(11) NOT NULL AUTO_INCREMENT COMMENT 'Unique question identifier',
  `aid` int(11) NOT NULL DEFAULT '0' COMMENT 'Attribute id',
  `question` text NOT NULL COMMENT 'Question string',
  `condition` int(11) DEFAULT '0' COMMENT 'Ask question only if: 0=always, 1=only if size is reduced',
  PRIMARY KEY (`id`),
  KEY `IDX_questions_aid` (`aid`),
  CONSTRAINT `FK_questions_aid` FOREIGN KEY (`aid`) REFERENCES `attributes` (`id`)
) ENGINE=InnoDB AUTO_INCREMENT=21 DEFAULT CHARSET=latin1 ROW_FORMAT=DYNAMIC COMMENT='Additional questions';

/*Data for the table `questions` */

LOCK TABLES `questions` WRITE;

insert  into `questions`(`id`,`aid`,`question`,`condition`) values (1,1,'Lines or edges were broken',0),(2,1,'Lines or edges were distorted',0),(3,2,'People or faces were squeezed',0),(4,2,'People or faces were stretched',0),(5,2,'People or faces were deformed',0),(6,3,'Textures were distorted',0),(7,5,'Foreground objects were squeezed',0),(8,5,'Foreground objects were stretched',0),(9,5,'Foreground objects were deformed',0),(10,6,'Geometric structures were distorted',0),(11,7,'Symmetry was violated',0),(12,8,'Text was distorted',0),(13,9,'Animals were squeezed',0),(14,9,'Animals were stretched',0),(15,9,'Animals were deformed',0),(16,999,'Content was removed or cut-off',1),(17,999,'Proportions in the image were changed',0),(18,999,'Smooth image areas were destroyed or removed',0),(19,999,'Can\'t put my finger on it. The other result was simply more appealing',0),(20,999,'Other',0);

UNLOCK TABLES;

/*Table structure for table `results` */

DROP TABLE IF EXISTS `results`;

CREATE TABLE `results` (
  `id` int(11) NOT NULL DEFAULT '0' COMMENT 'Result id (within the dataset)',
  `did` int(11) NOT NULL DEFAULT '0' COMMENT 'Dataset id',
  `filename` varchar(64) NOT NULL DEFAULT '' COMMENT 'Result file name',
  `opid` int(11) NOT NULL DEFAULT '0' COMMENT 'Operator id',
  PRIMARY KEY (`id`,`did`),
  UNIQUE KEY `UNQ_results_id` (`id`,`did`),
  UNIQUE KEY `UNQ_results_opid` (`did`,`opid`),
  KEY `IDX_results_opid` (`opid`),
  CONSTRAINT `FK_results_did` FOREIGN KEY (`did`) REFERENCES `datasets` (`id`)
) ENGINE=InnoDB DEFAULT CHARSET=latin1 ROW_FORMAT=DYNAMIC COMMENT='Retargeted results';

/*Data for the table `results` */

LOCK TABLES `results` WRITE;

insert  into `results`(`id`,`did`,`filename`,`opid`) values (1,1,'ArtRoom_0.75_cr.png',1),(1,2,'BedRoom_0.75_cr.png',1),(1,3,'Brasserie_L_Aficion_0.50_cr.png',1),(1,4,'Canalhouse_0.50_cr.png',1),(1,5,'Canalhouse_0.75_cr.png',1),(1,6,'DKNYgirl_0.50_cr.png',1),(1,7,'DKNYgirl_1.50_sv.png',2),(1,8,'Deck_0.50_cr.png',1),(1,9,'Deck_1.25_sv.png',2),(1,10,'Fatem_0.75_cr.png',1),(1,11,'Heavenly_0.75_cr.png',1),(1,12,'JapenessHouse_0.50_cr.png',1),(1,13,'Johanneskirche_0.75_cr.png',1),(1,14,'LakeVillage_0.75_cr.png',1),(1,15,'Lotus_0.50_cr.png',1),(1,16,'Lotus_1.25_sv.png',2),(1,17,'Marblehead_Mass_0.50_cr.png',1),(1,18,'Perissa_Santorini_0.50_cr.png',1),(1,19,'Sanfrancisco_0.75_cr.png',1),(1,20,'SetAngle_0.50_cr.png',1),(1,21,'SetAngle_0.75_cr.png',1),(1,22,'Stuck_0.50_cr.png',1),(1,23,'Tempura_0.50_cr.png',1),(1,24,'Uelzecht_0.75_cr.png',1),(1,25,'Umdan_0.50_cr.png',1),(1,26,'Unazukin_0.75_cr.png',1),(1,27,'Woman_0.75_cr.png',1),(1,28,'battleship_0.75_cr.png',1),(1,29,'bicycle1_0.50_cr.png',1),(1,30,'bicycle2_0.75_cr.png',1),(1,31,'bike_0.75_cr.png',1),(1,32,'blueman_0.75_cr.png',1),(1,33,'brick_house_0.75_cr.png',1),(1,34,'buddha_0.75_cr.png',1),(1,35,'butterfly2_0.50_cr.png',1),(1,36,'butterfly_0.50_cr.png',1),(1,37,'butterfly_1.25_sv.png',2),(1,38,'car1_0.75_cr.png',1),(1,39,'car2_0.75_cr.png',1),(1,40,'car_0.75_cr.png',1),(1,41,'car_1.25_sv.png',2),(1,42,'cat_0.50_cr.png',1),(1,43,'child_0.75_cr.png',1),(1,44,'colosseum_0.50_cr.png',1),(1,45,'eagle_0.50_cr.png',1),(1,46,'face_0.75_cr.png',1),(1,47,'family_0.50_cr.png',1),(1,48,'family_1.25_sv.png',2),(1,49,'fish_0.50_cr.png',1),(1,50,'fish_0.75_cr.png',1),(1,51,'fishing_0.50_cr.png',1),(1,52,'foliage_0.75_cr.png',1),(1,53,'getty_0.75_cr.png',1),(1,54,'girls_0.75_cr.png',1),(1,55,'glasses_0.50_cr.png',1),(1,56,'greek_wine_0.50_cr.png',1),(1,57,'house_0.75_cr.png',1),(1,58,'housefence_0.50_cr.png',1),(1,59,'islands_1.25_sv.png',2),(1,60,'jon_0.50_cr.png',1),(1,61,'kids_0.75_cr.png',1),(1,62,'manga_0.75_cr.png',1),(1,63,'mnm_0.75_cr.png',1),(1,64,'mochizuki_0.75_cr.png',1),(1,65,'mochizuki_1.25_sv.png',2),(1,66,'money_0.75_cr.png',1),(1,67,'obama_0.75_cr.png',1),(1,68,'orchid_0.50_cr.png',1),(1,69,'osaka_0.75_cr.png',1),(1,70,'painting1_0.50_cr.png',1),(1,71,'painting2_0.75_cr.png',1),(1,72,'painting2_1.25_sv.png',2),(1,73,'pencils_0.75_cr.png',1),(1,74,'penguins_0.75_cr.png',1),(1,75,'pigeons_0.50_cr.png',1),(1,76,'soccer_1.25_sv.png',2),(1,77,'stair_0.50_cr.png',1),(1,78,'surfer_0.75_cr.png',1),(1,79,'surfer_1.25_sv.png',2),(1,80,'surfers_0.75_cr.png',1),(1,81,'tajmahal_0.50_cr.png',1),(1,82,'tiger_0.75_cr.png',1),(1,83,'tower_0.75_cr.png',1),(1,84,'trees_0.75_cr.png',1),(1,85,'twobirds_0.50_cr.png',1),(1,86,'venice_0.75_cr.png',1),(1,87,'volleyball_0.75_cr.png',1),(1,88,'waterfall_0.50_cr.png',1),(1,89,'wedding_0.75_cr.png',1),(1,90,'bells_0.75_cr.png',1),(1,91,'boat_0.50_cr.png',1),(1,92,'ski_0.50_cr.png',1),(2,1,'ArtRoom_0.75_sv.png',2),(2,2,'BedRoom_0.75_sv.png',2),(2,3,'Brasserie_L_Aficion_0.50_sv.png',2),(2,4,'Canalhouse_0.50_sv.png',2),(2,5,'Canalhouse_0.75_sv.png',2),(2,6,'DKNYgirl_0.50_sv.png',2),(2,7,'DKNYgirl_1.50_multiop.png',3),(2,8,'Deck_0.50_sv.png',2),(2,9,'Deck_1.25_multiop.png',3),(2,10,'Fatem_0.75_sv.png',2),(2,11,'Heavenly_0.75_sv.png',2),(2,12,'JapenessHouse_0.50_sv.png',2),(2,13,'Johanneskirche_0.75_sv.png',2),(2,14,'LakeVillage_0.75_sv.png',2),(2,15,'Lotus_0.50_sv.png',2),(2,16,'Lotus_1.25_multiop.png',3),(2,17,'Marblehead_Mass_0.50_sv.png',2),(2,18,'Perissa_Santorini_0.50_sv.png',2),(2,19,'Sanfrancisco_0.75_sv.png',2),(2,20,'SetAngle_0.50_sv.png',2),(2,21,'SetAngle_0.75_sv.png',2),(2,22,'Stuck_0.50_sv.png',2),(2,23,'Tempura_0.50_sv.png',2),(2,24,'Uelzecht_0.75_sv.png',2),(2,25,'Umdan_0.50_sv.png',2),(2,26,'Unazukin_0.75_sv.png',2),(2,27,'Woman_0.75_sv.png',2),(2,28,'battleship_0.75_sv.png',2),(2,29,'bicycle1_0.50_sv.png',2),(2,30,'bicycle2_0.75_sv.png',2),(2,31,'bike_0.75_sv.png',2),(2,32,'blueman_0.75_sv.png',2),(2,33,'brick_house_0.75_sv.png',2),(2,34,'buddha_0.75_sv.png',2),(2,35,'butterfly2_0.50_sv.png',2),(2,36,'butterfly_0.50_sv.png',2),(2,37,'butterfly_1.25_multiop.png',3),(2,38,'car1_0.75_sv.png',2),(2,39,'car2_0.75_sv.png',2),(2,40,'car_0.75_sv.png',2),(2,41,'car_1.25_sc.png',4),(2,42,'cat_0.50_sv.png',2),(2,43,'child_0.75_sv.png',2),(2,44,'colosseum_0.50_sv.png',2),(2,45,'eagle_0.50_sv.png',2),(2,46,'face_0.75_sv.png',2),(2,47,'family_0.50_sv.png',2),(2,48,'family_1.25_multiop.png',3),(2,49,'fish_0.50_sv.png',2),(2,50,'fish_0.75_sv.png',2),(2,51,'fishing_0.50_sv.png',2),(2,52,'foliage_0.75_sv.png',2),(2,53,'getty_0.75_sv.png',2),(2,54,'girls_0.75_sv.png',2),(2,55,'glasses_0.50_sv.png',2),(2,56,'greek_wine_0.50_sv.png',2),(2,57,'house_0.75_sv.png',2),(2,58,'housefence_0.50_sv.png',2),(2,59,'islands_1.25_multiop.png',3),(2,60,'jon_0.50_sv.png',2),(2,61,'kids_0.75_sv.png',2),(2,62,'manga_0.75_multiop.png',3),(2,63,'mnm_0.75_sv.png',2),(2,64,'mochizuki_0.75_sv.png',2),(2,65,'mochizuki_1.25_multiop.png',3),(2,66,'money_0.75_sv.png',2),(2,67,'obama_0.75_sv.png',2),(2,68,'orchid_0.50_sv.png',2),(2,69,'osaka_0.75_sv.png',2),(2,70,'painting1_0.50_sv.png',2),(2,71,'painting2_0.75_sv.png',2),(2,72,'painting2_1.25_sc.png',4),(2,73,'pencils_0.75_sv.png',2),(2,74,'penguins_0.75_sv.png',2),(2,75,'pigeons_0.50_sv.png',2),(2,76,'soccer_1.25_multiop.png',3),(2,77,'stair_0.50_sv.png',2),(2,78,'surfer_0.75_sv.png',2),(2,79,'surfer_1.25_sc.png',4),(2,80,'surfers_0.75_sv.png',2),(2,81,'tajmahal_0.50_sv.png',2),(2,82,'tiger_0.75_sv.png',2),(2,83,'tower_0.75_sv.png',2),(2,84,'trees_0.75_sv.png',2),(2,85,'twobirds_0.50_sv.png',2),(2,86,'venice_0.75_sv.png',2),(2,87,'volleyball_0.75_sv.png',2),(2,88,'waterfall_0.50_sv.png',2),(2,89,'wedding_0.75_sv.png',2),(2,90,'bells_0.75_sv.png',2),(2,91,'boat_0.50_sv.png',2),(2,92,'ski_0.50_sv.png',2),(3,1,'ArtRoom_0.75_multiop.png',3),(3,2,'BedRoom_0.75_multiop.png',3),(3,3,'Brasserie_L_Aficion_0.50_multiop.png',3),(3,4,'Canalhouse_0.50_multiop.png',3),(3,5,'Canalhouse_0.75_multiop.png',3),(3,6,'DKNYgirl_0.50_multiop.png',3),(3,7,'DKNYgirl_1.50_sc.png',4),(3,8,'Deck_0.50_multiop.png',3),(3,9,'Deck_1.25_sc.png',4),(3,10,'Fatem_0.75_multiop.png',3),(3,11,'Heavenly_0.75_multiop.png',3),(3,12,'JapenessHouse_0.50_multiop.png',3),(3,13,'Johanneskirche_0.75_multiop.png',3),(3,14,'LakeVillage_0.75_multiop.png',3),(3,15,'Lotus_0.50_multiop.png',3),(3,16,'Lotus_1.25_sc.png',4),(3,17,'Marblehead_Mass_0.50_multiop.png',3),(3,18,'Perissa_Santorini_0.50_multiop.png',3),(3,19,'Sanfrancisco_0.75_multiop.png',3),(3,20,'SetAngle_0.50_multiop.png',3),(3,21,'SetAngle_0.75_multiop.png',3),(3,22,'Stuck_0.50_multiop.png',3),(3,23,'Tempura_0.50_multiop.png',3),(3,24,'Uelzecht_0.75_multiop.png',3),(3,25,'Umdan_0.50_multiop.png',3),(3,26,'Unazukin_0.75_multiop.png',3),(3,27,'Woman_0.75_multiop.png',3),(3,28,'battleship_0.75_multiop.png',3),(3,29,'bicycle1_0.50_multiop.png',3),(3,30,'bicycle2_0.75_multiop.png',3),(3,31,'bike_0.75_multiop.png',3),(3,32,'blueman_0.75_sc.png',4),(3,33,'brick_house_0.75_multiop.png',3),(3,34,'buddha_0.75_multiop.png',3),(3,35,'butterfly2_0.50_multiop.png',3),(3,36,'butterfly_0.50_multiop.png',3),(3,37,'butterfly_1.25_sc.png',4),(3,38,'car1_0.75_multiop.png',3),(3,39,'car2_0.75_multiop.png',3),(3,40,'car_0.75_multiop.png',3),(3,41,'car_1.25_scl.png',5),(3,42,'cat_0.50_sc.png',4),(3,43,'child_0.75_multiop.png',3),(3,44,'colosseum_0.50_multiop.png',3),(3,45,'eagle_0.50_multiop.png',3),(3,46,'face_0.75_multiop.png',3),(3,47,'family_0.50_multiop.png',3),(3,48,'family_1.25_sc.png',4),(3,49,'fish_0.50_multiop.png',3),(3,50,'fish_0.75_multiop.png',3),(3,51,'fishing_0.50_multiop.png',3),(3,52,'foliage_0.75_multiop.png',3),(3,53,'getty_0.75_multiop.png',3),(3,54,'girls_0.75_multiop.png',3),(3,55,'glasses_0.50_multiop.png',3),(3,56,'greek_wine_0.50_multiop.png',3),(3,57,'house_0.75_multiop.png',3),(3,58,'housefence_0.50_sc.png',4),(3,59,'islands_1.25_sc.png',4),(3,60,'jon_0.50_multiop.png',3),(3,61,'kids_0.75_multiop.png',3),(3,62,'manga_0.75_sc.png',4),(3,63,'mnm_0.75_multiop.png',3),(3,64,'mochizuki_0.75_multiop.png',3),(3,65,'mochizuki_1.25_sc.png',4),(3,66,'money_0.75_sc.png',4),(3,67,'obama_0.75_multiop.png',3),(3,68,'orchid_0.50_multiop.png',3),(3,69,'osaka_0.75_multiop.png',3),(3,70,'painting1_0.50_multiop.png',3),(3,71,'painting2_0.75_multiop.png',3),(3,72,'painting2_1.25_scl.png',5),(3,73,'pencils_0.75_sc.png',4),(3,74,'penguins_0.75_multiop.png',3),(3,75,'pigeons_0.50_scl.png',5),(3,76,'soccer_1.25_sc.png',4),(3,77,'stair_0.50_multiop.png',3),(3,78,'surfer_0.75_multiop.png',3),(3,79,'surfer_1.25_scl.png',5),(3,80,'surfers_0.75_multiop.png',3),(3,81,'tajmahal_0.50_multiop.png',3),(3,82,'tiger_0.75_multiop.png',3),(3,83,'tower_0.75_multiop.png',3),(3,84,'trees_0.75_multiop.png',3),(3,85,'twobirds_0.50_multiop.png',3),(3,86,'venice_0.75_multiop.png',3),(3,87,'volleyball_0.75_multiop.png',3),(3,88,'waterfall_0.50_multiop.png',3),(3,89,'wedding_0.75_multiop.png',3),(3,90,'bells_0.75_multiop.png',3),(3,91,'boat_0.50_multiop.png',3),(3,92,'ski_0.50_multiop.png',3),(4,1,'ArtRoom_0.75_sc.png',4),(4,2,'BedRoom_0.75_sc.png',4),(4,3,'Brasserie_L_Aficion_0.50_sc.png',4),(4,4,'Canalhouse_0.50_sc.png',4),(4,5,'Canalhouse_0.75_sc.png',4),(4,6,'DKNYgirl_0.50_sc.png',4),(4,7,'DKNYgirl_1.50_scl.png',5),(4,8,'Deck_0.50_sc.png',4),(4,9,'Deck_1.25_scl.png',5),(4,10,'Fatem_0.75_sc.png',4),(4,11,'Heavenly_0.75_sc.png',4),(4,12,'JapenessHouse_0.50_sc.png',4),(4,13,'Johanneskirche_0.75_sc.png',4),(4,14,'LakeVillage_0.75_sc.png',4),(4,15,'Lotus_0.50_sc.png',4),(4,16,'Lotus_1.25_scl.png',5),(4,17,'Marblehead_Mass_0.50_sc.png',4),(4,18,'Perissa_Santorini_0.50_sc.png',4),(4,19,'Sanfrancisco_0.75_sc.png',4),(4,20,'SetAngle_0.50_sc.png',4),(4,21,'SetAngle_0.75_sc.png',4),(4,22,'Stuck_0.50_sc.png',4),(4,23,'Tempura_0.50_sc.png',4),(4,24,'Uelzecht_0.75_sc.png',4),(4,25,'Umdan_0.50_sc.png',4),(4,26,'Unazukin_0.75_sc.png',4),(4,27,'Woman_0.75_sc.png',4),(4,28,'battleship_0.75_sc.png',4),(4,29,'bicycle1_0.50_sc.png',4),(4,30,'bicycle2_0.75_sc.png',4),(4,31,'bike_0.75_sc.png',4),(4,32,'blueman_0.75_scl.png',5),(4,33,'brick_house_0.75_sc.png',4),(4,34,'buddha_0.75_sc.png',4),(4,35,'butterfly2_0.50_sc.png',4),(4,36,'butterfly_0.50_sc.png',4),(4,37,'butterfly_1.25_scl.png',5),(4,38,'car1_0.75_sc.png',4),(4,39,'car2_0.75_sc.png',4),(4,40,'car_0.75_sc.png',4),(4,41,'car_1.25_sm.jpg',6),(4,42,'cat_0.50_scl.png',5),(4,43,'child_0.75_sc.png',4),(4,44,'colosseum_0.50_sc.png',4),(4,45,'eagle_0.50_sc.png',4),(4,46,'face_0.75_sc.png',4),(4,47,'family_0.50_sc.png',4),(4,48,'family_1.25_scl.png',5),(4,49,'fish_0.50_sc.png',4),(4,50,'fish_0.75_sc.png',4),(4,51,'fishing_0.50_sc.png',4),(4,52,'foliage_0.75_sc.png',4),(4,53,'getty_0.75_sc.png',4),(4,54,'girls_0.75_sc.png',4),(4,55,'glasses_0.50_sc.png',4),(4,56,'greek_wine_0.50_sc.png',4),(4,57,'house_0.75_sc.png',4),(4,58,'housefence_0.50_scl.png',5),(4,59,'islands_1.25_scl.png',5),(4,60,'jon_0.50_sc.png',4),(4,61,'kids_0.75_sc.png',4),(4,62,'manga_0.75_scl.png',5),(4,63,'mnm_0.75_sc.png',4),(4,64,'mochizuki_0.75_sc.png',4),(4,65,'mochizuki_1.25_scl.png',5),(4,66,'money_0.75_scl.png',5),(4,67,'obama_0.75_sc.png',4),(4,68,'orchid_0.50_sc.png',4),(4,69,'osaka_0.75_sc.png',4),(4,70,'painting1_0.50_sc.png',4),(4,71,'painting2_0.75_sc.png',4),(4,72,'painting2_1.25_sm.jpg',6),(4,73,'pencils_0.75_scl.png',5),(4,74,'penguins_0.75_sc.png',4),(4,75,'pigeons_0.50_sm.png',6),(4,76,'soccer_1.25_scl.png',5),(4,77,'stair_0.50_sc.png',4),(4,78,'surfer_0.75_sc.png',4),(4,79,'surfer_1.25_sm.jpg',6),(4,80,'surfers_0.75_sc.png',4),(4,81,'tajmahal_0.50_sc.png',4),(4,82,'tiger_0.75_sc.png',4),(4,83,'tower_0.75_sc.png',4),(4,84,'trees_0.75_sc.png',4),(4,85,'twobirds_0.50_sc.png',4),(4,86,'venice_0.75_sc.png',4),(4,87,'volleyball_0.75_sc.png',4),(4,88,'waterfall_0.50_sc.png',4),(4,89,'wedding_0.75_sc.png',4),(4,90,'bells_0.75_sc.png',4),(4,91,'boat_0.50_sc.png',4),(4,92,'ski_0.50_sc.png',4),(5,1,'ArtRoom_0.75_scl.png',5),(5,2,'BedRoom_0.75_scl.png',5),(5,3,'Brasserie_L_Aficion_0.50_scl.png',5),(5,4,'Canalhouse_0.50_scl.png',5),(5,5,'Canalhouse_0.75_scl.png',5),(5,6,'DKNYgirl_0.50_scl.png',5),(5,7,'DKNYgirl_1.50_sm.jpg',6),(5,8,'Deck_0.50_scl.png',5),(5,9,'Deck_1.25_sm.jpg',6),(5,10,'Fatem_0.75_scl.png',5),(5,11,'Heavenly_0.75_scl.png',5),(5,12,'JapenessHouse_0.50_scl.png',5),(5,13,'Johanneskirche_0.75_scl.png',5),(5,14,'LakeVillage_0.75_scl.png',5),(5,15,'Lotus_0.50_scl.png',5),(5,16,'Lotus_1.25_sm.jpg',6),(5,17,'Marblehead_Mass_0.50_scl.png',5),(5,18,'Perissa_Santorini_0.50_scl.png',5),(5,19,'Sanfrancisco_0.75_scl.png',5),(5,20,'SetAngle_0.50_scl.png',5),(5,21,'SetAngle_0.75_scl.png',5),(5,22,'Stuck_0.50_scl.png',5),(5,23,'Tempura_0.50_scl.png',5),(5,24,'Uelzecht_0.75_scl.png',5),(5,25,'Umdan_0.50_scl.png',5),(5,26,'Unazukin_0.75_scl.png',5),(5,27,'Woman_0.75_scl.png',5),(5,28,'battleship_0.75_scl.png',5),(5,29,'bicycle1_0.50_scl.png',5),(5,30,'bicycle2_0.75_scl.png',5),(5,31,'bike_0.75_scl.png',5),(5,32,'blueman_0.75_sm.jpg',6),(5,33,'brick_house_0.75_scl.png',5),(5,34,'buddha_0.75_scl.png',5),(5,35,'butterfly2_0.50_scl.png',5),(5,36,'butterfly_0.50_scl.png',5),(5,37,'butterfly_1.25_sm.jpg',6),(5,38,'car1_0.75_scl.png',5),(5,39,'car2_0.75_scl.png',5),(5,40,'car_0.75_scl.png',5),(5,41,'car_1.25_sns.png',7),(5,42,'cat_0.50_sm.jpg',6),(5,43,'child_0.75_scl.png',5),(5,44,'colosseum_0.50_scl.png',5),(5,45,'eagle_0.50_scl.png',5),(5,46,'face_0.75_scl.png',5),(5,47,'family_0.50_scl.png',5),(5,48,'family_1.25_sm.jpg',6),(5,49,'fish_0.50_scl.png',5),(5,50,'fish_0.75_scl.png',5),(5,51,'fishing_0.50_scl.png',5),(5,52,'foliage_0.75_scl.png',5),(5,53,'getty_0.75_scl.png',5),(5,54,'girls_0.75_scl.png',5),(5,55,'glasses_0.50_scl.png',5),(5,56,'greek_wine_0.50_scl.png',5),(5,57,'house_0.75_scl.png',5),(5,58,'housefence_0.50_sm.png',6),(5,59,'islands_1.25_sm.jpg',6),(5,60,'jon_0.50_scl.png',5),(5,61,'kids_0.75_scl.png',5),(5,62,'manga_0.75_sm.jpg',6),(5,63,'mnm_0.75_scl.png',5),(5,64,'mochizuki_0.75_scl.png',5),(5,65,'mochizuki_1.25_sm.jpg',6),(5,66,'money_0.75_sm.jpg',6),(5,67,'obama_0.75_scl.png',5),(5,68,'orchid_0.50_scl.png',5),(5,69,'osaka_0.75_scl.png',5),(5,70,'painting1_0.50_scl.png',5),(5,71,'painting2_0.75_scl.png',5),(5,72,'painting2_1.25_sns.png',7),(5,73,'pencils_0.75_sm.jpg',6),(5,74,'penguins_0.75_scl.png',5),(5,75,'pigeons_0.50_warp.png',8),(5,76,'soccer_1.25_sm.jpg',6),(5,77,'stair_0.50_scl.png',5),(5,78,'surfer_0.75_scl.png',5),(5,79,'surfer_1.25_sns.png',7),(5,80,'surfers_0.75_scl.png',5),(5,81,'tajmahal_0.50_scl.png',5),(5,82,'tiger_0.75_scl.png',5),(5,83,'tower_0.75_scl.png',5),(5,84,'trees_0.75_scl.png',5),(5,85,'twobirds_0.50_scl.png',5),(5,86,'venice_0.75_scl.png',5),(5,87,'volleyball_0.75_scl.png',5),(5,88,'waterfall_0.50_scl.png',5),(5,89,'wedding_0.75_scl.png',5),(5,90,'bells_0.75_scl.png',5),(5,91,'boat_0.50_scl.png',5),(5,92,'ski_0.50_scl.png',5),(6,1,'ArtRoom_0.75_sm.jpg',6),(6,2,'BedRoom_0.75_sm.jpg',6),(6,3,'Brasserie_L_Aficion_0.50_sm.jpg',6),(6,4,'Canalhouse_0.50_sm.jpg',6),(6,5,'Canalhouse_0.75_sm.jpg',6),(6,6,'DKNYgirl_0.50_sm.jpg',6),(6,7,'DKNYgirl_1.50_sns.png',7),(6,8,'Deck_0.50_sm.jpg',6),(6,9,'Deck_1.25_sns.png',7),(6,10,'Fatem_0.75_sm.jpg',6),(6,11,'Heavenly_0.75_sm.jpg',6),(6,12,'JapenessHouse_0.50_sm.jpg',6),(6,13,'Johanneskirche_0.75_sm.jpg',6),(6,14,'LakeVillage_0.75_sm.jpg',6),(6,15,'Lotus_0.50_sm.jpg',6),(6,16,'Lotus_1.25_sns.png',7),(6,17,'Marblehead_Mass_0.50_sm.jpg',6),(6,18,'Perissa_Santorini_0.50_sm.jpg',6),(6,19,'Sanfrancisco_0.75_sm.jpg',6),(6,20,'SetAngle_0.50_sm.jpg',6),(6,21,'SetAngle_0.75_sm.jpg',6),(6,22,'Stuck_0.50_sm.jpg',6),(6,23,'Tempura_0.50_sm.jpg',6),(6,24,'Uelzecht_0.75_sm.jpg',6),(6,25,'Umdan_0.50_sm.jpg',6),(6,26,'Unazukin_0.75_sm.jpg',6),(6,27,'Woman_0.75_sm.jpg',6),(6,28,'battleship_0.75_sm.jpg',6),(6,29,'bicycle1_0.50_sm.jpg',6),(6,30,'bicycle2_0.75_sm.jpg',6),(6,31,'bike_0.75_sm.jpg',6),(6,32,'blueman_0.75_sns.png',7),(6,33,'brick_house_0.75_sm.jpg',6),(6,34,'buddha_0.75_sm.jpg',6),(6,35,'butterfly2_0.50_sm.jpg',6),(6,36,'butterfly_0.50_sm.jpg',6),(6,37,'butterfly_1.25_sns.png',7),(6,38,'car1_0.75_sm.jpg',6),(6,39,'car2_0.75_sm.jpg',6),(6,40,'car_0.75_sm.jpg',6),(6,41,'car_1.25_warp.png',8),(6,42,'cat_0.50_sns.png',7),(6,43,'child_0.75_sm.jpg',6),(6,44,'colosseum_0.50_sm.png',6),(6,45,'eagle_0.50_sm.jpg',6),(6,46,'face_0.75_sm.jpg',6),(6,47,'family_0.50_sm.jpg',6),(6,48,'family_1.25_sns.png',7),(6,49,'fish_0.50_sm.jpg',6),(6,50,'fish_0.75_sm.jpg',6),(6,51,'fishing_0.50_sm.jpg',6),(6,52,'foliage_0.75_sm.jpg',6),(6,53,'getty_0.75_sm.jpg',6),(6,54,'girls_0.75_sm.jpg',6),(6,55,'glasses_0.50_sm.jpg',6),(6,56,'greek_wine_0.50_sm.jpg',6),(6,57,'house_0.75_sns.png',7),(6,58,'housefence_0.50_warp.png',8),(6,59,'islands_1.25_sns.png',7),(6,60,'jon_0.50_sm.jpg',6),(6,61,'kids_0.75_sm.jpg',6),(6,62,'manga_0.75_sns.png',7),(6,63,'mnm_0.75_sm.jpg',6),(6,64,'mochizuki_0.75_sm.jpg',6),(6,65,'mochizuki_1.25_sns.png',7),(6,66,'money_0.75_sns.png',7),(6,67,'obama_0.75_sm.jpg',6),(6,68,'orchid_0.50_sm.jpg',6),(6,69,'osaka_0.75_sm.jpg',6),(6,70,'painting1_0.50_sm.jpg',6),(6,71,'painting2_0.75_sm.jpg',6),(6,72,'painting2_1.25_warp.png',8),(6,73,'pencils_0.75_sns.png',7),(6,74,'penguins_0.75_sm.jpg',6),(6,76,'soccer_1.25_sns.png',7),(6,77,'stair_0.50_sns.png',7),(6,78,'surfer_0.75_sm.jpg',6),(6,79,'surfer_1.25_warp.png',8),(6,80,'surfers_0.75_sm.jpg',6),(6,81,'tajmahal_0.50_sm.jpg',6),(6,82,'tiger_0.75_sm.jpg',6),(6,83,'tower_0.75_sm.jpg',6),(6,84,'trees_0.75_sm.jpg',6),(6,85,'twobirds_0.50_sm.png',6),(6,86,'venice_0.75_sm.jpg',6),(6,87,'volleyball_0.75_sm.jpg',6),(6,88,'waterfall_0.50_sm.jpg',6),(6,89,'wedding_0.75_sm.jpg',6),(6,90,'bells_0.75_warp.png',8),(6,91,'boat_0.50_warp.png',8),(6,92,'ski_0.50_warp.png',8),(7,1,'ArtRoom_0.75_sns.png',7),(7,2,'BedRoom_0.75_sns.png',7),(7,3,'Brasserie_L_Aficion_0.50_sns.png',7),(7,4,'Canalhouse_0.50_sns.png',7),(7,5,'Canalhouse_0.75_sns.png',7),(7,6,'DKNYgirl_0.50_sns.png',7),(7,7,'DKNYgirl_1.50_warp.png',8),(7,8,'Deck_0.50_sns.png',7),(7,9,'Deck_1.25_warp.png',8),(7,10,'Fatem_0.75_sns.png',7),(7,11,'Heavenly_0.75_sns.png',7),(7,12,'JapenessHouse_0.50_sns.png',7),(7,13,'Johanneskirche_0.75_sns.png',7),(7,14,'LakeVillage_0.75_sns.png',7),(7,15,'Lotus_0.50_sns.png',7),(7,16,'Lotus_1.25_warp.png',8),(7,17,'Marblehead_Mass_0.50_sns.png',7),(7,18,'Perissa_Santorini_0.50_sns.png',7),(7,19,'Sanfrancisco_0.75_sns.png',7),(7,20,'SetAngle_0.50_sns.png',7),(7,21,'SetAngle_0.75_sns.png',7),(7,22,'Stuck_0.50_sns.png',7),(7,23,'Tempura_0.50_sns.png',7),(7,24,'Uelzecht_0.75_sns.png',7),(7,25,'Umdan_0.50_sns.png',7),(7,26,'Unazukin_0.75_sns.png',7),(7,27,'Woman_0.75_sns.png',7),(7,28,'battleship_0.75_sns.png',7),(7,29,'bicycle1_0.50_sns.png',7),(7,30,'bicycle2_0.75_sns.png',7),(7,31,'bike_0.75_sns.png',7),(7,32,'blueman_0.75_warp.png',8),(7,33,'brick_house_0.75_sns.png',7),(7,34,'buddha_0.75_sns.png',7),(7,35,'butterfly2_0.50_sns.png',7),(7,36,'butterfly_0.50_sns.png',7),(7,37,'butterfly_1.25_warp.png',8),(7,38,'car1_0.75_sns.png',7),(7,39,'car2_0.75_sns.png',7),(7,40,'car_0.75_sns.png',7),(7,42,'cat_0.50_warp.png',8),(7,43,'child_0.75_sns.png',7),(7,44,'colosseum_0.50_warp.png',8),(7,45,'eagle_0.50_sns.png',7),(7,46,'face_0.75_sns.png',7),(7,47,'family_0.50_sns.png',7),(7,48,'family_1.25_warp.png',8),(7,49,'fish_0.50_sns.png',7),(7,50,'fish_0.75_sns.png',7),(7,51,'fishing_0.50_sns.png',7),(7,52,'foliage_0.75_sns.png',7),(7,53,'getty_0.75_sns.png',7),(7,54,'girls_0.75_sns.png',7),(7,55,'glasses_0.50_sns.png',7),(7,56,'greek_wine_0.50_sns.png',7),(7,57,'house_0.75_warp.png',8),(7,59,'islands_1.25_warp.png',8),(7,60,'jon_0.50_sns.png',7),(7,61,'kids_0.75_sns.png',7),(7,62,'manga_0.75_warp.png',8),(7,63,'mnm_0.75_sns.png',7),(7,64,'mochizuki_0.75_sns.png',7),(7,65,'mochizuki_1.25_warp.png',8),(7,66,'money_0.75_warp.png',8),(7,67,'obama_0.75_sns.png',7),(7,68,'orchid_0.50_sns.png',7),(7,69,'osaka_0.75_sns.png',7),(7,70,'painting1_0.50_sns.png',7),(7,71,'painting2_0.75_sns.png',7),(7,73,'pencils_0.75_warp.png',8),(7,74,'penguins_0.75_sns.png',7),(7,76,'soccer_1.25_warp.png',8),(7,77,'stair_0.50_warp.png',8),(7,78,'surfer_0.75_sns.png',7),(7,80,'surfers_0.75_sns.png',7),(7,81,'tajmahal_0.50_sns.png',7),(7,82,'tiger_0.75_sns.png',7),(7,83,'tower_0.75_sns.png',7),(7,84,'trees_0.75_sns.png',7),(7,85,'twobirds_0.50_warp.png',8),(7,86,'venice_0.75_sns.png',7),(7,87,'volleyball_0.75_sns.png',7),(7,88,'waterfall_0.50_sns.png',7),(7,89,'wedding_0.75_sns.png',7),(8,1,'ArtRoom_0.75_warp.png',8),(8,2,'BedRoom_0.75_warp.png',8),(8,3,'Brasserie_L_Aficion_0.50_warp.png',8),(8,4,'Canalhouse_0.50_warp.png',8),(8,5,'Canalhouse_0.75_warp.png',8),(8,6,'DKNYgirl_0.50_warp.png',8),(8,8,'Deck_0.50_warp.png',8),(8,10,'Fatem_0.75_warp.png',8),(8,11,'Heavenly_0.75_warp.png',8),(8,12,'JapenessHouse_0.50_warp.png',8),(8,13,'Johanneskirche_0.75_warp.png',8),(8,14,'LakeVillage_0.75_warp.png',8),(8,15,'Lotus_0.50_warp.png',8),(8,17,'Marblehead_Mass_0.50_warp.png',8),(8,18,'Perissa_Santorini_0.50_warp.png',8),(8,19,'Sanfrancisco_0.75_warp.png',8),(8,20,'SetAngle_0.50_warp.png',8),(8,21,'SetAngle_0.75_warp.png',8),(8,23,'Tempura_0.50_warp.png',8),(8,24,'Uelzecht_0.75_warp.png',8),(8,25,'Umdan_0.50_warp.png',8),(8,26,'Unazukin_0.75_warp.png',8),(8,27,'Woman_0.75_warp.png',8),(8,28,'battleship_0.75_warp.png',8),(8,29,'bicycle1_0.50_warp.png',8),(8,30,'bicycle2_0.75_warp.png',8),(8,31,'bike_0.75_warp.png',8),(8,33,'brick_house_0.75_warp.png',8),(8,34,'buddha_0.75_warp.png',8),(8,35,'butterfly2_0.50_warp.png',8),(8,36,'butterfly_0.50_warp.png',8),(8,38,'car1_0.75_warp.png',8),(8,39,'car2_0.75_warp.png',8),(8,40,'car_0.75_warp.png',8),(8,43,'child_0.75_warp.png',8),(8,45,'eagle_0.50_warp.png',8),(8,46,'face_0.75_warp.png',8),(8,47,'family_0.50_warp.png',8),(8,49,'fish_0.50_warp.png',8),(8,50,'fish_0.75_warp.png',8),(8,51,'fishing_0.50_warp.png',8),(8,52,'foliage_0.75_warp.png',8),(8,53,'getty_0.75_warp.png',8),(8,54,'girls_0.75_warp.png',8),(8,55,'glasses_0.50_warp.png',8),(8,56,'greek_wine_0.50_warp.png',8),(8,60,'jon_0.50_warp.png',8),(8,61,'kids_0.75_warp.png',8),(8,63,'mnm_0.75_warp.png',8),(8,64,'mochizuki_0.75_warp.png',8),(8,67,'obama_0.75_warp.png',8),(8,68,'orchid_0.50_warp.png',8),(8,69,'osaka_0.75_warp.png',8),(8,70,'painting1_0.50_warp.png',8),(8,71,'painting2_0.75_warp.png',8),(8,74,'penguins_0.75_warp.png',8),(8,78,'surfer_0.75_warp.png',8),(8,80,'surfers_0.75_warp.png',8),(8,81,'tajmahal_0.50_warp.png',8),(8,82,'tiger_0.75_warp.png',8),(8,83,'tower_0.75_warp.png',8),(8,84,'trees_0.75_warp.png',8),(8,86,'venice_0.75_warp.png',8),(8,87,'volleyball_0.75_warp.png',8),(8,88,'waterfall_0.50_warp.png',8),(8,89,'wedding_0.75_warp.png',8);

UNLOCK TABLES;

/*Table structure for table `sessions` */

DROP TABLE IF EXISTS `sessions`;

CREATE TABLE `sessions` (
  `id` int(11) NOT NULL AUTO_INCREMENT COMMENT 'Unique session identifier',
  `uuid` varchar(128) NOT NULL DEFAULT '' COMMENT 'Session uuid generated by PHP',
  `mode` int(11) DEFAULT NULL COMMENT 'Survey mode (0=random, 1=experiment)',
  `expid` int(11) DEFAULT NULL COMMENT 'Experiment id (if applicable)',
  `exptype` int(11) NOT NULL DEFAULT '0' COMMENT 'Experiment type (0=reference, 1=blind)',
  `user` int(11) NOT NULL DEFAULT '0' COMMENT 'User type (0=normal, 1=mturk)',
  `version` double NOT NULL DEFAULT '0' COMMENT 'Survey version',
  `started` datetime NOT NULL DEFAULT '0000-00-00 00:00:00' COMMENT 'The time this session started',
  `ended` datetime DEFAULT NULL COMMENT 'The time this session ended (NULL for partially completed session)',
  `ip` varchar(32) DEFAULT NULL COMMENT 'Client ip',
  `host` text COMMENT 'Client host (by reverse DNS lookup)',
  `agent` text COMMENT 'Client agent',
  `gender` int(11) NOT NULL DEFAULT '0' COMMENT 'User gender',
  `age` int(11) NOT NULL DEFAULT '0' COMMENT 'User age',
  `bkgrnd` int(11) NOT NULL DEFAULT '0' COMMENT 'User background in image processing',
  `comment` text COMMENT 'Any additional comment about this session',
  PRIMARY KEY (`id`),
  UNIQUE KEY `UNQ_sessions_uuid` (`uuid`),
  KEY `IDX_sessions_expid` (`expid`),
  KEY `IDX_sessions_mode` (`mode`)
) ENGINE=InnoDB AUTO_INCREMENT=650 DEFAULT CHARSET=latin1 ROW_FORMAT=DYNAMIC COMMENT='User session data';

/*Data for the table `sessions` */

LOCK TABLES `sessions` WRITE;

insert  into `sessions`(`id`,`uuid`,`mode`,`expid`,`exptype`,`user`,`version`,`started`,`ended`,`ip`,`host`,`agent`,`gender`,`age`,`bkgrnd`,`comment`) values (1,'ngi1rdqmkjp4mjlrfdccnvth71-1',0,NULL,0,0,2,'2009-09-23 00:34:58',NULL,'24.61.13.69',NULL,NULL,0,23,1,NULL),(2,'04ihmmopv3ju53jmojua7vecq0-1',0,NULL,0,0,2,'2009-09-23 04:59:55','2009-09-23 05:17:00','212.179.28.34',NULL,NULL,0,100,3,NULL),(3,'bkfdttes6ktllak8ns4p2k7202-1',0,NULL,0,0,2,'2009-09-23 15:35:22',NULL,'38.96.132.10',NULL,NULL,0,27,2,NULL),(4,'ci0q43mp2kitcmp14sb5kr3mv2-1',1,2,0,0,2,'2009-09-23 23:59:11','2009-09-24 00:17:46','24.61.13.69',NULL,NULL,1,30,0,NULL),(5,'ttr9qtjp22t7rco2193inqa5d2-1',0,NULL,0,0,2,'2009-09-24 18:39:28',NULL,'128.30.101.151',NULL,NULL,0,38,3,NULL),(6,'rgubf21oral0u0hg6dt27dccb5-1',1,3,0,0,2,'2009-09-25 10:04:18','2009-09-25 10:20:08','83.138.244.251',NULL,NULL,0,39,3,NULL),(7,'aq21e53qaon8oafiq49o56ksj6-1',0,NULL,0,0,2,'2009-09-25 12:13:28','2009-09-25 12:38:40','217.127.186.21',NULL,NULL,1,23,2,NULL),(8,'o2vv5n21fnm28vv8ccbtdjnbk7-1',1,4,0,0,2,'2009-09-26 10:30:06','2009-09-26 10:51:03','77.126.21.115',NULL,NULL,0,17,3,NULL),(9,'uo73j9mb3im0q81r24kkaetsk4-1',0,NULL,0,0,2,'2009-09-27 12:31:32','2009-09-27 12:40:37','38.96.132.10',NULL,NULL,0,99,2,NULL),(10,'3l462fq56damrhnlmf71bnrl10-1',0,NULL,0,0,2.1,'2009-09-27 15:57:43','2009-09-27 16:03:24','24.61.13.69','c-24-61-13-69.hsd1.ma.comcast.net','Mozilla/5.0 (Windows; U; Windows NT 5.1; en-US; rv:1.9.1.3) Gecko/20090824 Firefox/3.5.3 (.NET CLR 3.5.30729)',0,23,2,NULL),(11,'dqnlfvjlpcnq4r3icsncbkriv3-1',0,NULL,0,0,2.1,'2009-10-02 16:17:33','2009-10-02 16:32:19','89.138.120.122','89-138-120-122.bb.netvision.net.il','Mozilla/5.0 (Windows; U; Windows NT 5.1; en-US; rv:1.9.1.3) Gecko/20090824 Firefox/3.5.3',0,27,2,NULL),(12,'a7j938hm6kiklro3nkkhop4a33-1',1,5,0,0,2.1,'2009-10-07 15:51:47',NULL,'155.210.160.65','ibm.cps.unizar.es','Mozilla/5.0 (Windows; U; Windows NT 5.1; es-ES; rv:1.9.0.14) Gecko/2009082707 Firefox/3.0.14 (.NET CLR 3.5.30729)',1,29,1,NULL),(13,'8lkosqc1s241g2gd81nrvopue5-1',1,5,0,0,2.1,'2009-10-08 11:35:18','2009-10-08 12:09:03','155.210.233.190','155.210.233.190','Mozilla/5.0 (X11; U; Linux i686; es-ES; rv:1.9.1.3) Gecko/20090824 Firefox/3.5.3',0,33,0,NULL),(14,'k0aanq0q5g2c5s2uj3rpv4b8p3-1',1,6,0,0,2.1,'2009-10-08 13:21:45','2009-10-08 13:48:29','155.210.160.65','ibm.cps.unizar.es','Mozilla/5.0 (Windows; U; Windows NT 5.1; es-ES; rv:1.9.0.14) Gecko/2009082707 Firefox/3.0.14 (.NET CLR 3.5.30729)',1,29,1,NULL),(15,'a6166f89c4jpnveirhi4vs2rp3-1',1,7,0,0,2.1,'2009-10-09 05:16:09',NULL,'155.210.160.65','ibm.cps.unizar.es','Mozilla/5.0 (Windows; U; Windows NT 5.1; es-ES; rv:1.9.0.14) Gecko/2009082707 Firefox/3.0.14 (.NET CLR 3.5.30729)',1,29,0,NULL),(16,'7fqhfd0hsvjvtbjbkgph5eg8n7-1',1,7,0,0,2.1,'2009-10-22 20:30:55','2009-10-22 20:44:50','98.14.195.86','cpe-98-14-195-86.nyc.res.rr.com','Mozilla/5.0 (Windows; U; Windows NT 6.1; en-US; rv:1.9.1.3) Gecko/20090824 Firefox/3.5.3',0,29,2,NULL),(17,'ueks4jdbbvnm0chedd6qtd4hv7-1',1,8,0,0,2.1,'2009-10-23 07:21:17',NULL,'85.250.90.167','85-250-90-167.bb.netvision.net.il','Mozilla/5.0 (Windows; U; Windows NT 6.0; en-US; rv:1.9.1) Gecko/20090624 Firefox/3.5 (.NET CLR 3.5.30729)',0,41,3,NULL),(18,'og3duuq11ebed6h67t4occ9kh7-1',1,9,0,0,2.1,'2009-10-23 07:28:39','2009-10-23 07:49:28','132.67.14.217','pc-daniel.cs.tau.ac.il','Mozilla/5.0 (Windows; U; Windows NT 5.1; en-US; rv:1.9.0.4) Gecko/2008102920 Firefox/3.0.4',0,51,3,NULL),(19,'3o3jkgqv520oai2lmj0livcl46-1',1,10,0,0,2.1,'2009-10-23 07:50:13',NULL,'79.183.235.233','bzq-79-183-235-233.red.bezeqint.net','Mozilla/5.0 (Windows; U; Windows NT 6.0; en-US; rv:1.9.1.3) Gecko/20090824 Firefox/3.5.3 (.NET CLR 3.5.30729)',0,26,3,NULL),(20,'377cjsdu5k8roq4nnns5gt9e45-1',1,12,0,0,2.1,'2009-10-23 08:10:21',NULL,'86.51.114.110','86.51.114.110','Mozilla/5.0 (Windows; U; Windows NT 5.1; en-US; rv:1.9.1.3) Gecko/20090824 Firefox/3.5.3 (.NET CLR 3.5.30729)',0,33,2,NULL),(21,'l4fgv2avgk4tabfdouppenvmi3-1',1,11,0,0,2.1,'2009-10-23 08:07:49',NULL,'86.51.114.110','86.51.114.110','Mozilla/5.0 (Windows; U; Windows NT 6.1; zh-TW; rv:1.9.1.3) Gecko/20090824 Firefox/3.5.3 GTB5',0,30,2,NULL),(22,'uesq10hg9uv73so83ube171n51-1',1,8,0,0,2.1,'2009-10-23 05:18:17','2009-10-23 08:20:18','89.139.82.111','89-139-82-111.bb.netvision.net.il','Mozilla/4.0 (compatible; MSIE 7.0; Windows NT 5.1; InfoPath.2; .NET CLR 2.0.50727; .NET CLR 3.0.4506.2152; .NET CLR 3.5.30729)',0,40,3,NULL),(23,'d6mogcr3vkk99gqhst792t1122-1',1,13,0,0,2.1,'2009-10-23 08:37:48','2009-10-23 08:55:47','85.64.181.239','85.64.181.239.dynamic.barak-online.net','Mozilla/5.0 (Windows; U; Windows NT 6.0; en-US; rv:1.9.1.4) Gecko/20091007 Firefox/3.5.4 (.NET CLR 3.5.30729)',0,26,3,NULL),(24,'agfnrm6mu7425l96tech5044m2-1',1,14,0,0,2.1,'2009-10-23 09:01:21',NULL,'222.166.160.11','cm222-166-160-11.hkcable.com.hk','Mozilla/5.0 (Windows; U; Windows NT 6.1; en-US; rv:1.9.1.3) Gecko/20090824 Firefox/3.5.3 (.NET CLR 3.5.30729)',0,30,3,NULL),(25,'3fqrteal0ip2vat1lej6nfs7c3-1',1,16,0,0,2.1,'2009-10-23 09:40:58','2009-10-23 10:11:32','89.138.155.98','89-138-155-98.bb.netvision.net.il','Mozilla/5.0 (Windows; U; Windows NT 5.1; en-US; rv:1.9.1.4) Gecko/20091007 Firefox/3.5.4 (.NET CLR 4.0.20506)',0,25,2,NULL),(26,'k4ths8d3ut536fkfpub0aoo3c2-1',1,10,0,0,2.1,'2009-10-23 10:30:18','2009-10-23 11:07:25','84.111.8.235','bzq-84-111-8-235.red.bezeqint.net','Mozilla/4.0 (compatible; MSIE 6.0; Windows NT 5.1)',0,27,1,NULL),(27,'3pv68c7061fog7gqn2c3gcghs3-1',1,11,0,0,2.1,'2009-10-23 11:16:09','2009-10-23 11:31:15','155.210.234.72','155.210.234.72','Mozilla/5.0 (Windows; U; Windows NT 6.0; en-US) AppleWebKit/532.0 (KHTML, like Gecko) Chrome/3.0.195.27 Safari/532.0',0,23,2,NULL),(28,'cepkbo9nj4khe2h1eoc28u2re6-1',1,12,0,0,2.1,'2009-10-23 11:19:57','2009-10-23 11:47:57','217.127.186.21','21.Red-217-127-186.staticIP.rima-tde.net','Mozilla/5.0 (Windows; U; Windows NT 5.1; es-ES; rv:1.9.1.3) Gecko/20090824 Firefox/3.5.3 (.NET CLR 3.5.30729)',1,23,2,NULL),(29,'e2j4noai3k9omkn7ft5t127rd4-1',1,14,0,0,2.1,'2009-10-23 11:22:30','2009-10-23 11:52:17','155.210.160.65','ibm.cps.unizar.es','Mozilla/5.0 (Windows; U; Windows NT 5.1; es-ES; rv:1.9.0.14) Gecko/2009082707 Firefox/3.0.14 (.NET CLR 3.5.30729)',0,30,0,NULL),(30,'irgbu56jd1tqa9mvl4pjj0jkp3-1',1,17,0,0,2.1,'2009-10-23 11:41:33','2009-10-23 11:55:05','155.210.160.65','ibm.cps.unizar.es','Mozilla/5.0 (Macintosh; U; PPC Mac OS X Mach-O; en-US; rv:1.8.1.20) Gecko/20081217 Firefox/2.0.0.20',1,25,0,NULL),(31,'1uen4tje3ljt3ftgkifkgn5hv6-1',1,15,0,0,2.1,'2009-10-23 09:32:38',NULL,'82.80.131.85','bzq-82-80-131-85.dsl.bezeqint.net','Mozilla/5.0 (Windows; U; Windows NT 5.1; en-US; rv:1.9.1.3) Gecko/20090824 Firefox/3.5.3',0,30,3,NULL),(32,'1uen4tje3ljt3ftgkifkgn5hv6-2',1,15,0,0,2.1,'2009-10-23 11:41:00','2009-10-23 12:00:48','82.80.131.85','bzq-82-80-131-85.dsl.bezeqint.net','Mozilla/5.0 (Windows; U; Windows NT 5.1; en-US; rv:1.9.1.3) Gecko/20090824 Firefox/3.5.3',0,30,2,NULL),(33,'mljrps5hrdiodee8031qroalh0-1',1,19,0,0,2.1,'2009-10-23 12:03:31',NULL,'81.34.11.100','100.Red-81-34-11.dynamicIP.rima-tde.net','Mozilla/5.0 (Windows; U; Windows NT 6.0; en-US) AppleWebKit/532.0 (KHTML, like Gecko) Chrome/3.0.195.27 Safari/532.0',0,24,3,NULL),(34,'loj4ecosvd930heq4jnc05one1-1',1,18,0,0,2.1,'2009-10-23 11:48:00','2009-10-23 12:31:30','89.138.120.102','89-138-120-102.bb.netvision.net.il','Mozilla/5.0 (Windows; U; Windows NT 5.1; en-US) AppleWebKit/532.0 (KHTML, like Gecko) Chrome/3.0.195.27 Safari/532.0',1,65,0,NULL),(35,'66b3htvs4urlk12d8bckhdo210-1',1,21,0,0,2.1,'2009-10-23 12:22:38','2009-10-23 12:43:00','128.189.246.234','128.189.246.234','Mozilla/5.0 (Windows; U; Windows NT 5.1; en-US; rv:1.9.1.3) Gecko/20090824 Firefox/3.5.3',0,33,3,NULL),(36,'gs87q1dhh7rtrct986k9b2eqe2-1',1,22,0,0,2.1,'2009-10-23 12:29:53','2009-10-23 12:52:43','77.127.82.85','77.127.82.85','Mozilla/5.0 (Windows; U; Windows NT 6.1; en-US; rv:1.9.1.3) Gecko/20090824 Firefox/3.5.3',0,32,3,NULL),(37,'1ivn1uo6tuqrm9qv4b0tkqaqn3-1',1,20,0,0,2.1,'2009-10-23 12:09:15','2009-10-23 12:57:13','81.34.11.100','100.Red-81-34-11.dynamicIP.rima-tde.net','Mozilla/5.0 (Windows; U; Windows NT 6.0; es-ES; rv:1.9.1.2) Gecko/20090729 Firefox/3.5.2 (.NET CLR 3.5.30729)',0,24,3,NULL),(38,'fhns6ncorsd5jm32ce378dhku0-1',1,24,0,0,2.1,'2009-10-23 12:57:54','2009-10-23 13:08:56','192.150.4.10','192.150.4.10','Mozilla/5.0 (Macintosh; U; Intel Mac OS X 10.6; en-US; rv:1.9.1.3) Gecko/20090824 Firefox/3.5.3',0,32,3,NULL),(39,'g2gnme02i1u9me4mf5q7vm0sn3-1',1,25,0,0,2.1,'2009-10-23 13:06:15',NULL,'128.30.96.129','buddy.csail.mit.edu','Mozilla/5.0 (Macintosh; U; Intel Mac OS X 10.5; en-US; rv:1.9.0.14) Gecko/2009082706 Firefox/3.0.14',0,30,3,NULL),(40,'q19k9i2f9uv0qomob0adcesrb1-1',1,26,0,0,2.1,'2009-10-23 13:07:10','2009-10-23 13:16:35','128.30.100.232','gelato.csail.mit.edu','Mozilla/5.0 (X11; U; Linux x86_64; en-US; rv:1.9.0.14) Gecko/2009091008 Iceweasel/3.0.6 (Debian-3.0.6-3)',0,23,3,NULL),(41,'k762jrgi4tefbd415gckiqq6h1-1',1,27,0,0,2.1,'2009-10-23 13:11:54','2009-10-23 13:25:37','137.203.128.114','mumble128114.merl.com','Mozilla/5.0 (X11; U; Linux i686; en-US; rv:1.9.0.4) Gecko/2008111319 CentOS/3.0.4-1.el5.centos Firefox/3.0.4',0,33,3,NULL),(42,'6eicjgbnjgfbaca3iph9bbc8v3-1',1,28,0,0,2.1,'2009-10-23 13:36:13',NULL,'128.31.35.18','31-35-18.wireless.csail.mit.edu','Mozilla/5.0 (Macintosh; U; Intel Mac OS X 10.6; en-US; rv:1.9.1.3) Gecko/20090824 Firefox/3.5.3',0,25,3,NULL),(43,'dp84dlc4d81oeg7b9po70dirl7-1',1,19,0,0,2.1,'2009-10-23 15:22:37',NULL,'83.59.140.157','157.Red-83-59-140.dynamicIP.rima-tde.net','Mozilla/5.0 (Windows; U; Windows NT 6.0; es-ES; rv:1.9.0.14) Gecko/2009082707 Firefox/3.0.14 (.NET CLR 3.5.30729)',0,23,1,NULL),(44,'jif0t9ghsdcpdolnf2jb7hn9d4-1',1,23,0,0,2.1,'2009-10-23 15:25:21','2009-10-23 15:43:20','83.59.140.157','157.Red-83-59-140.dynamicIP.rima-tde.net','Mozilla/5.0 (Windows; U; Windows NT 6.0; es-ES; rv:1.9.0.14) Gecko/2009082707 Firefox/3.0.14 (.NET CLR 3.5.30729)',0,23,1,NULL),(45,'e72v0bore12mtfp022a6fagvn0-1',1,25,0,0,2.1,'2009-10-23 15:49:45','2009-10-23 16:13:38','18.95.7.71','SYDNEYPACIFIC-FIVE-EIGHTY-TWO.MIT.EDU','Mozilla/5.0 (Macintosh; U; Intel Mac OS X 10.5; en-US; rv:1.9.1.3) Gecko/20090824 Firefox/3.5.3',1,32,2,NULL),(46,'f16espb3stj3k77jrsj7odcpk7-1',1,28,0,0,2.1,'2009-10-23 16:31:56','2009-10-23 16:44:43','72.227.122.13','cpe-72-227-122-13.maine.res.rr.com','Mozilla/5.0 (Windows; U; Windows NT 5.1; en-US) AppleWebKit/532.0 (KHTML, like Gecko) Chrome/3.0.195.27 Safari/532.0',0,65,3,NULL),(47,'q5u25ta5c4uiihca92cpubnf13-1',1,29,0,0,2.1,'2009-10-23 17:05:16','2009-10-23 17:21:20','140.247.251.12','dhcp-0051717007-4c-60.client.fas.harvard.edu','Mozilla/5.0 (Windows; U; Windows NT 5.1; en-US) AppleWebKit/532.0 (KHTML, like Gecko) Chrome/3.0.195.27 Safari/532.0',0,35,3,NULL),(48,'du0q0fku5p37fg71c63sfdcqe4-1',1,30,0,0,2.1,'2009-10-23 17:16:09',NULL,'18.93.1.104','ALPERN.MIT.EDU','Mozilla/5.0 (Windows; U; Windows NT 5.1; en-US) AppleWebKit/532.0 (KHTML, like Gecko) Chrome/3.0.195.27 Safari/532.0',0,25,2,NULL),(49,'n32uvmbo53jfubf6snph2v15p0-1',1,19,0,0,2.1,'2009-10-23 18:39:58',NULL,'18.98.7.2','WESTGATE-FIVE-THIRTEEN.MIT.EDU','Mozilla/4.0 (compatible; MSIE 8.0; Windows NT 5.1; Trident/4.0; .NET CLR 1.1.4322; .NET CLR 2.0.50727; .NET CLR 3.0.04506.30; .NET CLR 3.0.04506.648; .NET CLR 3.0.4506.2152; .NET CLR 3.5.30729)',0,34,3,NULL),(50,'s8rhdjmf3tjcsdcnoqq1fpk9q7-1',1,30,0,0,2.1,'2009-10-23 20:37:39','2009-10-23 20:54:42','208.123.162.2','208-123-162-2.cust-nwp.nuvisions.net','Mozilla/5.0 (Windows; U; Windows NT 6.1; en-US; rv:1.9.1.3) Gecko/20090824 Firefox/3.5.3 (.NET CLR 3.5.30729)',0,34,3,NULL),(51,'pjrdkrmm423gtnq7n95hed5ib0-1',1,19,0,0,2.1,'2009-10-23 21:09:42','2009-10-23 21:28:01','79.179.72.235','bzq-79-179-72-235.red.bezeqint.net','Mozilla/5.0 (Windows; U; Windows NT 5.1; en-US) AppleWebKit/532.0 (KHTML, like Gecko) Chrome/3.0.195.27 Safari/532.0',0,25,0,NULL),(52,'t47eknkdqhfmdqhib33cfm7nj6-1',1,31,0,0,2.1,'2009-10-24 02:53:16',NULL,'79.176.130.171','bzq-79-176-130-171.red.bezeqint.net','Mozilla/4.0 (compatible; MSIE 7.0; Windows NT 5.1; GTB6; .NET CLR 1.1.4322; .NET CLR 2.0.50727; InfoPath.2; MS-RTC LM 8)',1,34,1,NULL),(53,'i10qks7o1b4j7o6j07ro8pimg1-1',1,32,0,0,2.1,'2009-10-24 02:53:44','2009-10-24 03:22:52','79.181.137.93','bzq-79-181-137-93.red.bezeqint.net','Mozilla/5.0 (X11; U; Linux i686; en-US) AppleWebKit/532.3 (KHTML, like Gecko) Chrome/4.0.223.5 Safari/532.3',0,23,2,NULL),(54,'ha0l4psee782bmuo8906t7ntq4-1',1,33,0,0,2.1,'2009-10-24 03:35:40',NULL,'93.173.105.154','93-173-105-154.bb.netvision.net.il','Mozilla/4.0 (compatible; MSIE 7.0; Windows NT 5.1; GTB6; .NET CLR 1.1.4322; .NET CLR 2.0.50727; .NET CLR 3.0.4506.2152; .NET CLR 3.5.30729)',1,26,1,NULL),(55,'lei5dkurv7vhpclrr21q7j24h7-1',1,34,0,0,2.1,'2009-10-24 03:37:29',NULL,'89.138.155.105','89-138-155-105.bb.netvision.net.il','Mozilla/4.0 (compatible; MSIE 7.0; Windows NT 5.1; .NET CLR 2.0.50727; .NET CLR 3.0.4506.2152; .NET CLR 3.5.30729)',0,30,3,NULL),(56,'u6das8s5lh6j0ktufklf2its21-1',1,35,0,0,2.1,'2009-10-24 03:55:54','2009-10-24 04:12:55','96.233.27.141','pool-96-233-27-141.bstnma.east.verizon.net','Mozilla/5.0 (Windows; U; Windows NT 5.1; en-US; rv:1.9.1.3) Gecko/20090824 Firefox/3.5.3 (.NET CLR 3.5.30729)',0,28,3,NULL),(57,'hoin5f04o537teka368s6a5rb4-1',1,36,0,0,2.1,'2009-10-24 04:43:33','2009-10-24 05:03:04','77.124.7.16','77.124.7.16','Mozilla/4.0 (compatible; MSIE 8.0; Windows NT 5.1; Trident/4.0; GTB6; InfoPath.2; .NET CLR 2.0.50727; .NET CLR 3.0.04506.648; .NET CLR 3.5.21022; .NET CLR 3.0.4506.2152; .NET CLR 3.5.30729; .NET CLR 1.1.4322; OfficeLiveConnector.1.4; OfficeLivePatch.1.3)',0,33,1,NULL),(58,'3gs228e6d91ti0b2tsdr5r0d21-1',1,31,0,0,2.1,'2009-10-24 08:21:37',NULL,'218.75.42.178','218.75.42.178','Opera/9.24 (Windows NT 5.1; U; en)',1,24,1,NULL),(59,'rrj7gff890t496i3t0vqmibeo2-1',1,31,0,0,2.1,'2009-10-24 10:39:07','2009-10-24 10:56:59','93.173.237.126','93-173-237-126.bb.netvision.net.il','Mozilla/4.0 (compatible; MSIE 7.0; Windows NT 6.0; SLCC1; .NET CLR 2.0.50727; .NET CLR 3.5.30729; .NET CLR 3.0.30618)',1,21,0,NULL),(60,'f2trimqraejn6ma52hsujhur20-1',1,33,0,0,2.1,'2009-10-24 12:37:51',NULL,'132.68.40.159','cggc10','Mozilla/5.0 (Windows; U; Windows NT 5.1; en-US) AppleWebKit/530.5 (KHTML, like Gecko) Chrome/2.0.172.39 Safari/530.5',0,23,1,NULL),(61,'g5vqs1862prspr79e9nkhetud0-1',1,34,0,0,2.1,'2009-10-24 20:21:47',NULL,'218.75.42.178','218.75.42.178','Mozilla/4.0 (compatible; MSIE 6.0; Windows NT 5.1; SV1; QQDownload 1.7; Mozilla/4.0 (compatible; MSIE 6.0; Windows NT 5.1; SV1) ; .NET CLR 2.0.50727; CIBA; .NET CLR 3.0.04506.648)',0,21,1,NULL),(62,'tdd6mds3enft7gnovs1c1iiof1-1',1,37,0,0,2.1,'2009-10-24 20:39:46',NULL,'218.75.42.178','218.75.42.178','Mozilla/4.0 (compatible; MSIE 6.0; Windows NT 5.1; SV1; .NET CLR 2.0.50727; .NET CLR 3.0.04506.30)',1,15,3,NULL),(63,'14dq7lof3jnnr76lrdcql1t0n3-1',1,38,0,0,2.1,'2009-10-24 21:38:21',NULL,'218.75.42.178','218.75.42.178','Mozilla/5.0 (Windows; U; Windows NT 5.1; en-US) AppleWebKit/532.0 (KHTML, like Gecko) Chrome/3.0.195.21 Safari/532.0',0,22,1,NULL),(64,'4bpcorn5ofqodfvk0u36laplm6-1',1,34,0,0,2.1,'2009-10-24 22:26:25',NULL,'115.152.85.152','115.152.85.152','Mozilla/4.0 (compatible; MSIE 7.0; Windows NT 5.1; .NET CLR 2.0.50727)',0,22,3,NULL),(65,'23obarsmmfi83h37corrmvunv5-1',1,33,0,0,2.1,'2009-10-25 00:02:19',NULL,'60.191.99.1','60.191.99.1','Mozilla/4.0 (compatible; MSIE 8.0; Windows NT 5.1; Trident/4.0; .NET CLR 2.0.50727; .NET CLR 3.0.04506.648; .NET CLR 3.5.21022)',0,20,1,NULL),(66,'7gmk8bdldcsrvq6lp9m9efhg06-1',1,33,0,0,2.1,'2009-10-25 02:41:43',NULL,'80.179.185.88','il-exchnage.aternity.com','Mozilla/4.0 (compatible; MSIE 7.0; Windows NT 6.0; WOW64; SLCC1; .NET CLR 2.0.50727; InfoPath.2; OfficeLiveConnector.1.3; OfficeLivePatch.0.0; .NET CLR 3.5.30729; .NET CLR 3.0.30618)',1,35,0,NULL),(67,'cfhv2rm03l7d1ep5vv4cf3k0m2-1',1,34,0,0,2.1,'2009-10-25 03:26:24',NULL,'218.75.42.178','218.75.42.178','Mozilla/4.0 (compatible; MSIE 6.0; Windows NT 5.1; SV1; GTB6; CIBA; .NET CLR 1.1.4322; .NET CLR 2.0.50727; .NET CLR 3.0.04506.648; .NET CLR 3.5.21022; 360SE)',0,26,3,NULL),(68,'3rvadjcikionquse2rjil5l140-1',1,38,0,0,2.1,'2009-10-25 04:24:40',NULL,'62.0.106.174','TLV62-0-106-174.bb.netvision.net.il','Mozilla/4.0 (compatible; MSIE 7.0; Windows NT 5.1; .NET CLR 1.1.4322; InfoPath.2; .NET CLR 2.0.50727; .NET CLR 3.0.4506.2152; .NET CLR 3.5.30729)',1,28,2,NULL),(69,'m1o7l9qogqf13dlljcnkkfcdq3-1',1,39,0,0,2.1,'2009-10-25 04:26:22','2009-10-25 04:44:06','62.0.106.174','TLV62-0-106-174.bb.netvision.net.il','Mozilla/5.0 (Windows; U; Windows NT 5.1; en-US; rv:1.9.1.3) Gecko/20090824 Firefox/3.5.3 (.NET CLR 3.5.30729)',1,28,2,NULL),(70,'8gjbokmccv37jur8ci4ddptoi2-1',1,34,0,0,2.1,'2009-10-25 05:42:59',NULL,'132.67.120.223','pc-daniel10.cs.tau.ac.il','Mozilla/4.0 (compatible; MSIE 7.0; Windows NT 5.1; .NET CLR 1.1.4322; InfoPath.1; .NET CLR 2.0.50727; .NET CLR 3.0.04506.30; .NET CLR 3.0.04506.648; OfficeLiveConnector.1.3; OfficeLivePatch.0.0; .NET CLR 3.0.4506.2152; .NET CLR 3.5.30729)',1,34,1,NULL),(71,'d7agbhc190obnqa2svhm2c47m4-1',1,33,0,0,2.1,'2009-10-25 05:29:33','2009-10-25 05:56:02','132.67.120.252','pc-daniel17.cs.tau.ac.il','Mozilla/5.0 (Windows; U; Windows NT 5.1; en-US; rv:1.9.1.3) Gecko/20090824 Firefox/3.5.3 (.NET CLR 3.5.30729)',0,28,3,NULL),(72,'nbhbkr772ev2du0olkbkrhds14-1',1,40,0,0,2.1,'2009-10-25 05:45:48','2009-10-25 06:09:54','132.67.120.223','pc-daniel10.cs.tau.ac.il','Mozilla/5.0 (Windows; U; Windows NT 5.1; en-US; rv:1.9.1.3) Gecko/20090824 Firefox/3.5.3',1,34,1,NULL),(73,'69a52sfl46ptjagrqv3143k1b2-1',1,37,0,0,2.1,'2009-10-25 05:54:18','2009-10-25 06:13:58','132.67.120.244','lap-daniel2.cs.tau.ac.il','Mozilla/5.0 (Windows; U; Windows NT 5.1; he; rv:1.9.1.3) Gecko/20090824 Firefox/3.5.3',0,28,2,NULL),(74,'avmopn1ccg00d3bmnnj0a29ce3-1',1,34,0,0,2.1,'2009-10-25 08:32:08','2009-10-25 08:43:06','132.67.120.219','pc-daniel20.cs.tau.ac.il','Mozilla/5.0 (Windows; U; Windows NT 5.1; en-US; rv:1.9.1.4) Gecko/20091016 Firefox/3.5.4 (.NET CLR 3.5.30729)',0,32,3,NULL),(75,'b2uu79p6774m2anktleectm123-1',1,38,0,0,2.1,'2009-10-25 09:04:22','2009-10-25 09:25:43','132.67.120.222','pc-daniel30.cs.tau.ac.il','Mozilla/5.0 (Windows; U; Windows NT 5.1; en-US; rv:1.9.0.10) Gecko/2009042316 Firefox/3.0.10 (.NET CLR 3.5.30729)',0,33,3,NULL),(76,'lpvgvcnallme8tsi6aji6img14-1',1,41,0,0,2.1,'2009-10-25 10:33:04','2009-10-25 10:49:52','66.65.99.185','cpe-66-65-99-185.nyc.res.rr.com','Mozilla/5.0 (Windows; U; Windows NT 5.1; en-US; rv:1.9.1.3) Gecko/20090824 Firefox/3.5.3',0,32,0,NULL),(77,'aqsd9p7tb1v2nbvv8rqa7d6vh7-1',1,42,0,0,2.1,'2009-10-25 10:47:04','2009-10-25 11:12:47','132.68.40.92','j-pc.cs.technion.ac.il','Mozilla/5.0 (Windows; U; Windows NT 6.1; zh-CN; rv:1.9.1.3) Gecko/20090824 Firefox/3.5.3 (.NET CLR 3.5.30729)',0,26,2,NULL),(78,'nb7dq1c7u6t5cf0roj9msm4us7-1',1,43,0,0,2.1,'2009-10-25 10:48:35','2009-10-25 11:19:11','79.178.108.134','bzq-79-178-108-134.red.bezeqint.net','Mozilla/5.0 (Windows; U; Windows NT 5.1; en-US; rv:1.9.1.3) Gecko/20090824 Firefox/3.5.3 (.NET CLR 3.5.30729)',1,21,0,NULL),(79,'3anq9kgg2ui3s4u10bo5df57s1-1',1,45,0,0,2.1,'2009-10-25 12:23:05','2009-10-25 12:47:47','85.64.146.80','85.64.146.80.dynamic.barak-online.net','Mozilla/5.0 (Windows; U; Windows NT 5.1; en-US) AppleWebKit/532.0 (KHTML, like Gecko) Chrome/3.0.195.27 Safari/532.0',0,35,2,NULL),(80,'o365bd044bt7gt4d6ff7tdun27-1',1,46,0,0,2.1,'2009-10-25 12:30:56','2009-10-25 13:07:17','93.172.78.155','93-172-78-155.bb.netvision.net.il','Mozilla/5.0 (Windows; U; Windows NT 5.1; en-US; rv:1.9.1.3) Gecko/20090824 Firefox/3.5.3 (.NET CLR 3.5.30729)',0,29,3,NULL),(81,'bof0tu2h8u9aojmj0nuora98v2-1',1,47,0,0,2.1,'2009-10-25 13:50:16',NULL,'217.132.34.135','DSL217-132-34-135.bb.netvision.net.il','Mozilla/5.0 (Windows; U; Windows NT 6.1; en-US; rv:1.9.1.3) Gecko/20090824 Firefox/3.5.3',0,34,1,NULL),(82,'cd2bgf82pj22m74qp1dj8mlcv7-1',1,44,0,0,2.1,'2009-10-25 13:48:52',NULL,'96.238.140.175','pool-96-238-140-175.syrcny.east.verizon.net','Mozilla/5.0 (Macintosh; U; Intel Mac OS X 10.6; en-US; rv:1.9.1.3) Gecko/20090824 Firefox/3.5.3',0,28,0,NULL),(83,'li7220s80gv7jobe99iokg3qa1-1',1,44,0,0,2.1,'2009-10-25 16:57:13','2009-10-25 17:11:43','89.138.174.119','89-138-174-119.bb.netvision.net.il','Mozilla/5.0 (Windows; U; Windows NT 6.0; en-US; rv:1.9.1.3) Gecko/20090824 Firefox/3.5.3 (.NET CLR 3.5.30729)',0,28,3,NULL),(84,'l902rrsua1kcne6qagmjb4i8j5-1',1,47,0,0,2.1,'2009-10-25 18:08:56','2009-10-25 18:28:39','128.139.226.36','proxy6-m.huji.ac.il','Mozilla/5.0 (Windows; U; Windows NT 5.1; en-US) AppleWebKit/532.0 (KHTML, like Gecko) Chrome/3.0.195.27 Safari/532.0',1,35,3,NULL),(85,'l902rrsua1kcne6qagmjb4i8j5-2',1,48,0,0,2.1,'2009-10-25 18:37:00','2009-10-25 18:51:23','128.139.226.36','proxy6-m.huji.ac.il','Mozilla/5.0 (Windows; U; Windows NT 5.1; en-US) AppleWebKit/532.0 (KHTML, like Gecko) Chrome/3.0.195.27 Safari/532.0',1,30,3,NULL),(86,'uubd3aoe51qtvo3t9nfnebiap5-1',1,49,0,0,2.1,'2009-10-25 20:27:41','2009-10-25 20:41:23','89.138.226.5','89-138-226-5.bb.netvision.net.il','Mozilla/5.0 (X11; U; Linux x86_64; en-US; rv:1.9.0.13) Gecko/2009082120 Iceweasel/3.0.6 (Debian-3.0.6-1)',0,31,3,NULL),(87,'rl4t60aubn0ktpksf40ejk3um6-1',1,50,0,0,2.1,'2009-10-26 02:45:16','2009-10-26 03:12:26','83.56.251.23','23.Red-83-56-251.dynamicIP.rima-tde.net','Mozilla/5.0 (Windows; U; Windows NT 5.1; en-US) AppleWebKit/532.0 (KHTML, like Gecko) Chrome/3.0.195.27 Safari/532.0',0,29,3,NULL),(88,'p5hhnjf8jj13u3j0k2sf5qeso1-1',1,44,0,0,2.1,'2009-10-25 10:56:36',NULL,'95.16.6.197','197.6.16.95.dynamic.jazztel.es','Mozilla/5.0 (X11; U; Linux i686; en-US; rv:1.9.0.14) Gecko/2009091913 Mandriva/1.9.0.14-0.1mdv2009.1 (2009.1) Firefox/3.0.14',0,31,3,NULL),(89,'p5hhnjf8jj13u3j0k2sf5qeso1-2',1,51,0,0,2.1,'2009-10-26 03:03:55','2009-10-26 03:14:50','95.16.6.197','197.6.16.95.dynamic.jazztel.es','Mozilla/5.0 (X11; U; Linux i686; en-US; rv:1.9.0.14) Gecko/2009091913 Mandriva/1.9.0.14-0.1mdv2009.1 (2009.1) Firefox/3.0.14',0,31,3,NULL),(90,'kt589pa59erkvru2pudi8q33a7-1',1,52,0,0,2.1,'2009-10-26 03:09:41','2009-10-26 03:37:11','128.139.226.37','proxy7-m.huji.ac.il','Mozilla/5.0 (X11; U; Linux i686; en-US; rv:1.9.0.1) Gecko/2008071618 Iceweasel/3.0.1 (Debian-3.0.1-1)',0,29,3,NULL),(91,'4sb129gqe1d4trb3qb55v10to2-1',1,54,0,0,2.1,'2009-10-26 03:55:02','2009-10-26 04:08:57','128.139.226.37','proxy7-m.huji.ac.il','Mozilla/5.0 (X11; U; Linux i686; en-US; rv:1.9.0.1) Gecko/2008071618 Iceweasel/3.0.1 (Debian-3.0.1-1)',0,32,3,NULL),(92,'66eprf3adtnpgri10a37d59990-1',1,53,0,0,2.1,'2009-10-26 03:51:10','2009-10-26 04:13:20','128.139.226.37','proxy7-m.huji.ac.il','Mozilla/5.0 (X11; U; Linux i686; en-US; rv:1.9.1.3) Gecko/20090824 Firefox/3.5.3',1,28,1,NULL),(93,'fpknbathahesu7v2rjlaop2nn4-1',1,55,0,0,2.1,'2009-10-26 04:05:36','2009-10-26 05:24:01','128.139.226.37','proxy7-m.huji.ac.il','Mozilla/5.0 (X11; U; Linux i686; en-US; rv:1.9.0.1) Gecko/2008071618 Iceweasel/3.0.1 (Debian-3.0.1-1)',0,32,3,NULL),(94,'qc1tr3bag4r4kk17qnfvmqgtl3-1',1,56,0,0,2.1,'2009-10-26 05:11:29','2009-10-26 05:26:30','155.210.155.203','aloysius.cps.unizar.es','Mozilla/5.0 (X11; U; Linux x86_64; es-ES; rv:1.9.0.14) Gecko/2009090217 Ubuntu/9.04 (jaunty) Firefox/3.0.14',0,29,3,NULL),(95,'73099af6sdkdg4vf61d6sk9k73-1',1,59,0,0,2.1,'2009-10-26 07:12:50','2009-10-26 07:38:17','80.179.185.88','il-exchnage.aternity.com','Mozilla/4.0 (compatible; MSIE 7.0; Windows NT 6.0; WOW64; SLCC1; .NET CLR 2.0.50727; InfoPath.2; OfficeLiveConnector.1.3; OfficeLivePatch.0.0; .NET CLR 3.5.30729; .NET CLR 3.0.30618)',1,35,0,NULL),(96,'tofi1voanp3vrrcuqkkf3j5dd6-1',1,60,0,0,2.1,'2009-10-26 07:15:11','2009-10-26 08:00:15','79.182.35.250','bzq-79-182-35-250.red.bezeqint.net','Mozilla/5.0 (Windows; U; Windows NT 5.1; he; rv:1.9.0.1) Gecko/2008070208 Firefox/3.0.1 (.NET CLR 3.5.30729)',0,29,2,NULL),(97,'a4qsqq3vedsr2pc7jfbilq7sh1-1',1,58,0,0,2.1,'2009-10-26 11:05:36',NULL,'85.64.25.25','85.64.25.25.dynamic.barak-online.net','Mozilla/5.0 (Windows; U; Windows NT 5.1; en-US; rv:1.9.1.3) Gecko/20090824 Firefox/3.5.3',0,31,2,NULL),(98,'s7gsk3adri2np6bcogon7qvh05-1',1,57,0,0,2.1,'2009-10-26 10:38:03','2009-10-26 11:11:47','192.118.48.248','192.118.48.248','Mozilla/5.0 (Windows; U; Windows NT 5.1; en-US; rv:1.9.1.3) Gecko/20090824 Firefox/3.5.3 (.NET CLR 3.5.30729)',0,28,3,NULL),(99,'69v2ig1lbd8ahs4qcig1kb2fb5-1',1,58,0,0,2.1,'2009-10-26 18:52:48',NULL,'88.27.181.54','54.Red-88-27-181.staticIP.rima-tde.net','Mozilla/4.0 (compatible; MSIE 7.0; Windows NT 6.0; SLCC1; .NET CLR 2.0.50727; Media Center PC 5.0; .NET CLR 1.1.4322; InfoPath.1; .NET CLR 3.5.30729; .NET CLR 3.0.30618)',1,26,0,NULL),(100,'52fv6m46affke3l3dhmqig4q04-1',1,61,0,0,2.1,'2009-10-26 19:01:28',NULL,'128.122.140.176','CSSTUPC80.CS.NYU.EDU','Mozilla/5.0 (Windows; U; Windows NT 5.1; en-US; rv:1.9.1.3) Gecko/20090824 Firefox/3.5.3 GTB5',0,31,2,NULL),(101,'oup3qnmkdf0nk5nm71jcl6mda5-1',1,62,0,0,2.1,'2009-10-26 19:02:46','2009-10-26 19:18:58','96.224.173.132','pool-96-224-173-132.nycmny.east.verizon.net','Mozilla/5.0 (Macintosh; U; Intel Mac OS X 10.6; en-US; rv:1.9.1.3) Gecko/20090824 Firefox/3.5.3',0,30,3,NULL),(102,'97moeriivkjkng0vg2b64tmjn1-1',1,65,0,0,2.1,'2009-10-26 19:38:33',NULL,'74.101.82.130','pool-74-101-82-130.nycmny.east.verizon.net','Mozilla/5.0 (Windows; U; Windows NT 6.0; en-US; rv:1.9.1.3) Gecko/20090824 Firefox/3.5.3 (.NET CLR 3.5.30729)',0,34,3,NULL),(103,'5lv4cdd4559bo53qebukbgq1l3-1',1,66,0,0,2.1,'2009-10-26 19:40:57','2009-10-26 20:16:19','172.26.51.135','172-26-51-135.DYNAPOOL.NYU.EDU','Mozilla/5.0 (X11; U; Linux x86_64; en-US; rv:1.9.1.3) Gecko/20090909 SUSE/3.5.3-3.2 Firefox/3.5.3',0,29,3,NULL),(104,'3jd17ou2b8k4kfhl5fspu754h0-1',1,67,0,0,2.1,'2009-10-26 19:47:44',NULL,'128.122.47.238','128-122-47-238.DYNAPOOL.NYU.EDU','Mozilla/5.0 (Macintosh; U; Intel Mac OS X 10_6_1; en-US) AppleWebKit/532.3 (KHTML, like Gecko) Chrome/4.0.224.0 Safari/532.3',0,25,3,NULL),(105,'fvlulvjtb9gv8pt5vahf8htie0-1',1,63,0,0,2.1,'2009-10-26 21:48:05',NULL,'128.114.69.153','dhcp-69-153.pmc.ucsc.edu','Mozilla/4.0 (compatible; MSIE 8.0; Windows NT 5.2; WOW64; Trident/4.0; .NET CLR 3.0.04506.30; .NET CLR 3.0.04506.648; .NET CLR 3.5.21022; .NET CLR 2.0.50727; .NET CLR 3.0.4506.2152; .NET CLR 3.5.30729)',0,34,0,NULL),(106,'d02a2pd9dbqjhiu68rsk3rrfk0-1',1,61,0,0,2.1,'2009-10-26 21:33:55','2009-10-26 22:02:19','71.207.119.15','c-71-207-119-15.hsd1.nj.comcast.net','Mozilla/5.0 (Macintosh; U; PPC Mac OS X 10_5_8; en-us) AppleWebKit/531.9 (KHTML, like Gecko) Version/4.0.3 Safari/531.9',0,32,2,NULL),(107,'tpg6s5cfoprdluedijgd3b8j93-1',1,64,0,0,2.1,'2009-10-26 21:50:29','2009-10-26 22:16:37','128.114.69.153','dhcp-69-153.pmc.ucsc.edu','Mozilla/5.0 (Windows; U; Windows NT 5.2; en-US; rv:1.9.1.3) Gecko/20090824 Firefox/3.5.3 (.NET CLR 3.5.30729)',0,34,0,NULL),(108,'n33m5fm5r7hugmuq732prj0bv5-1',1,58,0,0,2.1,'2009-10-26 21:04:04',NULL,'68.244.61.123','68-244-61-123.pools.spcsdns.net','Mozilla/5.0 (X11; U; Linux i686; en-US; rv:1.8.1.20) Gecko/20081217 Firefox/2.0.0.20',0,37,2,NULL),(109,'lacmmtoa5191mokd9of0dp5g00-1',1,65,0,0,2.1,'2009-10-26 22:09:22','2009-10-26 22:47:31','173.70.93.24','pool-173-70-93-24.nwrknj.fios.verizon.net','Mozilla/5.0 (X11; U; Linux i686; en-US; rv:1.9.0.14) Gecko/2009090216 Ubuntu/9.04 (jaunty) Firefox/3.0.14',0,49,3,NULL),(110,'fghnsbe40hqtvfs7jrl28ed9j5-1',1,58,0,0,2.1,'2009-10-26 23:58:39','2009-10-27 00:14:17','69.114.199.70','ool-4572c746.dyn.optonline.net','Mozilla/5.0 (Macintosh; U; Intel Mac OS X 10_5_8; en-us) AppleWebKit/531.9 (KHTML, like Gecko) Version/4.0.3 Safari/531.9',0,21,3,NULL),(111,'otjd4lpq09oopv3v4v6cmmplq0-1',1,63,0,0,2.1,'2009-10-27 05:05:17','2009-10-27 05:38:33','82.166.16.160','82-166-16-160.barak-online.net','Mozilla/5.0 (Windows; U; Windows NT 5.1; en-US; rv:1.9.1.3) Gecko/20090824 Firefox/3.5.3',0,30,3,NULL),(112,'uh5lm8mir7elo2gv3rro1tc8p2-1',1,67,0,0,2.1,'2009-10-27 11:51:35',NULL,'172.26.14.55','172-26-14-55.DYNAPOOL.NYU.EDU','Mozilla/5.0 (Windows; U; Windows NT 5.1; en-US; rv:1.9.1.3) Gecko/20090824 Firefox/3.5.3 (.NET CLR 3.5.30729)',0,26,2,NULL),(113,'jojq50fke8juejtumn7bp6uef5-1',1,69,0,0,2.1,'2009-10-27 12:30:50','2009-10-27 12:47:30','128.122.80.123','csdpc35.cs.nyu.edu','Mozilla/4.0 (compatible; MSIE 7.0; Windows NT 5.1; .NET CLR 2.0.50727; .NET CLR 3.0.04506.30; .NET CLR 3.0.04506.648; .NET CLR 3.0.4506.2152; .NET CLR 3.5.30729; InfoPath.1)',1,51,0,NULL),(114,'5mnl779hrdsnffdd0l5dk7d1f2-1',1,70,0,0,2.1,'2009-10-27 13:21:55','2009-10-27 13:38:50','128.122.80.37','cimspc10.cims.nyu.edu','Mozilla/4.0 (compatible; MSIE 6.0; Windows NT 5.1; SV1; InfoPath.2; .NET CLR 2.0.50727; .NET CLR 3.0.04506.30; .NET CLR 3.0.04506.648; .NET CLR 3.0.4506.2152; .NET CLR 3.5.30729)',1,55,0,NULL),(115,'5h331sslmdfd1t0aie4kcj5sg0-1',1,2,0,0,2.1,'2009-10-27 13:48:00','2009-10-27 14:05:08','128.122.80.146','cimspc17.cims.nyu.edu','Mozilla/5.0 (Windows; U; Windows NT 5.1; en-US; rv:1.8.1.12) Gecko/20080201 Firefox/2.0.0.12 (.NET CLR 3.5.30729)',1,26,2,NULL),(116,'i8sg7c6j78378gn7ieag7eo2i6-1',1,1,0,0,2.1,'2009-10-27 13:45:00','2009-10-27 14:23:40','128.122.80.178','cimspc39.cims.nyu.edu','Mozilla/5.0 (Windows; U; Windows NT 5.1; en-US; rv:1.8.1.12) Gecko/20080201 Firefox/2.0.0.12 (.NET CLR 3.5.30729)',1,30,0,NULL),(117,'84hoj6v31qorr03gi8tj3sg4b1-1',1,67,0,0,2.1,'2009-10-27 15:27:29','2009-10-27 15:45:22','128.122.47.47','IS.CS.NYU.EDU','Mozilla/5.0 (Macintosh; U; Intel Mac OS X 10.6; en-US; rv:1.9.1.3) Gecko/20090824 Firefox/3.5.3',0,27,2,NULL),(118,'koptto4k6o6lsgf3bdspu7tje1-1',1,68,0,0,2.1,'2009-10-27 15:31:10','2009-10-27 15:47:39','172.26.14.112','172-26-14-112.DYNAPOOL.NYU.EDU','Mozilla/5.0 (Windows; U; Windows NT 6.0; en-US) AppleWebKit/532.0 (KHTML, like Gecko) Chrome/3.0.195.27 Safari/532.0',0,32,3,NULL),(119,'uuu7i77v0i1iegat7jbs1diat4-1',1,3,0,0,2.1,'2009-10-27 17:15:06',NULL,'18.95.5.28','SYDNEYPACIFIC-TWENTY-EIGHT.MIT.EDU','Mozilla/5.0 (Macintosh; U; Intel Mac OS X 10.6; en-US; rv:1.9.1.3) Gecko/20090824 Firefox/3.5.3',0,23,1,NULL),(120,'9kfja2vgsn7csf3f2rt9bjohl4-1',1,4,0,0,2.1,'2009-10-27 18:09:09','2009-10-27 19:03:52','90.168.208.253','90.168.208.253','Mozilla/5.0 (Linux; U; Android 1.5; es-es; HTC Hero Build/CUPCAKE) AppleWebKit/528.5+ (KHTML, like Gecko) Version/3.1.2 Mobile Safari/525.20.1',1,26,0,NULL),(121,'uivqnup6vbqn5amoe4t0btinj2-1',1,3,0,0,2.1,'2009-10-28 04:51:51','2009-10-28 05:07:56','134.226.32.57','apex.cs.tcd.ie','Mozilla/5.0 (Windows; U; Windows NT 6.0; en-GB; rv:1.9.0.14) Gecko/2009082707 Firefox/3.0.14 (.NET CLR 3.5.30729)',1,26,1,NULL),(122,'e4h07soc06d49rmn1fn92r4t94-1',1,5,0,0,2.1,'2009-10-28 04:51:52','2009-10-28 05:10:04','134.226.32.57','apex.cs.tcd.ie','Mozilla/5.0 (Windows; U; Windows NT 6.0; en-US) AppleWebKit/532.0 (KHTML, like Gecko) Chrome/3.0.195.27 Safari/532.0',0,30,2,NULL),(123,'5bal093melipgms83edg0t9vu6-1',1,6,0,0,2.1,'2009-10-28 06:45:51',NULL,'134.226.32.57','apex.cs.tcd.ie','Mozilla/4.0 (compatible; MSIE 7.0; Windows NT 5.1; GTB6; .NET CLR 1.1.4322; .NET CLR 2.0.50727; .NET CLR 3.0.04506.30; InfoPath.2; .NET CLR 3.0.4506.2152; .NET CLR 3.5.30729)',1,30,3,NULL),(124,'nnnve6gf8rfd2g17t5rfsul8o7-1',1,7,0,0,2.1,'2009-10-28 06:51:09','2009-10-28 07:02:28','134.226.32.57','apex.cs.tcd.ie','Mozilla/5.0 (Windows; U; Windows NT 5.1; en-GB; rv:1.9.0.13) Gecko/2009073022 Firefox/3.0.13 (.NET CLR 3.5.30729)',1,30,3,NULL),(125,'420kjctc3li7174g9nduipksc3-1',1,6,0,0,2.1,'2009-10-28 09:36:47','2009-10-28 09:55:33','134.226.32.57','apex.cs.tcd.ie','Mozilla/5.0 (Windows; U; Windows NT 5.1; en-GB; rv:1.9.0.14) Gecko/2009082707 Firefox/3.0.14 (.NET CLR 3.5.30729)',1,29,3,NULL),(126,'3je09rjcso0c7pragnmsse6605-1',1,8,0,0,2.1,'2009-10-28 09:52:34','2009-10-28 10:13:03','134.226.32.57','apex.cs.tcd.ie','Mozilla/5.0 (Windows; U; Windows NT 5.1; en-GB; rv:1.9.1.3) Gecko/20090824 Firefox/3.5.3 (.NET CLR 3.5.30729)',0,26,2,NULL),(127,'rmtsc2etu0eerkbb7c3c5c8t62-1',1,9,0,0,2.1,'2009-10-28 17:05:01','2009-10-28 17:37:28','87.220.108.215','215.108.220.87.dynamic.jazztel.es','Mozilla/4.0 (compatible; MSIE 6.0; Windows NT 5.1; SV1; .NET CLR 1.0.3705; .NET CLR 1.1.4322; .NET CLR 2.0.50727; .NET CLR 3.0.4506.2152; .NET CLR 3.5.30729)',1,31,0,NULL),(128,'rmtsc2etu0eerkbb7c3c5c8t62-2',1,10,0,0,2.1,'2009-10-28 17:38:03','2009-10-28 18:03:18','87.220.108.215','215.108.220.87.dynamic.jazztel.es','Mozilla/4.0 (compatible; MSIE 6.0; Windows NT 5.1; SV1; .NET CLR 1.0.3705; .NET CLR 1.1.4322; .NET CLR 2.0.50727; .NET CLR 3.0.4506.2152; .NET CLR 3.5.30729)',0,33,0,NULL),(129,'j1ml8gjugv2i8o5orqjhh5vjg2-1',1,11,0,0,2.1,'2009-10-29 07:11:50','2009-10-29 07:36:53','155.210.160.65','ibm.cps.unizar.es','Mozilla/5.0 (Windows; U; Windows NT 5.1; es-ES; rv:1.9.0.14) Gecko/2009082707 Firefox/3.0.14 (.NET CLR 3.5.30729)',0,30,0,NULL),(130,'5v6944llqctgip0u6uqithreo5-1',1,12,0,0,2.1,'2009-10-29 15:41:15','2009-10-29 16:22:08','84.110.190.249','bzq-84-110-190-249.red.bezeqint.net','Mozilla/5.0 (X11; U; Linux i686; en-US; rv:1.9.1.3) Gecko/20090910 Ubuntu/9.04 (jaunty) Shiretoko/3.5.3',0,26,1,NULL),(131,'ikm10u7ml6p9rf8ik7qdpq4cc6-1',1,13,0,0,2.1,'2009-10-30 09:03:32',NULL,'93.172.52.146','93-172-52-146.bb.netvision.net.il','Mozilla/4.0 (compatible; MSIE 7.0; Windows NT 5.1; GTB6; .NET CLR 1.1.4322; .NET CLR 2.0.50727; .NET CLR 3.0.4506.2152; .NET CLR 3.5.30729)',1,26,1,NULL),(132,'2dg71f3fski7cdo34v8tmh4384-1',1,13,0,0,2.1,'2009-11-01 02:21:14',NULL,'89.139.8.178','89-139-8-178.bb.netvision.net.il','Mozilla/4.0 (compatible; MSIE 7.0; Windows NT 5.1; .NET CLR 1.1.4322; InfoPath.1; .NET CLR 2.0.50727; .NET CLR 3.0.4506.2152; .NET CLR 3.5.30729)',1,26,1,NULL),(133,'375u8nioa4u74st026eib6vht3-1',1,13,0,0,2.1,'2009-11-02 06:11:02',NULL,'212.179.28.34','bzq-179-28-34.static.bezeqint.net','Mozilla/4.0 (compatible; MSIE 7.0; Windows NT 5.1; .NET CLR 2.0.50727)',1,26,1,NULL),(134,'dt2k54675g01rp1i3glvonm0a0-1',1,13,0,0,2.1,'2009-11-05 16:00:36',NULL,'189.92.232.54','189-92-232-54.3g.claro.net.br','Mozilla/5.0 (Windows; U; Windows NT 6.0; pt-BR; rv:1.9.1.4) Gecko/20091016 Firefox/3.5.4 (.NET CLR 3.5.30729)',0,30,3,NULL),(135,'ljr9bgs58o13dde60lta6jg726-1',1,13,0,0,2.1,'2009-11-05 18:09:26','2009-11-05 18:24:57','79.179.62.172','bzq-79-179-62-172.red.bezeqint.net','Mozilla/5.0 (Windows; U; Windows NT 6.0; de; rv:1.9.0.15) Gecko/2009101601 Firefox/3.0.15 (.NET CLR 3.5.30729)',1,31,2,NULL),(136,'bemfcsmsha9og0h2pk55os82d5-1',1,14,0,0,2.1,'2009-11-09 07:31:47',NULL,'132.68.46.14','gotsman-lap.cs.technion.ac.il','Mozilla/4.0 (compatible; MSIE 7.0; Windows NT 6.0; SLCC1; .NET CLR 2.0.50727; Tablet PC 2.0; InfoPath.2; OfficeLiveConnector.1.4; OfficeLivePatch.0.0; .NET CLR 3.5.30729; .NET CLR 3.0.30618)',1,12,0,NULL),(137,'s24ssa8eo3vm2qn29q7kaq8or1-1',1,14,0,0,2.1,'2009-11-16 12:50:32','2009-11-16 13:01:06','128.30.6.108','30-6-108.wireless.csail.mit.edu','Mozilla/5.0 (Macintosh; U; Intel Mac OS X 10.6; en-US; rv:1.9.1.5) Gecko/20091102 Firefox/3.5.5',0,32,3,NULL),(138,'s24ssa8eo3vm2qn29q7kaq8or1-2',0,NULL,0,0,2.1,'2009-11-16 16:53:11','2009-11-16 17:02:06','128.30.6.108','30-6-108.wireless.csail.mit.edu','Mozilla/5.0 (Macintosh; U; Intel Mac OS X 10.6; en-US; rv:1.9.1.5) Gecko/20091102 Firefox/3.5.5',0,32,3,NULL),(139,'i7c5ftjnv9cu3golbk0t41tmt7-1',1,1,0,0,2,'2009-09-23 14:46:50','2009-09-23 15:08:55','128.122.47.229',NULL,NULL,1,28,3,NULL),(140,'i7c5ftjnv9cu3golbk0t41tmt7-2',0,NULL,0,0,2.1,'2009-10-12 10:23:01',NULL,'187.15.161.214','18715161214.user.veloxzone.com.br','Mozilla/5.0 (Windows; U; Windows NT 6.0; en-US; rv:1.9.0.14) Gecko/2009082707 Firefox/3.0.14 (.NET CLR 3.5.30729)',1,28,3,NULL),(141,'i7c5ftjnv9cu3golbk0t41tmt7-3',1,3,1,0,2.2,'2009-11-23 11:54:45','2009-11-23 12:13:33','128.122.47.224','128-122-47-224.DYNAPOOL.NYU.EDU','Mozilla/5.0 (Windows; U; Windows NT 6.0; en-US; rv:1.9.0.15) Gecko/2009101601 Firefox/3.0.15 (.NET CLR 3.5.30729)',1,28,3,NULL),(142,'6ehqoiqfrk7okhpphphheqlff3-1',1,1,1,0,2.2,'2009-11-24 05:42:03','2009-11-24 05:54:05','212.68.144.42','ntn-144-42.inter.net.il','Mozilla/5.0 (Windows; U; Windows NT 5.1; en-US) AppleWebKit/532.0 (KHTML, like Gecko) Chrome/3.0.195.33 Safari/532.0',0,43,3,NULL),(143,'1a1076eekr0mufbb9ql4md9c22-1',1,2,1,0,2.2,'2009-11-24 12:19:33','2009-11-24 12:38:14','79.157.43.79','79.Red-79-157-43.dynamicIP.rima-tde.net','Mozilla/5.0 (Windows; U; Windows NT 6.0; es-ES; rv:1.9.0.15) Gecko/2009101601 Firefox/3.0.15 (.NET CLR 3.5.30729)',0,23,1,NULL),(144,'51ru5p0h513ul1q5va0g5btch5-1',1,4,1,0,2.2,'2009-11-24 12:23:33','2009-11-24 12:42:10','155.210.235.11','155.210.235.11','Mozilla/5.0 (Windows; U; Windows NT 5.1; es-ES; rv:1.9.1.5) Gecko/20091102 Firefox/3.5.5 (.NET CLR 3.5.30729)',1,23,2,NULL),(145,'fqcen2riqk716gvk82o0ht76l2-1',1,6,1,0,2.2,'2009-11-24 12:34:08','2009-11-24 12:42:44','155.210.155.227','griene.cps.unizar.es','Mozilla/5.0 (Windows; U; Windows NT 5.1; en-US) AppleWebKit/532.0 (KHTML, like Gecko) Chrome/3.0.195.33 Safari/532.0',0,24,3,NULL),(146,'336in72h4b1p9codpjpnsik9k0-1',1,5,1,0,2.2,'2009-11-24 12:34:07','2009-11-24 12:56:01','155.210.155.219','hazel.cps.unizar.es','Mozilla/5.0 (Windows; U; Windows NT 5.1; en-US) AppleWebKit/532.0 (KHTML, like Gecko) Chrome/3.0.195.33 Safari/532.0',0,29,3,NULL),(147,'9dil6026d10rhbhg75ophgg5s6-1',1,7,1,0,2.2,'2009-11-24 14:27:07','2009-11-24 14:42:04','155.210.160.65','ibm.cps.unizar.es','Mozilla/5.0 (Windows; U; Windows NT 5.1; es-ES; rv:1.9.0.15) Gecko/2009101601 Firefox/3.0.15 (.NET CLR 3.5.30729)',1,29,1,NULL),(148,'jo6v3ehhevr8u3nb9kqtprg6q1-1',1,9,1,0,2.2,'2009-11-24 18:44:39','2009-11-24 18:51:37','87.222.130.63','63.130.222.87.dynamic.jazztel.es','Mozilla/5.0 (Windows; U; Windows NT 6.0; en-US) AppleWebKit/532.0 (KHTML, like Gecko) Chrome/3.0.195.33 Safari/532.0',0,23,3,NULL),(149,'rtt8skndju5kulfalbj5991ba3-1',1,8,1,0,2.2,'2009-11-24 17:11:11','2009-11-24 17:29:43','80.31.106.16','80.31.106.16','Mozilla/4.0 (compatible; MSIE 8.0; Windows NT 5.1; Trident/4.0; GTB6; .NET CLR 1.1.4322)',0,23,0,NULL),(150,'rtt8skndju5kulfalbj5991ba3-2',1,10,1,0,2.2,'2009-11-24 18:54:50','2009-11-24 19:11:58','80.31.106.16','80.31.106.16','Mozilla/4.0 (compatible; MSIE 8.0; Windows NT 5.1; Trident/4.0; GTB6; .NET CLR 1.1.4322)',1,56,0,NULL),(151,'02061sbngce7dtk525k6td98r3-1',1,11,1,0,2.2,'2009-11-25 13:14:25','2009-11-25 14:36:50','88.5.3.76','76.Red-88-5-3.dynamicIP.rima-tde.net','Mozilla/5.0 (Windows; U; Windows NT 5.1; es-ES; rv:1.9.1.5) Gecko/20091102 Firefox/3.5.5 (.NET CLR 3.5.30729)',1,22,2,NULL),(152,'ntch31qujti1cjaegitia3qa84-1',1,12,1,0,2.2,'2009-11-30 06:41:52','2009-11-30 06:49:26','155.210.155.223','lorelei.cps.unizar.es','Mozilla/5.0 (X11; U; Linux x86_64; en-US; rv:1.9.2b4) Gecko/20091128 Mandriva Linux/1.9.2-0.b4.1mdv2010.1 (2010.1) Firefox/3.6b4',0,31,3,NULL),(153,'o3s9oq5l5clbiu2p8mckhsea81-1',1,15,0,0,2.2,'2009-12-02 03:50:52',NULL,'155.210.85.31','155.210.85.31','Mozilla/4.0 (compatible; MSIE 8.0; Windows NT 6.1; Trident/4.0; SLCC2; .NET CLR 2.0.50727; .NET CLR 3.5.30729; .NET CLR 3.0.30729; Media Center PC 6.0; InfoPath.2; AskTB5.5)',0,25,2,NULL),(154,'nnl486ku8ig888dsudcu8gep80-1',1,16,0,0,2.2,'2009-12-02 03:51:23',NULL,'155.210.207.29','155.210.207.29','Mozilla/5.0 (Windows; U; Windows NT 5.1; es-ES; rv:1.9.1.5) Gecko/20091102 Firefox/3.5.5 (.NET CLR 3.5.30729)',1,27,1,NULL),(155,'j6o6mbfitkk6d16qh5d48pil87-1',1,20,0,0,2.2,'2009-12-02 04:03:26',NULL,'155.210.155.222','leda.cps.unizar.es','Mozilla/5.0 (Windows; U; Windows NT 5.1; en-GB; rv:1.9.1.5) Gecko/20091102 Firefox/3.5.5',0,27,0,NULL),(156,'9b79qkmsocr0kilfumnl6ej001-1',1,19,0,0,2.2,'2009-12-02 03:59:49',NULL,'77.231.140.5','77.231.140.5','Opera/9.80 (Windows NT 5.1; U; es-LA) Presto/2.2.15 Version/10.10',0,41,2,NULL),(157,'0q1b8i58t3hh6rgp3ggls1d4j6-1',1,23,0,0,2.2,'2009-12-02 04:28:42',NULL,'81.168.6.129','81.168.6.129','Mozilla/5.0 (Windows; U; Windows NT 5.1; en-GB; rv:1.9.0.15) Gecko/2009101601 Firefox/3.0.15 (.NET CLR 3.5.30729)',1,22,0,NULL),(158,'ppibb0g41til4a6vfcup8trd53-1',1,22,0,0,2.2,'2009-12-02 04:26:39','2009-12-02 04:45:39','155.210.152.62','155.210.152.62','Mozilla/5.0 (X11; U; Linux x86_64; es-ES; rv:1.9.0.14) Gecko/2009091008 Iceweasel/3.0.14 (Debian-3.0.14-1)',0,27,2,NULL),(159,'nigkc5q4gqjtbmmpjvateft9c6-1',1,24,0,0,2.2,'2009-12-02 04:34:39','2009-12-02 04:55:26','155.210.155.92','robot92.cps.unizar.es','Mozilla/5.0 (X11; U; Linux i686; es-ES; rv:1.8.1.13) Gecko/20080311 Firefox/3.0.3 (Debian-2.0.0.13-0etch1)',1,25,1,NULL),(160,'o5qagkcl3pk6m9kl9450ike3b6-1',1,27,0,0,2.2,'2009-12-02 05:09:00',NULL,'155.210.152.42','aranaza.cps.unizar.es','Mozilla/5.0 (Windows; U; Windows NT 5.1; es-ES; rv:1.9.0.15) Gecko/2009101601 Firefox/3.0.15 (.NET CLR 3.5.30729)',0,28,1,NULL),(161,'v5nps22fpe9qpdmvklg3p008s0-1',1,26,0,0,2.2,'2009-12-02 05:02:04','2009-12-02 05:14:01','155.210.155.113','medusa.cps.unizar.es','Mozilla/5.0 (X11; U; Linux i686; es-ES; rv:1.9.0.14) Gecko/2009091010 Iceweasel/3.0.14 (Debian-3.0.14-1)',0,28,3,NULL),(162,'r2kuho7qh5lnacimfmpfghue03-1',1,28,0,0,2.2,'2009-12-02 05:09:34','2009-12-02 05:30:22','155.210.155.32','robot32.cps.unizar.es','Mozilla/5.0 (Windows; U; Windows NT 5.1; en-US) AppleWebKit/532.0 (KHTML, like Gecko) Chrome/3.0.195.33 Safari/532.0',0,25,2,NULL),(163,'hn0rkc148j9r3bsfmn69k9jtu0-1',1,25,0,0,2.2,'2009-12-02 04:53:26','2009-12-02 05:54:23','80.58.205.46','46.Red-80-58-205.staticIP.rima-tde.net','Mozilla/5.0 (Windows; U; Windows NT 5.1; en-US) AppleWebKit/532.0 (KHTML, like Gecko) Chrome/3.0.195.33 Safari/532.0',0,23,2,NULL),(164,'knrfk4jahgrvlra0jurdbajvp3-1',1,29,0,0,2.2,'2009-12-02 05:18:14','2009-12-02 05:58:24','155.210.236.7','155.210.236.7','Mozilla/5.0 (Windows; U; Windows NT 5.1; es-ES; rv:1.9.0.15) Gecko/2009101601 Firefox/3.0.15 (.NET CLR 3.5.30729)',1,23,2,NULL),(165,'68i6q8s53b8epgam02jd9m0pa3-1',1,15,0,0,2.2,'2009-12-02 06:19:28',NULL,'89.155.125.81','a89-155-125-81.cpe.netcabo.pt','Mozilla/5.0 (X11; U; Linux i686; en-US; rv:1.9.0.15) Gecko/2009102815 Ubuntu/9.04 (jaunty) Firefox/3.0.15',0,30,2,NULL),(166,'5anbluddh2vsu9q4in2aj3dkf7-1',1,16,0,0,2.2,'2009-12-02 06:39:28',NULL,'81.45.196.99','99.Red-81-45-196.staticIP.rima-tde.net','Mozilla/4.0 (compatible; MSIE 8.0; Windows NT 5.1; Trident/4.0; GTB6.3)',1,25,0,NULL),(167,'5elji4uc68f5pqehmn8g411fc3-1',1,18,0,0,2.2,'2009-12-02 07:53:48',NULL,'85.91.83.141','xdg83141.xunta.es','Mozilla/5.0 (Windows; U; Windows NT 5.1; es-ES; rv:1.9.1.5) Gecko/20091102 Firefox/3.5.5 (.NET CLR 3.5.30729)',1,30,3,NULL),(168,'2c57gf4ockue7sr74p3kaq22k4-1',1,16,0,0,2.2,'2009-12-02 09:15:40',NULL,'80.27.102.133','80.27.102.133','Mozilla/5.0 (iPhone; U; CPU iPhone OS 3_1_2 like Mac OS X; es-es) AppleWebKit/528.18 (KHTML, like Gecko) Version/4.0 Mobile/7D11 Safari/528.16',0,32,2,NULL),(169,'g4c6tusm4di80hg9n3qhcmr5t5-1',1,19,0,0,2.2,'2009-12-02 09:17:58',NULL,'82.198.61.232','82.198.61.232.dyn.user.ono.com','Mozilla/5.0 (Windows; U; Windows NT 5.1; es-ES; rv:1.9.0.15) Gecko/2009101601 Firefox/3.0.15',0,25,2,NULL),(170,'9u7ms18atotilvpqrucmpv41r4-1',1,18,0,0,2.2,'2009-12-02 10:13:45','2009-12-02 10:27:29','137.222.103.51','hadar.cs.bris.ac.uk','Mozilla/5.0 (Windows; U; Windows NT 5.1; en-US; rv:1.9.1.5) Gecko/20091102 Firefox/3.5.5 (.NET CLR 3.5.30729)',0,26,3,NULL),(171,'ebtmhgc1t0eug9siui69ipvh80-1',1,23,0,0,2.2,'2009-12-02 10:35:02','2009-12-02 10:50:34','137.222.102.59','gizmo.cs.bris.ac.uk','Mozilla/5.0 (X11; U; Linux i686 (x86_64); en-GB; rv:1.9.0.6) Gecko/2009011912 Firefox/3.0.6',0,25,3,NULL),(172,'q7hr0kh8mbdffg40f6bhvaa3u3-1',1,27,0,0,2.2,'2009-12-02 10:38:18','2009-12-02 10:54:04','161.116.134.112','161.116.134.112','Mozilla/5.0 (Macintosh; U; Intel Mac OS X 10_5_8; en-us) AppleWebKit/531.9 (KHTML, like Gecko) Version/4.0.3 Safari/531.9',0,89,3,NULL),(173,'v9pn7j9o4mki5b4cvv53fdb3v4-1',1,30,0,0,2.2,'2009-12-02 10:44:13','2009-12-02 11:02:01','77.99.23.82','cpc2-hawk9-0-0-cust849.aztw.cable.virginmedia.com','Mozilla/5.0 (Macintosh; U; Intel Mac OS X 10_6_2; en-us) AppleWebKit/531.21.8 (KHTML, like Gecko) Version/4.0.4 Safari/531.21.10',0,41,3,NULL),(174,'n7jnko3egi1m2ashtg1s989v97-1',1,15,0,0,2.2,'2009-12-02 12:01:36',NULL,'77.230.143.141','static-141-143-230-77.ipcom.comunitel.net','Mozilla/5.0 (Windows; U; Windows NT 6.1; es-ES; rv:1.9.1.5) Gecko/20091102 Firefox/3.5.5',1,28,1,NULL),(175,'eksq4i0f6mj8b9jk1vfrkerih1-1',1,17,0,0,2.2,'2009-12-02 09:50:49',NULL,'155.210.155.59','rdp06.cps.unizar.es','Mozilla/5.0 (X11; U; Linux i686 (x86_64); en-US; rv:1.8.1.20) Gecko/20081217 Firefox/2.0.0.20',0,34,0,NULL),(176,'tgfl564dne64e7eh51bhvlmur1-1',1,17,0,0,2.2,'2009-12-02 13:05:48','2009-12-02 13:31:15','193.61.245.252','dept-fw.uclan.ac.uk','Mozilla/4.0 (compatible; MSIE 7.0; Windows NT 6.0; SLCC1; .NET CLR 2.0.50727; Media Center PC 5.0; Tablet PC 2.0; .NET CLR 3.5.30729; .NET CLR 3.0.30618)',0,37,3,NULL),(177,'isa6iq6saltgmbqfeci2m934h1-1',1,19,0,0,2.2,'2009-12-02 13:18:32','2009-12-02 13:40:28','155.210.233.170','155.210.233.170','Mozilla/5.0 (Windows; U; Windows NT 5.1; es-ES; rv:1.9.0.15) Gecko/2009101601 Firefox/3.0.15 (.NET CLR 3.5.30729)',1,29,1,NULL),(178,'esv178gkbg71niodtmppi7qsm4-1',1,15,0,0,2.2,'2009-12-02 14:44:10','2009-12-02 15:03:54','85.55.206.239','239.pool85-55-206.dynamic.orange.es','Mozilla/5.0 (X11; U; Linux x86_64; es-ES; rv:1.9.1.5) Gecko/20091109 Ubuntu/9.10 (karmic) Firefox/3.5.5 (.NET CLR 3.5.30729)',1,33,1,NULL),(179,'d0jd1r4jkuuj22s2k3pei7ftj6-1',1,16,0,0,2.2,'2009-12-02 15:03:44',NULL,'155.210.235.33','155.210.235.33','Mozilla/5.0 (Windows; U; Windows NT 5.1; es-ES; rv:1.9.0.15) Gecko/2009101601 Firefox/3.0.15 (.NET CLR 3.5.30729)',1,30,1,NULL),(180,'tehbariui1b1flv9if5lped6b4-1',1,20,0,0,2.2,'2009-12-02 16:18:09',NULL,'79.153.120.81','81.Red-79-153-120.dynamicIP.rima-tde.net','Mozilla/5.0 (Windows; U; Windows NT 6.0; en-US) AppleWebKit/532.0 (KHTML, like Gecko) Chrome/3.0.195.33 Safari/532.0',1,31,0,NULL),(181,'pokp8gm3jsok1cldtf4djid4m5-1',1,16,0,0,2.2,'2009-12-02 17:23:34','2009-12-02 17:45:33','217.127.186.21','21.Red-217-127-186.staticIP.rima-tde.net','Mozilla/5.0 (Windows; U; Windows NT 5.1; es-ES; rv:1.9.1.5) Gecko/20091102 Firefox/3.5.5 (.NET CLR 3.5.30729)',1,23,2,NULL),(182,'pokp8gm3jsok1cldtf4djid4m5-2',1,32,0,0,2.2,'2009-12-02 17:46:37','2009-12-02 18:03:41','217.127.186.21','21.Red-217-127-186.staticIP.rima-tde.net','Mozilla/5.0 (Windows; U; Windows NT 5.1; es-ES; rv:1.9.1.5) Gecko/20091102 Firefox/3.5.5 (.NET CLR 3.5.30729)',1,23,2,NULL),(183,'rpajbca4duearms8qiqsriv1l2-1',1,20,0,0,2.2,'2009-12-02 19:48:57',NULL,'218.173.4.111','218-173-4-111.dynamic.hinet.net','Mozilla/4.0 (compatible; MSIE 6.0; Windows NT 5.1; Foxy/1)',0,43,3,NULL),(184,'ealhvuu7qss3he52lvb8gq50c5-1',1,31,0,0,2.2,'2009-12-02 21:18:31','2009-12-02 21:34:13','140.116.246.20','invalid.csie.ncku.edu.tw','Mozilla/5.0 (Windows; U; Windows NT 6.1; en-US) AppleWebKit/532.0 (KHTML, like Gecko) Chrome/3.0.195.33 Safari/532.0',0,28,3,NULL),(185,'acdc3sm6ib7ie5cngc6qeeg246-1',1,33,0,0,2.2,'2009-12-03 06:11:56',NULL,'155.210.234.11','155.210.234.11','Mozilla/5.0 (Windows; U; Windows NT 5.1; es-ES; rv:1.9.0.15) Gecko/2009101601 Firefox/3.0.15',0,26,2,NULL),(186,'j9fnhke432su4o233em6g5q775-1',1,20,0,0,2.2,'2009-12-03 06:06:52','2009-12-03 06:41:46','155.210.152.20','daphne.cps.unizar.es','Mozilla/5.0 (X11; U; IRIX64 IP30; en-US; rv:1.8.1.14) Gecko/20080416 Firefox/2.0.0.14',0,43,3,NULL),(187,'mllra3qeq18ee705ahm9g62sd5-1',1,34,0,0,2.2,'2009-12-03 07:06:12','2009-12-03 07:31:09','155.210.155.225','etain.cps.unizar.es','Mozilla/5.0 (Windows; U; Windows NT 5.1; es-ES; rv:1.8.1.8) Gecko/20071008 Firefox/2.0.0.8 (.NET CLR 3.5.30729)',1,25,1,NULL),(188,'i541qrroi4qp7184vpcm4u3b86-1',1,33,0,0,2.2,'2009-12-03 09:16:38',NULL,'84.124.83.4','84.124.83.4.static.user.ono.com','Mozilla/5.0 (Macintosh; U; Intel Mac OS X 10.5; es-ES; rv:1.9.1.5) Gecko/20091102 Firefox/3.5.5',0,35,3,NULL),(189,'kq5lucdqtkgs9chiklo5jhctf2-1',1,35,0,0,2.2,'2009-12-03 09:44:45',NULL,'124.8.129.115','124-8-129-115.dynamic.tfn.net.tw','Mozilla/4.0 (compatible; MSIE 8.0; Windows NT 5.1; Trident/4.0; KKman3.0; .NET CLR 1.1.4322; .NET CLR 2.0.50727; .NET CLR 3.0.04506.30; .NET CLR 3.0.04506.648; InfoPath.1; .NET CLR 3.0.4506.2152; .NET CLR 3.5.30729)',0,28,3,NULL),(190,'m9gbocb35u1o930b671sn41ht2-1',1,36,0,0,2.2,'2009-12-03 10:05:28','2009-12-03 10:20:11','155.210.152.31','ramon.cps.unizar.es','Mozilla/5.0 (X11; U; Linux i686; en-US; rv:1.9.1.5) Gecko/20091109 Ubuntu/9.10 (karmic) Firefox/3.5.5',0,33,1,NULL),(191,'pne34ukdsotuhh3m4bjk169016-1',1,33,0,0,2.2,'2009-12-03 15:08:00',NULL,'85.251.76.203','85.251.76.203.dyn.user.ono.com','Mozilla/5.0 (Windows; U; Windows NT 5.1; en-US) AppleWebKit/532.0 (KHTML, like Gecko) Chrome/3.0.195.33 Safari/532.0',0,33,2,NULL),(192,'1p63l7afhl3v0aaldkl4lnck82-1',1,33,0,0,2.2,'2009-12-04 06:41:47','2009-12-04 06:57:15','87.196.53.50','87.196.53.50','Mozilla/5.0 (Windows; U; Windows NT 6.0; pt-PT; rv:1.9.1.5) Gecko/20091102 Firefox/3.5.5 (.NET CLR 3.5.30729)',0,26,2,NULL),(193,'if4mr6v2nrqpb7q0visbiv5bs4-1',1,35,0,0,2.2,'2009-12-04 11:30:53','2009-12-04 11:48:45','155.210.152.120','amon.cps.unizar.es','Mozilla/5.0 (X11; U; Linux i686; en-US; rv:1.9.1.5) Gecko/20091109 Ubuntu/9.10 (karmic) Firefox/3.5.5',0,42,1,NULL),(194,'c7p4qr51cnrn9t4sna2tabv7d2-1',1,40,0,0,2.2,'2009-12-04 12:35:57',NULL,'18.238.7.20','EASTCAMPUS-ONE-O-TWO-HUNDRED-EIGHTY-SEVEN.MIT.EDU','Mozilla/5.0 (Macintosh; U; Intel Mac OS X 10.4; en-US; rv:1.9.1.5) Gecko/20091102 Firefox/3.5.5',0,20,2,NULL),(195,'q91onaukleiao5gm8v9jtv6v03-1',1,37,0,0,2.2,'2009-12-04 12:34:08',NULL,'128.30.6.55','30-6-55.wireless.csail.mit.edu','Mozilla/5.0 (Macintosh; U; Intel Mac OS X 10.6; en-US; rv:1.9.1.5) Gecko/20091102 Firefox/3.5.5',1,23,0,NULL),(196,'302ei57ro2dcti6ms8qtfium84-1',1,39,0,0,2.2,'2009-12-04 12:35:53',NULL,'18.100.0.163','VPN-ONE-SIXTY-THREE.MIT.EDU','Mozilla/5.0 (Macintosh; U; Intel Mac OS X 10.5; en-US; rv:1.9.1.5) Gecko/20091102 Firefox/3.5.5 GTB6',0,30,1,NULL),(197,'6j9tk0opg4ttmqbc01fjqvsvd1-1',1,45,0,0,2.2,'2009-12-04 12:39:47',NULL,'4.53.58.22','nrcc-l3-gateway.nrcc.noklab.com','Mozilla/5.0 (X11; U; Linux i686; en-US; rv:1.9.0.15) Gecko/2009102815 Ubuntu/9.04 (jaunty) Firefox/3.0.15',0,23,1,NULL),(198,'lep6otvde57asvm4v88abft3p1-1',1,47,0,0,2.2,'2009-12-04 12:41:36',NULL,'18.95.5.122','SYDNEYPACIFIC-ONE-TWENTY-TWO.MIT.EDU','Mozilla/5.0 (Macintosh; U; Intel Mac OS X 10.5; en-US; rv:1.9.1.5) Gecko/20091102 Firefox/3.5.5',0,29,3,NULL),(199,'l4ft6dj89r687stqqadvkhhat4-1',1,43,0,0,2.2,'2009-12-04 12:37:17',NULL,'71.184.65.28','static-71-184-65-28.bstnma.fios.verizon.net','Mozilla/5.0 (Windows; U; Windows NT 5.1; en-US; rv:1.9.0.15) Gecko/2009101601 Firefox/3.0.15 (.NET CLR 3.5.30729)',1,50,0,NULL),(200,'bq36ntiujr216ic9iae0cb4gh1-1',1,44,0,0,2.2,'2009-12-04 12:37:27',NULL,'128.30.79.206','128.30.79.206','Mozilla/5.0 (Macintosh; U; Intel Mac OS X 10.5; en-US; rv:1.9.0.15) Gecko/2009101600 Firefox/3.0.15',1,23,2,NULL),(201,'2s84ujj1s7968gnaokba12k222-1',1,42,0,0,2.2,'2009-12-04 12:36:48','2009-12-04 12:53:30','128.30.48.125','kagu.csail.mit.edu','Mozilla/5.0 (X11; U; Linux i686; en-US; rv:1.9.0.14) Gecko/2009091010 Iceweasel/3.0.6 (Debian-3.0.6-3)',0,27,1,NULL),(202,'ecjm3fpa23mbk38vg0emjemih0-1',1,46,0,0,2.2,'2009-12-04 12:41:32','2009-12-04 12:58:37','18.93.0.76','ARCANUM.MIT.EDU','Mozilla/5.0 (Macintosh; U; Intel Mac OS X 10.6; en-US; rv:1.9.1.5) Gecko/20091102 Firefox/3.5.5',0,38,1,NULL),(203,'bosebu4j10vduqi9e6ig32sej3-1',1,49,0,0,2.2,'2009-12-04 12:58:13',NULL,'65.217.255.2','65.217.255.2','Mozilla/4.0 (compatible; MSIE 6.0; Windows NT 5.0)',1,22,1,NULL),(204,'9tid7jrujjkihkno0p15rdr7h0-1',1,51,0,0,2.2,'2009-12-04 13:03:25',NULL,'128.30.29.249','keg.csail.mit.edu','Mozilla/5.0 (Windows; U; Windows NT 6.1; en-US; rv:1.9.1.3) Gecko/20090824 Firefox/3.5.3',0,31,1,NULL),(205,'jbv1pdc4glfjrtshbs4ognt3f6-1',1,50,0,0,2.2,'2009-12-04 12:58:54','2009-12-04 13:15:02','18.95.5.167','SYDNEYPACIFIC-ONE-SIXTY-SEVEN.MIT.EDU','Mozilla/5.0 (Windows; U; Windows NT 5.1; en-US; rv:1.9.0.15) Gecko/2009101601 Firefox/3.0.15 (.NET CLR 3.5.30729)',0,24,2,NULL),(206,'1ed9dd0036f69704pjqhln3mv4-1',1,56,0,0,2.2,'2009-12-04 13:18:26',NULL,'128.30.55.32','betehess.w3.org','Mozilla/5.0 (X11; U; Linux i686; en-US; rv:1.9.1.5) Gecko/20091109 Ubuntu/9.04 (jaunty) Shiretoko/3.5.5',0,27,2,NULL),(207,'6hat17foe3f5pupa68ppuu89p6-1',1,53,0,0,2.2,'2009-12-04 13:09:16','2009-12-04 13:30:07','66.31.202.63','c-66-31-202-63.hsd1.ma.comcast.net','Mozilla/5.0 (Windows; U; Windows NT 6.0; en-US; rv:1.9.1.5) Gecko/20091102 Firefox/3.5.5 (.NET CLR 3.5.30729)',0,26,3,NULL),(208,'kr752bfr9ahpb6sgjbusmn0um1-1',1,57,0,0,2.2,'2009-12-04 13:36:20',NULL,'128.30.99.123','30-99-123.dynamic.csail.mit.edu','Mozilla/5.0 (Windows; U; Windows NT 6.1; en-US; rv:1.9.1.5) Gecko/20091102 Firefox/3.5.5',0,28,2,NULL),(209,'l5mki778rr0ss2oqah3talt3v6-1',1,58,0,0,2.2,'2009-12-04 13:37:37','2009-12-04 13:56:02','18.26.1.7','kermit.csail.mit.edu','Mozilla/5.0 (X11; U; Linux i686; en-US; rv:1.9.0.15) Gecko/2009102815 Ubuntu/9.04 (jaunty) Firefox/3.0.15',0,27,2,NULL),(210,'62ll0dvtjjulc2512volgindg2-1',1,59,0,0,2.2,'2009-12-04 13:51:58','2009-12-04 14:03:24','128.30.55.224','w3cdhcp97.w3.org','Mozilla/5.0 (Windows; U; Windows NT 5.1; en-US; rv:1.9.1.5) Gecko/20091102 Firefox/3.5.5 (.NET CLR 3.5.30729)',0,31,0,NULL),(211,'7m8s2eged6qhita9s1ljikrth4-1',1,61,0,0,2.2,'2009-12-04 14:08:43',NULL,'18.252.7.241','EDGERTON-SEVEN-FIFTY-TWO.MIT.EDU','Mozilla/5.0 (Macintosh; U; Intel Mac OS X 10.6; en-US; rv:1.9.1.5) Gecko/20091102 Firefox/3.5.5',0,33,3,NULL),(212,'jbatrmob5ugdv7au9ohhfkdgc7-1',1,60,0,0,2.2,'2009-12-04 13:54:24','2009-12-04 14:15:57','98.217.149.68','c-98-217-149-68.hsd1.ma.comcast.net','Mozilla/5.0 (Macintosh; U; Intel Mac OS X 10.6; en-US; rv:1.9.1.5) Gecko/20091102 Firefox/3.5.5',0,63,3,NULL),(213,'12qr40pmdb1mcf8t00jgn94k65-1',1,52,0,0,2.2,'2009-12-04 13:08:51',NULL,'18.133.6.204','18.133.6.204','Mozilla/5.0 (Windows; U; Windows NT 6.1; en-US) AppleWebKit/532.0 (KHTML, like Gecko) Chrome/3.0.195.33 Safari/532.0',0,30,1,NULL),(214,'0tvibr3j7m7rgfhdj6irh36vr7-1',1,63,0,0,2.2,'2009-12-04 14:29:20','2009-12-04 14:37:11','128.30.20.50','anubis.ai.mit.edu','Mozilla/5.0 (X11; U; Linux x86_64; en-US; rv:1.9.1.2) Gecko/20090803 Fedora/3.5.2-2.fc11 Firefox/3.5.2',0,25,1,NULL),(215,'tbrrag5dgogfts77bdldfk2in4-1',1,62,0,0,2.2,'2009-12-04 14:22:36','2009-12-04 14:38:48','18.95.1.60','CUDDLES.MIT.EDU','Mozilla/5.0 (Windows; U; Windows NT 6.0; en-US; rv:1.9.1.5) Gecko/20091102 Firefox/3.5.5 (.NET CLR 3.5.30729)',1,25,0,NULL),(216,'cqc3d0dor1huseqoqp3e55jtk1-1',1,38,0,0,2.2,'2009-12-04 14:50:12',NULL,'128.30.64.14','kleptocracy.csail.mit.edu','Opera/9.80 (X11; Linux x86_64; U; en) Presto/2.2.15 Version/10.10',0,26,3,NULL),(217,'vrndacp1gg486t1ntnrq3nvsm1-1',1,41,0,0,2.2,'2009-12-04 15:11:03',NULL,'82.81.170.241','bzq-82-81-170-241.red.bezeqint.net','Mozilla/5.0 (Windows; U; Windows NT 5.1; en-US) AppleWebKit/532.0 (KHTML, like Gecko) Chrome/3.0.195.33 Safari/532.0',0,39,0,NULL),(218,'4m084a8tgv67ihpijkvu3sl846-1',1,40,0,0,2.2,'2009-12-04 15:09:37','2009-12-04 15:26:59','18.111.44.41','dhcp-18-111-44-41.dyn.mit.edu','Mozilla/4.0 (compatible; MSIE 7.0; Windows NT 5.1; .NET CLR 1.1.4322; .NET CLR 2.0.50727; .NET CLR 3.0.4506.2152; .NET CLR 3.5.30729)',1,20,1,NULL),(219,'rbjqeu2dq4r4aqge25m79he406-1',1,37,0,0,2.2,'2009-12-04 16:48:34',NULL,'66.31.200.192','c-66-31-200-192.hsd1.ma.comcast.net','Mozilla/5.0 (Macintosh; U; Intel Mac OS X 10_6_2; en-us) AppleWebKit/531.21.8 (KHTML, like Gecko) Version/4.0.4 Safari/531.21.10',0,29,2,NULL),(220,'jpsi7trm5aatn8q5cv7tf43hv2-1',1,43,0,0,2.2,'2009-12-04 16:37:07','2009-12-04 16:51:47','24.63.140.3','c-24-63-140-3.hsd1.ma.comcast.net','Mozilla/5.0 (Windows; U; Windows NT 5.1; en-US; rv:1.9.0.15) Gecko/2009101601 Firefox/3.0.15',1,29,3,NULL),(221,'jso1au8vhjufi3e54g0huaj2d0-1',1,39,0,0,2.2,'2009-12-04 14:51:30','2009-12-04 17:09:10','24.6.220.154','c-24-6-220-154.hsd1.ca.comcast.net','Mozilla/5.0 (Windows; U; Windows NT 6.0; en-US; rv:1.9.1.5) Gecko/20091102 Firefox/3.5.5 (.NET CLR 3.5.30729)',0,29,3,NULL),(222,'i0e96v88st82odbmlujpj94vs4-1',1,38,0,0,2.2,'2009-12-04 17:45:15',NULL,'75.144.166.171','75-144-166-171-NewEngland.hfc.comcastbusiness.net','Mozilla/5.0 (Windows; U; Windows NT 5.1; en-US; rv:1.9.1.5) Gecko/20091102 Firefox/3.5.5 GTB6 (.NET CLR 3.5.30729)',1,29,3,NULL),(223,'0kbm70ovse2tesdadjotet17e5-1',1,41,0,0,2.2,'2009-12-04 17:56:48',NULL,'18.248.6.14','EASTCAMPUS-TWO-SIXTY-NINE.MIT.EDU','Mozilla/5.0 (Windows; U; Windows NT 5.1; en-US; rv:1.9.1.5) Gecko/20091102 Firefox/3.5.5 (.NET CLR 3.5.30729)',0,20,2,NULL),(224,'4mahqnevueg35ipjln5g75j761-1',1,37,0,0,2.2,'2009-12-04 14:42:44',NULL,'128.30.93.161','30-93-161.dynamic.csail.mit.edu','Mozilla/5.0 (Windows; U; Windows NT 6.1; en-US) AppleWebKit/532.0 (KHTML, like Gecko) Chrome/3.0.195.33 Safari/532.0',0,28,2,NULL),(225,'194nifr67o0jkqda02m9fap270-1',1,37,0,0,2.2,'2009-12-04 20:00:36',NULL,'81.193.219.93','bl4-219-93.dsl.telepac.pt','Mozilla/5.0 (Macintosh; U; Intel Mac OS X 10.6; en-US; rv:1.9.1.5) Gecko/20091102 Firefox/3.5.5',0,24,2,NULL),(226,'04h42c6ul38gbj0ah5ndn139r5-1',1,37,0,0,2.2,'2009-12-06 16:20:14',NULL,'85.55.165.148','148.pool85-55-165.dynamic.orange.es','Mozilla/4.0 (compatible; MSIE 6.0; Windows NT 5.1; SV1; GTB6.3)',0,25,0,NULL),(227,'upclpris936kguniadi9ln9605-1',1,38,0,0,2.2,'2009-12-06 16:43:49','2009-12-06 17:22:56','24.34.107.141','c-24-34-107-141.hsd1.ma.comcast.net','Mozilla/5.0 (Windows; U; Windows NT 5.1; en-US; rv:1.9.1.5) Gecko/20091102 Firefox/3.5.5 (.NET CLR 3.5.30729)',0,40,1,NULL),(228,'jdkejq30avrvie7ltmkibm5t57-1',1,37,0,0,2.2,'2009-12-06 23:24:46','2009-12-06 23:51:42','76.24.31.241','c-76-24-31-241.hsd1.ma.comcast.net','Mozilla/5.0 (Windows; U; Windows NT 6.0; en-US; rv:1.9.1.5) Gecko/20091102 Firefox/3.5.5 (.NET CLR 3.5.30729)',1,23,1,NULL),(229,'6dldipbi4cm091nkgfcoq9dcr5-1',1,41,0,0,2.2,'2009-12-07 00:17:46',NULL,'155.69.2.5','155.69.2.5','Mozilla/5.0 (Windows; U; Windows NT 5.1; en-US) AppleWebKit/532.0 (KHTML, like Gecko) Chrome/3.0.195.33 Safari/532.0',0,55,2,NULL),(230,'rc7r73m4pr9b16o5k2v7tmo3d2-1',1,37,0,0,2.2,'2009-12-06 20:44:26',NULL,'173.124.49.27','173-124-49-27.pools.spcsdns.net','Mozilla/5.0 (X11; U; Linux i686; en-US) AppleWebKit/532.3 (KHTML, like Gecko) Chrome/4.0.226.0 Safari/532.3',0,18,2,NULL),(231,'oq17lgl49vj6hva0q45gc6ss27-1',1,41,0,0,2.2,'2009-12-07 05:31:17','2009-12-07 05:51:57','193.136.33.132','193.136.33.132','Mozilla/5.0 (Windows; U; Windows NT 6.0; en-GB; rv:1.9.0.15) Gecko/2009101601 Firefox/3.0.15 GTB6 (.NET CLR 3.5.30729)',0,29,2,NULL),(232,'6o4f4jr1svrccv1edtls99ibd6-1',1,44,0,0,2.2,'2009-12-07 11:34:16','2009-12-07 11:57:40','15.203.249.124','notbovvered-out.hpl.hp.com','Mozilla/5.0 (Windows; U; Windows NT 5.1; en-US; rv:1.9.1.5) Gecko/20091102 Firefox/3.5.5',0,38,3,NULL),(233,'drr258ca1joflud589m2hdvie1-1',1,47,0,0,2.2,'2009-12-07 12:35:34',NULL,'15.203.137.70','grewebdproxy11.europe.hp.net','Mozilla/5.0 (Windows; U; Windows NT 5.1; en-US; rv:1.9.0.10) Gecko/2009042316 Firefox/3.0.10 (.NET CLR 3.5.30729)',0,44,3,NULL),(234,'621d6gsaemmgiq0hnd27mca4h7-1',1,45,0,0,2.2,'2009-12-07 16:09:11',NULL,'171.64.66.13','gnat-171-64-66-13.Stanford.EDU','Mozilla/5.0 (X11; U; Linux x86_64; en-US; rv:1.9.0.15) Gecko/2009102814 Ubuntu/8.10 (intrepid) Firefox/3.0.15',0,23,3,NULL),(235,'v6fidgdnioa5l1fj1so8stlaa2-1',1,45,0,0,2.2,'2009-12-08 01:24:29',NULL,'15.243.233.68','hplwebproxy1.hpl.americas.hp.net','Mozilla/5.0 (Windows; U; Windows NT 5.1; en-US; rv:1.9.1.2) Gecko/20090729 Firefox/3.5.2',0,40,3,NULL),(236,'hn46sa6kba9lkn5bq5ulqnkqv5-1',1,47,0,0,2.2,'2009-12-08 01:45:08',NULL,'15.243.233.68','hplwebproxy1.hpl.americas.hp.net','Mozilla/5.0 (Windows; U; Windows NT 5.1; en-US; rv:1.9.1.2) Gecko/20090729 Firefox/3.5.2',0,40,3,NULL),(237,'gn3csg74s47i5vii0jqthbn1g5-1',1,48,0,0,2.2,'2009-12-08 02:15:21','2009-12-08 02:34:37','212.199.113.11','212.199.113.11.static.012.net.il','Mozilla/4.0 (compatible; MSIE 6.0; Windows NT 5.1; SV1; Hewlett-Packard; .NET CLR 1.0.3705; .NET CLR 1.1.4322; .NET CLR 2.0.50727)',1,31,3,NULL),(238,'3un8oju3b4buhg686160rvep11-1',1,51,0,0,2.2,'2009-12-08 02:25:10','2009-12-08 02:40:02','15.203.249.124','notbovvered-out.hpl.hp.com','Mozilla/5.0 (Windows; U; Windows NT 6.0; en-US; rv:1.9.1.5) Gecko/20091102 Firefox/3.5.5',0,38,3,NULL),(239,'qjr5e3tvtbgorqlg7cbvh8ggj7-1',1,45,0,0,2.2,'2009-12-08 03:28:08','2009-12-08 03:46:21','15.243.233.68','hplwebproxy1.hpl.americas.hp.net','Mozilla/5.0 (Windows; U; Windows NT 5.1; en-US; rv:1.9.1.5) Gecko/20091102 Firefox/3.5.5',0,31,2,NULL),(240,'slcpm8ueo1rnb2ikqnp3rtvfj4-1',1,49,0,0,2.2,'2009-12-08 08:09:29','2009-12-08 08:47:26','15.203.249.124','notbovvered-out.hpl.hp.com','Mozilla/5.0 (Windows; U; Windows NT 5.1; en-US; rv:1.9.1.5) Gecko/20091102 Firefox/3.5.5 (.NET CLR 3.5.30729) XPCOMViewer/0.9a',0,28,1,NULL),(241,'5ena30i7mp50rj5179c081aim4-1',1,52,0,0,2.2,'2009-12-09 02:42:17',NULL,'15.243.233.68','hplwebproxy1.hpl.americas.hp.net','Mozilla/4.0 (compatible; MSIE 6.0; Windows NT 5.1; SV1; GTB6.3; .NET CLR 1.0.3705; .NET CLR 1.1.4322; .NET CLR 2.0.50727)',0,30,3,NULL),(242,'jm1iofnfojnki9j7picsqgpsv3-1',1,47,0,0,2.2,'2009-12-09 00:49:21','2009-12-09 03:33:59','212.199.113.11','212.199.113.11.static.012.net.il','Mozilla/4.0 (compatible; MSIE 7.0; Windows NT 5.1; .NET CLR 1.0.3705; .NET CLR 1.1.4322; .NET CLR 2.0.50727; .NET CLR 3.0.04506.648; .NET CLR 3.5.21022; .NET CLR 3.0.4506.2152; .NET CLR 3.5.30729)',0,49,3,NULL),(243,'fj1opouk1a7tuhha87lm7c76v0-1',1,52,0,0,2.2,'2009-12-09 07:37:56','2009-12-09 07:48:23','140.116.246.20','invalid.csie.ncku.edu.tw','Mozilla/5.0 (Windows; U; Windows NT 6.1; en-US) AppleWebKit/532.0 (KHTML, like Gecko) Chrome/3.0.195.33 Safari/532.0',0,28,3,NULL),(244,'bbmo8dao4s94h47u3fu6ahtbo1-1',1,54,0,0,2.2,'2009-12-09 07:38:34',NULL,'140.116.246.53','handsome.csie.ncku.edu.tw','Mozilla/5.0 (Windows; U; Windows NT 6.1; en-US) AppleWebKit/532.0 (KHTML, like Gecko) Chrome/3.0.195.33 Safari/532.0',0,23,2,NULL),(245,'kj0k89bl88ddpgj0q1r0ba4m75-1',1,64,0,0,2.2,'2009-12-09 07:59:28',NULL,'87.216.25.42','42.25.216.87.static.jazztel.es','Mozilla/4.0 (compatible; MSIE 8.0; Windows NT 5.1; Trident/4.0; .NET CLR 1.1.4322; .NET CLR 2.0.50727; InfoPath.2; .NET CLR 3.0.04506.30; .NET CLR 3.0.04506.648; .NET CLR 3.0.4506.2152; .NET CLR 3.5.30729)',1,46,0,NULL),(246,'jhfauo38qos5p3795rai132s40-1',1,65,0,0,2.2,'2009-12-09 08:04:24',NULL,'140.116.246.51','be.csie.ncku.edu.tw','Mozilla/5.0 (Windows; U; Windows NT 6.1; zh-TW; rv:1.9.1.5) Gecko/20091102 Firefox/3.5.5 GTB6',0,23,1,NULL),(247,'ebp98finld7kf5sm43qmlmh7n1-1',1,56,0,0,2.2,'2009-12-09 07:54:54','2009-12-09 08:06:25','140.116.246.46','marz.csie.ncku.edu.tw','Mozilla/5.0 (Windows; U; Windows NT 6.1; zh-TW; rv:1.9.1.5) Gecko/20091102 Firefox/3.5.5',0,24,2,NULL),(248,'vatsp0r10f5snqo4sl61v4hrp2-1',1,57,0,0,2.2,'2009-12-09 07:56:02','2009-12-09 08:12:01','140.116.246.21','hsiau.csie.ncku.edu.tw','Mozilla/4.0 (compatible; MSIE 8.0; Windows NT 5.1; Trident/4.0; GTB6.3; .NET CLR 2.0.50727; .NET CLR 3.0.4506.2152; .NET CLR 3.5.30729; InfoPath.2)',0,22,1,NULL),(249,'9nbe53mbmigq6i35203840dv86-1',1,55,0,0,2.2,'2009-12-09 07:54:51','2009-12-09 08:15:05','140.116.246.52','earny.csie.ncku.edu.tw','Mozilla/5.0 (Windows; U; Windows NT 5.1; zh-TW; rv:1.9.1.5) Gecko/20091102 Firefox/3.5.5 (.NET CLR 3.5.30729)',0,22,2,NULL),(250,'ej3vdgtn5bk9tn80i86oo1sj11-1',1,61,0,0,2.2,'2009-12-09 07:58:57','2009-12-09 08:19:52','140.116.246.12','green.csie.ncku.edu.tw','Mozilla/5.0 (Windows; U; Windows NT 5.1; zh-TW; rv:1.9.1.5) Gecko/20091102 Firefox/3.5.5 (.NET CLR 3.5.30729)',1,23,1,NULL),(251,'7iqaintn16dg384f1q29064ar7-1',1,54,0,0,2.2,'2009-12-09 13:28:42','2009-12-09 13:44:35','159.237.12.82','lyra.cti.unav.es','Mozilla/5.0 (Windows; U; Windows NT 5.1; es-ES; rv:1.9.1.5) Gecko/20091102 Firefox/3.5.5 (.NET CLR 3.5.30729)',1,25,0,NULL),(252,'b837gptc0bld0r6c9poj2jgih4-1',1,64,0,0,2.2,'2009-12-09 17:15:13',NULL,'128.30.108.23','plastisol.csail.mit.edu','Mozilla/5.0 (Windows; U; Windows NT 5.1; en-US; rv:1.9.1.5) Gecko/20091102 Firefox/3.5.5',1,38,1,NULL),(253,'sg0hmfmdvc8llnlhhrhimkk856-1',1,64,0,0,2.2,'2009-12-10 03:13:07','2009-12-10 03:44:30','159.237.12.32','polar.cti.unav.es','Mozilla/5.0 (Windows; U; Windows NT 5.1; en-US) AppleWebKit/532.0 (KHTML, like Gecko) Chrome/3.0.195.33 Safari/532.0',0,25,0,NULL),(254,'r721fflcu22gnrcc01nf9p7up7-1',1,65,0,0,2.2,'2009-12-10 04:28:51','2009-12-10 04:48:31','155.210.152.43','godel.cps.unizar.es','Mozilla/5.0 (Macintosh; U; Intel Mac OS X 10.5; en-GB; rv:1.9.1.5) Gecko/20091102 Firefox/3.5.5',1,29,3,NULL),(255,'m0n8qtqd9fcl3lutkte0jaukq0-1',1,66,0,0,2.2,'2009-12-10 05:27:04',NULL,'87.216.25.42','42.25.216.87.static.jazztel.es','Mozilla/4.0 (compatible; MSIE 8.0; Windows NT 5.1; Trident/4.0; GTB6.3; .NET CLR 1.1.4322; .NET CLR 2.0.50727; .NET CLR 3.0.04506.30; InfoPath.2; .NET CLR 3.0.04506.648; .NET CLR 3.0.4506.2152; .NET CLR 3.5.30729)',1,40,0,NULL),(256,'qa2bshc7t0nefnckviqvk2hdd3-1',1,67,0,0,2.2,'2009-12-10 07:08:50',NULL,'212.199.113.12','212.199.113.12.static.012.net.il','Mozilla/4.0 (compatible; MSIE 7.0; Windows NT 6.0; SLCC1; .NET CLR 2.0.50727; .NET CLR 1.0.3705; .NET CLR 1.1.4322; InfoPath.2; .NET CLR 3.5.21022; .NET CLR 3.5.30729; .NET CLR 3.0.30618)',0,26,3,NULL),(257,'8st63t5ik401fefore1r6914a6-1',1,68,0,0,2.2,'2009-12-10 07:21:49','2009-12-10 07:48:59','212.199.113.11','212.199.113.11.static.012.net.il','Mozilla/4.0 (compatible; MSIE 6.0; Windows NT 5.1; SV1; Hewlett-Packard; .NET CLR 1.0.3705; .NET CLR 1.1.4322; .NET CLR 2.0.50727; .NET CLR 3.0.04506.648; .NET CLR 3.5.21022; .NET CLR 3.0.4506.2152; .NET CLR 3.5.30729)',0,26,3,NULL),(258,'el3h8knt5n9ftknepgu030sst3-1',1,66,0,0,2.2,'2009-12-10 07:49:14',NULL,'81.86.141.103','81-86-141-103.dsl.pipex.com','Mozilla/5.0 (Macintosh; U; Intel Mac OS X 10.6; en-GB; rv:1.9.1.5) Gecko/20091102 Firefox/3.5.5 GTB6',0,49,3,NULL),(259,'0e35qpeqbuftfrdd61eps8ldc0-1',1,69,0,0,2.2,'2009-12-10 09:21:43',NULL,'134.226.32.57','apex.cs.tcd.ie','Mozilla/4.0 (compatible; MSIE 7.0; Windows NT 5.1; GTB6.3; .NET CLR 1.1.4322; .NET CLR 2.0.50727; .NET CLR 3.0.04506.30; InfoPath.2; .NET CLR 3.0.4506.2152; .NET CLR 3.5.30729) chromeframe/4.0',1,30,0,NULL),(260,'42vnjh8q5mght3i0aarcrkov25-1',1,70,0,0,2.2,'2009-12-10 09:34:46','2009-12-10 09:47:44','87.216.25.42','42.25.216.87.static.jazztel.es','Mozilla/4.0 (compatible; MSIE 8.0; Windows NT 5.1; Trident/4.0; .NET CLR 1.1.4322; .NET CLR 2.0.50727; .NET CLR 3.0.04506.30; .NET CLR 3.0.04506.648; .NET CLR 3.5.21022; .NET CLR 3.0.4506.2152; .NET CLR 3.5.30729)',0,29,3,NULL),(261,'ct8mnac7sie5n0bpabd4rpdmp5-1',1,67,0,0,2.2,'2009-12-10 09:10:47','2009-12-10 09:55:00','130.88.195.195','cspool95.cs.man.ac.uk','Mozilla/5.0 (Macintosh; U; Intel Mac OS X 10_5_8; en-us) AppleWebKit/531.21.8 (KHTML, like Gecko) Version/4.0.4 Safari/531.21.10',0,63,3,NULL),(262,'ib80r95ffq81tr3avasoh47fp0-1',1,69,0,0,2.2,'2009-12-10 13:14:13',NULL,'84.108.64.64','bzq-84-108-64-64.cablep.bezeqint.net','Mozilla/4.0 (compatible; MSIE 8.0; Windows NT 5.1; Trident/4.0; .NET CLR 2.0.50727; .NET CLR 3.0.04506.648; .NET CLR 3.5.21022; .NET CLR 1.1.4322; .NET CLR 3.0.4506.2152; .NET CLR 3.5.30729)',1,25,1,NULL),(263,'qejg25obrfqe6bm6cv47uejpi4-1',1,66,0,0,2.2,'2009-12-10 12:49:34','2009-12-10 13:26:12','130.88.1.78','phong.rcs.manchester.ac.uk','Mozilla/5.0 (Windows; U; Windows NT 6.0; en-GB; rv:1.9.1.5) Gecko/20091102 Firefox/3.5.5 (.NET CLR 3.5.30729)',0,41,3,NULL),(264,'5rj7t8f2iebj1s0rsq2qujo9d2-1',1,1,0,0,2.2,'2009-12-10 14:54:13','2009-12-10 15:20:08','89.138.166.41','89-138-166-41.bb.netvision.net.il','Mozilla/4.0 (compatible; MSIE 8.0; Windows NT 5.1; Trident/4.0; .NET CLR 1.1.4322; .NET CLR 2.0.50727; InfoPath.1; .NET CLR 3.0.04506.30; .NET CLR 3.0.4506.2152; .NET CLR 3.5.30729)',1,27,2,NULL),(265,'ipvmrhsjl93tcbqqkm8tadbqu1-1',1,69,0,0,2.2,'2009-12-11 04:32:44','2009-12-11 04:42:30','130.88.1.105','marvin.rcs.manchester.ac.uk','Mozilla/5.0 (Windows; U; Windows NT 5.1; en-US) AppleWebKit/532.5 (KHTML, like Gecko) Chrome/4.0.249.25 Safari/532.5',0,30,3,NULL),(266,'5vm7ahm4h3fm16k6dgtmtqvdk0-1',1,2,0,0,2.2,'2009-12-11 13:43:52',NULL,'85.64.123.231','85.64.123.231.dynamic.barak-online.net','Mozilla/5.0 (Windows; U; Windows NT 6.1; en-US) AppleWebKit/532.0 (KHTML, like Gecko) Chrome/3.0.195.33 Safari/532.0',1,24,2,NULL),(267,'3mpl74t6q22oajtc6h3i78jqa5-1',1,2,0,0,2.2,'2009-12-15 11:06:44','2009-12-15 13:43:17','84.108.103.191','bzq-84-108-103-191.cablep.bezeqint.net','Mozilla/4.0 (compatible; MSIE 7.0; Windows NT 5.1; .NET CLR 1.1.4322; .NET CLR 2.0.50727)',1,26,2,NULL),(268,'63pmjtru3mefnsfne6urf7v0h1-1',1,3,0,0,2.2,'2009-12-17 12:29:38','2009-12-17 12:55:26','155.210.160.65','ibm.cps.unizar.es','Mozilla/5.0 (Macintosh; U; PPC Mac OS X Mach-O; en-US; rv:1.8.1.20) Gecko/20081217 Firefox/2.0.0.20',0,28,3,NULL),(269,'978alkd6o027rp0gg6peo3edl3-1',1,13,1,0,2.2,'2009-12-19 09:44:46',NULL,'222.145.135.43','p2043-ipbf2609funabasi.chiba.ocn.ne.jp','Mozilla/5.0 (Windows; U; Windows NT 5.1; ja; rv:1.9.1.5) Gecko/20091102 Firefox/3.5.5 (.NET CLR 3.5.30729)',0,30,2,NULL),(270,'hks9408130lkvi2jirjock9mv7-1',1,4,0,1,2.3,'2009-12-19 17:31:22',NULL,'69.237.184.43','ppp-69-237-184-43.dsl.sndg02.pacbell.net','Mozilla/4.0 (compatible; MSIE 8.0; Windows NT 6.0; WOW64; Trident/4.0; SLCC1; .NET CLR 2.0.50727; Media Center PC 5.0; OfficeLiveConnector.1.3; OfficeLivePatch.0.0; .NET CLR 3.5.30729; .NET CLR 3.0.30618)',0,32,0,NULL),(271,'tcikghbejgq7pm1mroq8fueeh3-1',1,5,0,1,2.3,'2009-12-19 17:31:33',NULL,'96.232.204.70','pool-96-232-204-70.nycmny.fios.verizon.net','Mozilla/5.0 (Macintosh; U; Intel Mac OS X 10_5_8; en-us) AppleWebKit/531.21.8 (KHTML, like Gecko) Version/4.0.4 Safari/531.21.10',1,22,0,NULL),(272,'qh7hfdaemq9o4d135nqqdbmke7-1',1,7,0,1,2.3,'2009-12-19 17:32:02',NULL,'216.235.234.53','wireless-216.235.234.53.kinex.net','Mozilla/5.0 (Windows; U; Windows NT 5.1; en-US; rv:1.9.0.16) Gecko/2009120208 Firefox/3.0.16 (.NET CLR 3.5.30729)',1,55,0,NULL),(273,'o09db85qt5k7u92t42v4m046h7-1',1,11,0,1,2.3,'2009-12-19 17:33:39',NULL,'74.96.178.198','pool-74-96-178-198.washdc.fios.verizon.net','Mozilla/5.0 (Windows; U; Windows NT 6.1; en-US; rv:1.9.1.6) Gecko/20091201 Firefox/3.5.6',1,33,1,NULL),(274,'q6tedh02gsti22t1p06k5gr883-1',1,8,0,1,2.3,'2009-12-19 17:32:30',NULL,'218.248.80.113','218.248.80.113','Mozilla/5.0 (Windows; U; Windows NT 5.1; en-US; rv:1.9.1.6) Gecko/20091201 Firefox/3.5.6',0,23,2,NULL),(275,'11nusdti6q701f99801kkvdpa3-1',1,20,0,1,2.3,'2009-12-19 17:38:55',NULL,'117.204.18.14','117.204.18.14','Mozilla/5.0 (Windows; U; Windows NT 6.0; en-US; rv:1.9.1.6) Gecko/20091201 Firefox/3.5.6 (.NET CLR 3.5.30729)',0,25,0,NULL),(276,'0cdnvssv0jcibldnjis66os1a7-1',1,14,0,1,2.3,'2009-12-19 17:34:28',NULL,'82.50.63.242','host242-63-dynamic.50-82-r.retail.telecomitalia.it','Mozilla/5.0 (Windows; U; Windows NT 6.0; en-US; rv:1.9.1.6) Gecko/20091201 Firefox/3.5.6 (.NET CLR 3.5.30729)',0,45,1,NULL),(277,'80olthosfr52f9dek0sc9n0uh3-1',1,18,0,1,2.3,'2009-12-19 17:38:01',NULL,'117.204.19.27','117.204.19.27','Mozilla/5.0 (Windows; U; Windows NT 6.0; en-US) AppleWebKit/532.0 (KHTML, like Gecko) Chrome/3.0.195.38 Safari/532.0',0,22,1,NULL),(278,'furdpnbqg6vepq6lf8sm8oqqb2-1',1,13,0,1,2.3,'2009-12-19 17:33:57','2009-12-19 17:46:23','67.247.216.255','cpe-67-247-216-255.buffalo.res.rr.com','Mozilla/5.0 (Windows; U; Windows NT 5.1; en-US) AppleWebKit/532.0 (KHTML, like Gecko) Chrome/3.0.195.38 Safari/532.0',0,46,2,NULL),(279,'0a0l8pe6ndkphr61siu5efa784-1',1,12,0,1,2.3,'2009-12-19 17:33:46',NULL,'24.103.163.64','rrcs-24-103-163-64.nys.biz.rr.com','Mozilla/5.0 (Windows; U; Windows NT 6.0; en-US; rv:1.9.1.5) Gecko/20091102 Firefox/3.5.5 (.NET CLR 3.5.30729)',0,62,0,NULL),(280,'r9eeoo34l4tiubgivliq12lcv2-1',1,6,0,1,2.3,'2009-12-19 17:31:59','2009-12-19 17:46:41','74.57.157.2','modemcable002.157-57-74.mc.videotron.ca','Mozilla/4.0 (compatible; MSIE 8.0; Windows NT 5.1; Trident/4.0; Mozilla/4.0 (compatible; MSIE 6.0; Windows NT 5.1; SV1) ; .NET CLR 1.1.4322; .NET CLR 2.0.50727; .NET CLR 3.0.04506.30; 3P_UASEFR 1.0.22.1; .NET CLR 3.0.4506.2152; .NET CLR 3.5.30729)',0,31,1,NULL),(281,'tmj10qd27ep90fllirvj2prki7-1',1,16,0,1,2.3,'2009-12-19 17:36:59',NULL,'74.111.160.101','pool-74-111-160-101.pitbpa.fios.verizon.net','Mozilla/4.0 (compatible; MSIE 8.0; Windows NT 6.1; WOW64; Trident/4.0; GTB6.3; SLCC2; .NET CLR 2.0.50727; .NET CLR 3.5.30729; .NET CLR 3.0.30729; Media Center PC 6.0)',1,74,0,NULL),(282,'rbgfnr4ueeidhi0nfmkmulv210-1',1,10,0,1,2.3,'2009-12-19 17:33:36','2009-12-19 17:49:20','71.20.233.27','71-20-233-27.war.clearwire-wmx.net','Mozilla/4.0 (compatible; MSIE 7.0; Windows NT 6.0; WOW64; GTB6.3; SLCC1; .NET CLR 2.0.50727; Media Center PC 5.0; .NET CLR 3.5.30729; .NET CLR 3.0.30618; AskTB5.2)',1,37,1,NULL),(283,'th39eqafq5ic0ajh0mjfraeir5-1',1,28,0,1,2.3,'2009-12-19 17:49:29',NULL,'151.199.138.179','pool-151-199-138-179.norf.east.verizon.net','Mozilla/5.0 (Windows; U; Windows NT 5.1; en-US; rv:1.9.1.6) Gecko/20091201 Firefox/3.5.6 (.NET CLR 3.5.30729)',0,66,1,NULL),(284,'j2ma0uk1g5icqiecv5q3t0isb1-1',1,19,0,1,2.3,'2009-12-19 17:38:22',NULL,'172.190.68.4','ACBE4404.ipt.aol.com','Mozilla/4.0 (compatible; MSIE 8.0; Windows NT 5.1; Trident/4.0; GTB6.3; .NET CLR 1.0.3705; .NET CLR 1.1.4322; Media Center PC 4.0; .NET CLR 2.0.50727; .NET CLR 3.0.04506.30; .NET CLR 3.0.04506.648; .NET CLR 3.0.4506.2152; .NET CLR 3.5.30729)',1,43,0,NULL),(285,'ejt88fj2k9ivsra19fpgefa541-1',1,22,0,1,2.3,'2009-12-19 17:41:29','2009-12-19 17:52:42','70.17.226.52','pool-70-17-226-52.balt.east.verizon.net','Mozilla/5.0 (Windows; U; Windows NT 5.1; en-US; rv:1.9.1.5) Gecko/20091102 Firefox/3.5.5',1,31,2,NULL),(286,'3oqanj2satni85et70lehsej26-1',1,9,0,1,2.3,'2009-12-19 17:33:24',NULL,'70.246.72.61','ppp-70-246-72-61.dsl.ksc2mo.swbell.net','Mozilla/5.0 (Windows; U; Windows NT 5.1; en-US; rv:1.9.1.6) Gecko/20091201 Firefox/3.5.6',0,34,0,NULL),(287,'htqdp4ulho49aehi2putgprbu6-1',1,29,0,1,2.3,'2009-12-19 17:52:58',NULL,'76.90.174.121','cpe-76-90-174-121.socal.res.rr.com','Mozilla/5.0 (Macintosh; U; Intel Mac OS X 10.6; en-US; rv:1.9.1.6) Gecko/20091201 Firefox/3.5.6',1,23,2,NULL),(288,'p3aso3uremg8ubn8ii3rhbe0m7-1',1,27,0,1,2.3,'2009-12-19 17:46:09',NULL,'173.80.94.201','173-80-94-201.atw.dyn.suddenlink.net','Mozilla/4.0 (compatible; MSIE 8.0; Windows NT 5.1; Trident/4.0; FunWebProducts; GTB6.3; .NET CLR 2.0.50727; .NET CLR 3.0.4506.2152; .NET CLR 3.5.30729; yie8)',1,29,0,NULL),(289,'eu8lc2c0av6b9sv9b4bq2caai5-1',1,24,0,1,2.3,'2009-12-19 17:44:38',NULL,'75.71.118.190','c-75-71-118-190.hsd1.co.comcast.net','Mozilla/5.0 (Windows; U; Windows NT 6.0; en-US; rv:1.9.1.6) Gecko/20091201 Firefox/3.5.6 (.NET CLR 3.5.30729)',0,28,1,NULL),(290,'jc93kjvb2kmvactlilr8fp1t56-1',1,21,0,1,2.3,'2009-12-19 17:39:59',NULL,'71.55.235.177','fl-71-55-235-177.dhcp.embarqhsd.net','Mozilla/5.0 (Windows; U; Windows NT 6.0; en-US; rv:1.9.1.6) Gecko/20091201 Firefox/3.5.6',0,36,1,NULL),(291,'h2b32ulrjl75bnn8051395mfi7-1',1,23,0,1,2.3,'2009-12-19 17:43:10',NULL,'75.251.78.101','101.sub-75-251-78.myvzw.com','Mozilla/4.0 (compatible; MSIE 8.0; Windows NT 5.1; Trident/4.0)',0,38,0,NULL),(292,'k6iqaijaoef1d38ih49v2n44i1-1',1,25,0,1,2.3,'2009-12-19 17:45:00',NULL,'117.201.8.139','117.201.8.139','Mozilla/5.0 (Windows; U; Windows NT 5.1; en-US) AppleWebKit/531.9 (KHTML, like Gecko) Version/4.0.3 Safari/531.9.1',0,26,2,NULL),(293,'hqdnst4n1a7se9n9ro218nb943-1',1,26,0,1,2.3,'2009-12-19 17:45:07',NULL,'82.154.8.225','bl5-8-225.dsl.telepac.pt','Mozilla/5.0 (Windows; U; Windows NT 6.0; en-GB; rv:1.9.0.11) Gecko/2009060215 Firefox/3.0.11 (.NET CLR 3.5.30729)',0,30,2,NULL),(294,'qkamf6tuejbfcsb84qccvh0ds4-1',1,15,0,1,2.3,'2009-12-19 17:35:43',NULL,'77.236.185.118','77.236.185.118','Opera/9.80 (X11; Linux x86_64; U; bg) Presto/2.2.15 Version/10.10',0,38,3,NULL),(295,'u2ap9nhc34rtr25tu7cmcv4if5-1',1,17,0,1,2.3,'2009-12-19 17:37:02',NULL,'72.84.49.162','pool-72-84-49-162.clrkwv.east.verizon.net','Mozilla/5.0 (Windows; U; Windows NT 6.0; en-US; rv:1.9.1.5) Gecko/20091102 Firefox/3.5.5 FBSMTWB',1,31,0,NULL),(296,'hvlgpvjir2f5vt7094f57apb83-1',1,17,0,1,2.3,'2009-12-19 22:37:39',NULL,'124.253.130.192','124.253.130.192','Mozilla/4.0 (compatible; MSIE 7.0; Windows NT 5.1; .NET CLR 2.0.50727; InfoPath.2)',0,29,2,NULL),(297,'mv00u9n8i3h58dst5ctreh0he7-1',1,4,0,1,2.3,'2009-12-19 22:33:27','2009-12-19 22:41:21','117.201.22.123','117.201.22.123','Mozilla/5.0 (X11; U; Linux i686; en-US; rv:1.9.1) Gecko/20090722 Shiretoko/3.5',1,23,1,NULL),(298,'4lat7gkr15vf1r6jkplsq1jlg1-1',1,19,0,1,2.3,'2009-12-19 22:38:12',NULL,'220.255.4.29','220.255.4.29','Mozilla/5.0 (Windows; U; Windows NT 6.0; en-US; rv:1.9.1.6) Gecko/20091201 Firefox/3.5.6 (.NET CLR 3.5.30729)',0,26,1,NULL),(299,'r63m9ga9a0ld4m6o3pgiapn8i0-1',1,26,0,1,2.3,'2009-12-19 22:41:37',NULL,'173.21.227.153','173-21-227-153.client.mchsi.com','Mozilla/4.0 (compatible; MSIE 8.0; Windows NT 6.0; Trident/4.0; GTB6.3; SLCC1; .NET CLR 2.0.50727; Media Center PC 5.0; .NET CLR 3.5.30729; .NET CLR 3.0.30618)',0,25,0,NULL),(300,'rsgvr6k1oobvjbnptdjcpqonp4-1',1,27,0,1,2.3,'2009-12-19 22:41:57',NULL,'69.245.255.68','c-69-245-255-68.hsd1.il.comcast.net','Mozilla/4.0 (compatible; MSIE 8.0; Windows NT 6.0; Trident/4.0; SLCC1; .NET CLR 2.0.50727; Media Center PC 5.0; MDDC; .NET CLR 3.5.30729; .NET CLR 3.0.30729; AskTB5.4)',0,23,0,NULL),(301,'l9ktma3pdlo2noje4o67s1vjr3-1',1,20,0,1,2.3,'2009-12-19 22:38:12',NULL,'66.82.9.12','AC5-Webproxy2.direcpc.com','Mozilla/4.0 (compatible; MSIE 8.0; Windows NT 6.0; Trident/4.0; SLCC1; .NET CLR 2.0.50727; Media Center PC 5.0; .NET CLR 3.5.30729; .NET CLR 3.0.30729; Windows-Media-Player/10.00.00.3990)',0,32,1,NULL),(302,'54got8mekgrehh8geb22sjtmm4-1',1,5,0,1,2.3,'2009-12-19 22:33:45','2009-12-19 22:43:44','98.216.158.14','c-98-216-158-14.hsd1.ma.comcast.net','Mozilla/5.0 (Windows; U; Windows NT 6.1; en-US; rv:1.9.0.16) Gecko/2009120208 Firefox/3.0.16 GTB6 (.NET CLR 3.5.30729) FBSMTWB',0,24,3,NULL),(303,'4mv9n1pe93aoq7nivmpn4ke0e4-1',1,8,0,1,2.3,'2009-12-19 22:34:17','2009-12-19 22:46:24','72.89.107.169','pool-72-89-107-169.nycmny.east.verizon.net','Mozilla/4.0 (compatible; MSIE 7.0; Windows NT 6.0; GTB6.3; SLCC1; .NET CLR 2.0.50727; Media Center PC 5.0; .NET CLR 3.5.30729; .NET CLR 3.0.30618)',0,44,1,NULL),(304,'rskif3fttg2nuiumhs9s51qro7-1',1,28,0,1,2.3,'2009-12-19 22:42:25',NULL,'122.169.182.179','ABTS-AP-dynamic-179.182.169.122.airtelbroadband.in','Mozilla/5.0 (Windows; U; Windows NT 5.1; en-US; rv:1.9.1.6) Gecko/20091201 Firefox/3.5.6',0,22,1,NULL),(305,'d44k7dqehla2loqdgak711a9g6-1',1,9,0,1,2.3,'2009-12-19 22:34:56','2009-12-19 22:50:31','98.117.40.117','pool-98-117-40-117.bltmmd.fios.verizon.net','Mozilla/5.0 (Windows; U; Windows NT 6.0; en-US) AppleWebKit/532.0 (KHTML, like Gecko) Chrome/3.0.195.38 Safari/532.0',0,46,2,NULL),(306,'o84qk5nbvhg4r93e4cgag1tdq2-1',1,11,0,1,2.3,'2009-12-19 22:35:34','2009-12-19 22:52:54','68.33.67.40','c-68-33-67-40.hsd1.md.comcast.net','Mozilla/4.0 (compatible; MSIE 8.0; Windows NT 5.1; Trident/4.0; .NET CLR 1.0.3705; .NET CLR 1.1.4322; Media Center PC 4.0; .NET CLR 2.0.50727; .NET CLR 3.0.4506.2152; .NET CLR 3.5.30729)',1,21,2,NULL),(307,'9utciunhr1mpsbc4kr5sqf44e6-1',1,18,0,1,2.3,'2009-12-19 22:37:52','2009-12-19 22:53:10','99.68.165.39','adsl-99-68-165-39.dsl.klmzmi.sbcglobal.net','Mozilla/5.0 (Windows; U; Windows NT 6.0; en-US; rv:1.9.0.16) Gecko/2009120208 Firefox/3.0.16 (.NET CLR 3.5.30729)',1,29,1,NULL),(308,'5vcvtgpdheepdkckb0qeg8p8t4-1',1,23,0,1,2.3,'2009-12-19 22:39:33','2009-12-19 22:53:21','69.22.246.45','user-12hdthd.cable.mindspring.com','Mozilla/5.0 (Macintosh; U; Intel Mac OS X 10_4_11; en) AppleWebKit/531.21.8 (KHTML, like Gecko) Version/4.0.4 Safari/531.21.10',0,37,0,NULL),(309,'3ucgimr3ebug5g7hceuitr5qk6-1',1,15,0,1,2.3,'2009-12-19 22:36:18','2009-12-19 22:53:59','67.81.194.188','ool-4351c2bc.dyn.optonline.net','Opera/9.80 (Windows NT 5.1; U; en) Presto/2.2.15 Version/10.10',0,35,2,NULL),(310,'bjcpo0lb7ir0veome4cpb1hjk3-1',1,38,0,1,2.3,'2009-12-19 22:55:19',NULL,'117.193.69.141','117.193.69.141','Mozilla/5.0 (Windows; U; Windows NT 5.1; en-US) AppleWebKit/532.0 (KHTML, like Gecko) Chrome/3.0.195.38 Safari/532.0',0,23,1,NULL),(311,'snirtuivkm086lqdu1dbkkkgn5-1',1,25,0,1,2.3,'2009-12-19 22:40:22','2009-12-19 22:57:07','71.62.120.251','c-71-62-120-251.hsd1.va.comcast.net','Mozilla/5.0 (Windows; U; Windows NT 6.0; en-US; rv:1.9.1.5) Gecko/20091102 Firefox/3.5.5 (.NET CLR 3.5.30729)',1,33,1,NULL),(312,'bf9edf32cl3igla5lu6b8l14f6-1',1,24,0,1,2.3,'2009-12-19 22:39:36','2009-12-19 22:57:40','59.92.56.245','59.92.56.245','Mozilla/5.0 (Windows; U; Windows NT 5.1; en-US; rv:1.9.1.6) Gecko/20091201 Firefox/3.5.6',0,27,0,NULL),(313,'n0v14u699v7qa2f9aoh80uafa7-1',1,29,0,1,2.3,'2009-12-19 22:42:37','2009-12-19 22:59:14','71.95.107.74','71-95-107-74.dhcp.knwk.wa.charter.com','Mozilla/5.0 (Macintosh; U; Intel Mac OS X 10_5_8; en-us) AppleWebKit/531.9 (KHTML, like Gecko) Version/4.0.3 Safari/531.9',1,19,1,NULL),(314,'prk06nioofu403mhpkjuehalc5-1',1,7,0,1,2.3,'2009-12-19 22:34:02','2009-12-19 22:59:35','117.201.19.31','117.201.19.31','Mozilla/5.0 (Windows; U; Windows NT 5.1; en-US) AppleWebKit/532.0 (KHTML, like Gecko) Chrome/3.0.195.38 Safari/532.0',1,39,1,NULL),(315,'j2tofcte795pics87fcrdjtol2-1',1,14,0,1,2.3,'2009-12-19 22:36:15','2009-12-19 23:01:41','124.123.4.76','www.beamtele.com','Mozilla/5.0 (Windows; U; Windows NT 5.1; en-US; rv:1.9.1.6) Gecko/20091201 Firefox/3.5.6 (.NET CLR 3.5.30729)',0,18,0,NULL),(316,'tjh2ukq9hog6q61broroppdsv3-1',1,30,0,1,2.3,'2009-12-19 22:43:40','2009-12-19 23:02:29','216.134.248.77','77.248.dsl-dhcp.mvtel.net','Mozilla/5.0 (Windows; U; Windows NT 5.1; en-US; rv:1.9.0.16) Gecko/2009120208 Firefox/3.0.16',1,36,1,NULL),(317,'she1f2gd7iu9dj2bpkddao36t5-1',1,12,0,1,2.3,'2009-12-19 22:35:56','2009-12-19 23:02:45','70.105.19.63','pool-70-105-19-63.rich.east.verizon.net','Mozilla/4.0 (compatible; MSIE 8.0; Windows NT 6.0; Trident/4.0; GTB6.3; SLCC1; .NET CLR 2.0.50727; Media Center PC 5.0; .NET CLR 3.5.30729; .NET CLR 3.0.30729)',0,40,0,NULL),(318,'sed6u0csrsvn0qvl1jpjia0eo0-1',1,36,0,1,2.3,'2009-12-19 22:50:33','2009-12-19 23:06:24','59.178.61.209','triband-del-59.178.61.209.bol.net.in','Mozilla/5.0 (Windows; U; Windows NT 5.1; en-US) AppleWebKit/532.0 (KHTML, like Gecko) Chrome/3.0.195.38 Safari/532.0',1,24,0,NULL),(319,'ue3pjhhr003l462mj6nd9l6cc5-1',1,31,0,1,2.3,'2009-12-19 22:45:45','2009-12-19 23:07:07','71.123.14.149','pool-71-123-14-149.austtx.dsl-w.verizon.net','Mozilla/4.0 (compatible; MSIE 8.0; Windows NT 6.1; Trident/4.0; GTB6; SLCC2; .NET CLR 2.0.50727; .NET CLR 3.5.30729; .NET CLR 3.0.30729; Media Center PC 6.0; InfoPath.2; Media Center PC 5.0; OfficeLiveConnector.1.4; OfficeLivePatch.1.3; SLCC1)',1,42,3,NULL),(320,'73j1qjr69cuuf71iuuosko8e41-1',1,37,0,1,2.3,'2009-12-19 22:54:59','2009-12-19 23:09:13','116.68.100.110','116.68.100.110','Mozilla/5.0 (Windows; U; Windows NT 5.1; en-US) AppleWebKit/532.0 (KHTML, like Gecko) Chrome/3.0.195.38 Safari/532.0',1,29,1,NULL),(321,'2k1e14j90unk67qm7r19qpikf1-1',1,32,0,1,2.3,'2009-12-19 22:47:04','2009-12-19 23:10:03','68.50.164.68','c-68-50-164-68.hsd1.md.comcast.net','Mozilla/5.0 (Windows; U; Windows NT 6.0; en-US; rv:1.9.1.6) Gecko/20091201 Firefox/3.5.6',0,23,0,NULL),(322,'dh54imaa01fg9hoqvlh6h6btu0-1',1,21,0,1,2.3,'2009-12-19 22:39:06','2009-12-19 23:10:39','76.204.101.0','adsl-76-204-101-0.dsl.mdsnwi.sbcglobal.net','Mozilla/5.0 (Macintosh; U; PPC Mac OS X 10.4; en-US; rv:1.9.1.6) Gecko/20091201 Firefox/3.5.6',0,64,2,NULL),(323,'m7npu0q91h244uhuahajo819a4-1',1,43,0,1,2.3,'2009-12-19 23:07:18','2009-12-19 23:26:20','117.199.137.162','117.199.137.162','Mozilla/4.0 (compatible; MSIE 6.0; Windows NT 5.1; SV1; .NET CLR 2.0.50727)',1,34,1,NULL),(324,'6v1oqr136mu5d20ucd13pp16q4-1',1,42,0,1,2.3,'2009-12-19 23:07:07','2009-12-19 23:26:38','76.197.14.101','76.197.14.101','Mozilla/5.0 (Macintosh; U; Intel Mac OS X 10.5; en-US; rv:1.9.1.6) Gecko/20091201 Firefox/3.5.6',0,52,2,NULL),(325,'ffd81jgce446ij3pq6ft55c454-1',1,44,0,1,2.3,'2009-12-19 23:08:52','2009-12-19 23:27:59','24.192.174.164','d192-24-164-174.try.wideopenwest.com','Mozilla/5.0 (Windows; U; Windows NT 6.0; en-US; rv:1.9.0.6) Gecko/2009011913 YFF3 Firefox/3.0.6 (.NET CLR 3.5.30729)',1,31,0,NULL),(326,'2e3qsb6l7c5oel7v0iivmdhr87-1',1,40,0,1,2.3,'2009-12-19 23:03:26','2009-12-19 23:28:49','67.11.141.6','cpe-67-11-141-6.satx.res.rr.com','Mozilla/4.0 (compatible; MSIE 8.0; Windows NT 5.1; Trident/4.0; .NET CLR 2.0.50727; .NET CLR 1.1.4322; .NET CLR 3.0.4506.2152; .NET CLR 3.5.30729)',0,35,0,NULL),(327,'9h74r87jjt43id5eh57s0bn5f3-1',1,46,0,1,2.3,'2009-12-19 23:11:53','2009-12-19 23:33:46','129.97.4.121','polywater.uwaterloo.ca','Mozilla/5.0 (Macintosh; U; Intel Mac OS X 10.4; en-US; rv:1.9.1.6) Gecko/20091201 Firefox/3.5.6',0,25,0,NULL),(328,'ang26sbu2c5d01kas8hamvo6o6-1',1,47,0,1,2.3,'2009-12-19 23:16:04','2009-12-19 23:34:16','76.104.56.134','c-76-104-56-134.hsd1.va.comcast.net','Mozilla/4.0 (compatible; MSIE 7.0; Windows NT 5.1; Comcast Install 1.0; .NET CLR 1.1.4322)',1,38,1,NULL),(329,'4scr4agl1fdbeerc2rf2ks5d05-1',1,39,0,1,2.3,'2009-12-19 22:56:11','2009-12-19 23:34:32','71.165.198.189','pool-71-165-198-189.lsanca.fios.verizon.net','Mozilla/5.0 (Macintosh; U; Intel Mac OS X 10_5_8; en-us) AppleWebKit/531.21.8 (KHTML, like Gecko) Version/4.0.4 Safari/531.21.10',1,59,0,NULL),(330,'vaf4ik7ennjbjshkldo1e0mre0-1',1,33,0,1,2.3,'2009-12-19 22:48:41','2009-12-19 23:36:20','58.68.8.186','abs-static-186.8.68.58.aircel.co.in','Mozilla/5.0 (Windows; U; Windows NT 5.1; en-US; rv:1.9.1.3) Gecko/20090824 Firefox/3.5.3',0,22,2,NULL),(331,'4j3r7g5q242qipgqppi2serht3-1',1,45,0,1,2.3,'2009-12-19 23:11:30','2009-12-19 23:37:23','69.134.127.180','cpe-069-134-127-180.nc.res.rr.com','Mozilla/5.0 (Macintosh; U; Intel Mac OS X 10.4; en-US; rv:1.9.0.15) Gecko/2009101600 Firefox/3.0.15',1,29,2,NULL),(332,'660i5m7nl5fcsttj9132ud51f7-1',1,35,0,1,2.3,'2009-12-19 22:50:18','2009-12-19 23:39:00','151.199.138.179','pool-151-199-138-179.norf.east.verizon.net','Mozilla/5.0 (Windows; U; Windows NT 5.1; en-US; rv:1.9.1.6) Gecko/20091201 Firefox/3.5.6 (.NET CLR 3.5.30729)',0,66,1,NULL),(333,'2l7cq0kabrn95mn42u7h4a03p4-1',1,48,0,1,2.3,'2009-12-19 23:22:23','2009-12-19 23:42:16','216.119.21.8','216.119.21.8','Mozilla/4.0 (compatible; MSIE 7.0; Windows NT 6.0; GTB6.3; SLCC1; .NET CLR 2.0.50727; Media Center PC 5.0; .NET CLR 3.5.30729; .NET CLR 3.0.30618)',1,41,2,NULL),(334,'7uqfjujmuuldnu3994plq2idj1-1',1,49,0,1,2.3,'2009-12-19 23:33:56','2009-12-19 23:47:28','173.73.141.27','pool-173-73-141-27.washdc.fios.verizon.net','Mozilla/4.0 (compatible; MSIE 8.0; Windows NT 6.0; WOW64; Trident/4.0; SLCC1; .NET CLR 2.0.50727; Media Center PC 5.0; .NET CLR 3.5.30729; InfoPath.1; .NET CLR 3.0.30729; AskTB5.3)',0,28,1,NULL),(335,'c2i256osc02g212fvks00c81p2-1',1,41,0,1,2.3,'2009-12-19 23:05:04','2009-12-19 23:51:01','76.20.162.178','c-76-20-162-178.hsd1.mi.comcast.net','Mozilla/4.0 (compatible; MSIE 8.0; Windows NT 6.0; Trident/4.0; GTB6.3; SLCC1; .NET CLR 2.0.50727; Media Center PC 5.0; .NET CLR 3.5.30729; .NET CLR 3.0.30618)',1,55,0,NULL),(336,'b70pp8ppk7fgj9lepa0in4o117-1',1,50,0,1,2.3,'2009-12-19 23:42:50','2009-12-19 23:52:27','174.26.157.238','174-26-157-238.phnx.qwest.net','Mozilla/5.0 (Windows; U; Windows NT 5.1; en-US; rv:1.9.1.6) Gecko/20091201 Firefox/3.5.6 (.NET CLR 3.5.30729)',0,24,2,NULL),(337,'5unsva3tkcjdtd272of7fcd5s0-1',1,51,0,1,2.3,'2009-12-19 23:45:03','2009-12-20 00:03:02','67.187.118.14','c-67-187-118-14.hsd1.tn.comcast.net','Mozilla/4.0 (compatible; MSIE 8.0; Windows NT 6.0; Trident/4.0; SLCC1; .NET CLR 2.0.50727; Media Center PC 5.0; .NET CLR 1.1.4322; .NET CLR 3.5.30729; .NET CLR 3.0.30729)',1,50,0,NULL),(338,'n8d0s3otkt34tspsbiq48ecjj6-1',1,54,0,1,2.3,'2009-12-19 23:55:08','2009-12-20 00:04:27','117.201.22.123','117.201.22.123','Mozilla/5.0 (Windows; U; Windows NT 5.1; en-US; rv:1.9.1.6) Gecko/20091201 Firefox/3.5.6',0,28,1,NULL),(339,'dvug7noq381tb8vam4fa55r3q2-1',1,53,0,1,2.3,'2009-12-19 23:50:52','2009-12-20 00:12:07','99.160.57.185','adsl-99-160-57-185.dsl.bcvloh.sbcglobal.net','Mozilla/5.0 (Windows; U; Windows NT 6.0; en-US) AppleWebKit/532.6 (KHTML, like Gecko) Chrome/4.0.266.0 Safari/532.6',1,23,0,NULL),(340,'7bmo9osaf4d9fa7ivrgoe2fag1-1',1,16,0,1,2.3,'2009-12-19 22:36:30','2009-12-20 00:34:01','59.178.194.193','triband-del-59.178.194.193.bol.net.in','Mozilla/5.0 (Windows; U; Windows NT 5.1; en-GB; rv:1.9.1.6) Gecko/20091201 Firefox/3.5.6',1,38,0,NULL),(341,'r0kecn4duem54u70h5rst4e9g7-1',1,34,0,1,2.3,'2009-12-19 22:49:53','2009-12-20 03:45:48','122.174.111.175','ABTS-TN-dynamic-175.111.174.122.airtelbroadband.in','Mozilla/5.0 (Windows; U; Windows NT 5.1; en-US; rv:1.9.1.6) Gecko/20091201 Firefox/3.5.6',0,31,0,NULL),(342,'381jdhebjtnf5b5k9f0rcgm5s6-1',1,17,0,1,2.3,'2009-12-20 11:41:40',NULL,'122.164.216.170','ABTS-TN-Dynamic-170.216.164.122.airtelbroadband.in','Mozilla/5.0 (Windows; U; Windows NT 5.1; en-US) AppleWebKit/532.6 (KHTML, like Gecko) Chrome/4.0.266.0 Safari/532.6',0,21,0,NULL),(343,'3fjirse29j356cdeaoq0d28655-1',1,26,0,1,2.3,'2009-12-20 11:47:41',NULL,'59.182.118.214','triband-mum-59.182.118.214.mtnl.net.in','Mozilla/5.0 (Windows; U; Windows NT 5.1; en-US) AppleWebKit/532.0 (KHTML, like Gecko) Chrome/3.0.195.38 Safari/532.0',0,23,2,NULL),(344,'3j9qd85krjuotqgdadabe2o5k6-1',1,19,0,1,2.3,'2009-12-20 11:44:51','2009-12-20 11:56:16','98.118.156.209','pool-98-118-156-209.bflony.fios.verizon.net','Mozilla/5.0 (Windows; U; Windows NT 5.1; en-US; rv:1.9.1.3) Gecko/20090824 Firefox/3.5.3 GTB6',0,45,1,NULL),(345,'9tl8pah2l0r93qij2ddfaate23-1',1,20,0,1,2.3,'2009-12-20 11:46:00','2009-12-20 11:57:55','78.20.178.20','78-20-178-20.access.telenet.be','Mozilla/4.0 (compatible; MSIE 8.0; Windows NT 6.0; Trident/4.0; SU 3.24; SLCC1; .NET CLR 2.0.50727; .NET CLR 3.0.30729; .NET CLR 3.5.30729; InfoPath.2; OfficeLiveConnector.1.4; OfficeLivePatch.1.3; FDM)',0,19,1,NULL),(346,'186ue9ffk99kasoq05i4h62896-1',1,28,0,1,2.3,'2009-12-20 11:52:17','2009-12-20 12:02:49','174.124.135.203','174-124-135-203.dyn.centurytel.net','Mozilla/5.0 (Windows; U; Windows NT 5.1; en-US) AppleWebKit/532.0 (KHTML, like Gecko) Chrome/3.0.195.38 Safari/532.0',1,27,0,NULL),(347,'aalr4kstpp5rme5cgo3u4o3rl6-1',1,38,0,1,2.3,'2009-12-20 11:55:45','2009-12-20 12:05:23','122.174.110.210','ABTS-TN-dynamic-210.110.174.122.airtelbroadband.in','Mozilla/5.0 (Windows; U; Windows NT 5.1; en-US; rv:1.9.1.6) Gecko/20091201 Firefox/3.5.6',0,27,2,NULL),(348,'k2sv4139dlnlehcisag9pkisd6-1',1,52,0,1,2.3,'2009-12-20 11:57:02','2009-12-20 12:07:54','117.201.30.49','117.201.30.49','Mozilla/5.0 (Windows; U; Windows NT 5.1; en-US; rv:1.9.0.15) Gecko/2009110401 Firefox/3.0.15 Flock/2.5.5',0,38,1,NULL),(349,'frk0f8oj6ok5jr2279k3ndsp15-1',1,52,0,1,2.3,'2009-12-19 23:46:40',NULL,'122.167.12.133','ABTS-KK-Dynamic-133.12.167.122.airtelbroadband.in','Mozilla/5.0 (Windows; U; Windows NT 5.1; en-US; rv:1.9.0.15) Gecko/2009101601 Firefox/3.0.15',0,22,1,NULL),(350,'fu8lna1cnrs9gvtpe3pq9dqeo7-1',1,13,1,0,2.3,'2009-12-20 23:36:26','2009-12-21 03:26:34','137.153.0.42','GateKeeper19.Sony.CO.JP','Mozilla/5.0 (Windows; U; Windows NT 6.0; ja; rv:1.9.1.5) Gecko/20091102 Firefox/3.5.5',0,35,3,NULL),(351,'r64mu6jghri34t273e1qdrh176-1',1,18,1,1,2.3,'2009-12-21 17:11:02',NULL,'117.204.17.211','117.204.17.211','Mozilla/5.0 (Windows; U; Windows NT 6.0; en-US) AppleWebKit/532.0 (KHTML, like Gecko) Chrome/3.0.195.38 Safari/532.0',0,22,0,NULL),(352,'e0dp15q40ig3gb0m0a3v1upja1-1',1,17,1,1,2.3,'2009-12-21 17:09:18','2009-12-21 17:14:54','68.238.70.89','pool-68-238-70-89.lax.dsl-w.verizon.net','Mozilla/5.0 (Windows; U; Windows NT 5.1; en-US; rv:1.9.1.6) Gecko/20091201 Firefox/3.5.6 (.NET CLR 3.5.30729)',1,23,1,NULL),(353,'cotdt97m0bdj15s8053jvn3g84-1',1,15,1,1,2.3,'2009-12-21 17:08:51','2009-12-21 17:18:02','84.155.87.152','p549B5798.dip.t-dialin.net','Mozilla/5.0 (Windows; U; Windows NT 6.1; de; rv:1.9.1.6) Gecko/20091201 Firefox/3.5.6',0,31,1,NULL),(354,'8icrosp5s9urr5177uagso8vi7-1',1,19,1,1,2.3,'2009-12-21 17:11:37','2009-12-21 17:18:57','174.24.38.190','174-24-38-190.clsp.qwest.net','Mozilla/4.0 (compatible; MSIE 8.0; Windows NT 6.0; WOW64; Trident/4.0; GTB6; SLCC1; .NET CLR 2.0.50727; Media Center PC 5.0; .NET CLR 3.5.30729; .NET CLR 3.0.30729; OfficeLiveConnector.1.4; OfficeLivePatch.1.3)',0,33,2,NULL),(355,'0enbbk6spdjk46djiralg3pju3-1',1,23,1,1,2.3,'2009-12-21 17:13:27','2009-12-21 17:20:21','98.119.41.73','pool-98-119-41-73.lsanca.fios.verizon.net','Mozilla/5.0 (Windows; U; Windows NT 6.0; en-US; rv:1.9.1.6) Gecko/20091201 Firefox/3.5.6',1,27,2,NULL),(356,'j35ib1salipom7itro2m9k9vq1-1',1,16,1,1,2.3,'2009-12-21 17:09:16','2009-12-21 17:23:12','74.4.205.141','fl-74-4-205-141.dhcp.embarqhsd.net','Mozilla/4.0 (compatible; MSIE 7.0; Windows NT 5.1; Trident/4.0; GTB6.3; .NET CLR 2.0.50727; InfoPath.1; .NET CLR 3.0.4506.2152; .NET CLR 3.5.30729; .NET CLR 1.1.4322)',1,45,2,NULL),(357,'dis0p9gegrfkmcnu31935lrc77-1',1,29,1,1,2.3,'2009-12-21 17:20:57',NULL,'218.248.80.113','218.248.80.113','Mozilla/5.0 (Windows; U; Windows NT 5.1; en-US; rv:1.9.1.6) Gecko/20091201 Firefox/3.5.6',0,23,3,NULL),(358,'fq661i5gu2vr2lbogmrdkhl0e6-1',1,24,1,1,2.3,'2009-12-21 17:14:26','2009-12-21 17:26:07','173.49.140.175','pool-173-49-140-175.phlapa.fios.verizon.net','Mozilla/5.0 (Macintosh; U; Intel Mac OS X 10_5_8; en-us) AppleWebKit/531.9 (KHTML, like Gecko) Version/4.0.3 Safari/531.9',1,41,0,NULL),(359,'ap7bvvsuviv3704kk1bid6smu4-1',1,27,1,1,2.3,'2009-12-21 17:19:25','2009-12-21 17:27:54','98.236.143.187','c-98-236-143-187.hsd1.pa.comcast.net','Mozilla/5.0 (Windows; U; Windows NT 6.0; en-US; rv:1.9.0.16) Gecko/2009120208 Firefox/3.0.16 (.NET CLR 3.5.30729)',0,42,0,NULL),(360,'2u9mlhfj2n2tjb8givs98k1sm6-1',1,28,1,1,2.3,'2009-12-21 17:20:51','2009-12-21 17:28:02','68.20.22.62','adsl-68-20-22-62.dsl.chcgil.ameritech.net','Mozilla/5.0 (Windows; U; Windows NT 6.0; en-US; rv:1.9.0.16) Gecko/2009120208 Firefox/3.0.16 (.NET CLR 3.5.30729)',0,55,1,NULL),(361,'iv6ituceit0n3m0u0hthvqh2l6-1',1,22,1,1,2.3,'2009-12-21 17:12:49','2009-12-21 17:28:12','68.47.158.41','c-68-47-158-41.hsd1.fl.comcast.net','Mozilla/4.0 (compatible; MSIE 8.0; Windows NT 5.1; Trident/4.0; Comcast Install 1.0; Mozilla/4.0 (compatible; MSIE 6.0; Windows NT 5.1; SV1) ; .NET CLR 1.1.4322; FDM; .NET CLR 2.0.50727; .NET CLR 3.0.4506.2152; .NET CLR 3.5.30729)',0,52,1,NULL),(362,'msrson871qvlce6fan0it1a5k7-1',1,20,1,1,2.3,'2009-12-21 17:12:08','2009-12-21 17:28:58','208.84.196.166','208-84-196-166.rev.ackley.net','Mozilla/4.0 (compatible; MSIE 7.0; Windows NT 6.0; GTB6.3; SLCC1; .NET CLR 2.0.50727; Media Center PC 5.0; InfoPath.1; .NET CLR 3.5.30729; .NET CLR 3.0.30618; SPC 3.1 P1 Ta)',1,34,0,NULL),(363,'darb6qdek1dd1map0at09gtnr3-1',1,21,1,1,2.3,'2009-12-21 17:12:32','2009-12-21 17:33:54','141.155.31.122','pool-141-155-31-122.ny325.east.verizon.net','Mozilla/5.0 (Windows; U; Windows NT 5.1; en-US; rv:1.9.1.6) Gecko/20091201 Firefox/3.5.6',1,62,0,NULL),(364,'tsqs1bmbubaum65n8rc42ufkm4-1',1,31,1,1,2.3,'2009-12-21 17:31:55','2009-12-21 17:41:28','67.129.214.186','67-129-214-186.dia.static.qwest.net','Mozilla/4.0 (compatible; MSIE 7.0; Windows NT 5.1; .NET CLR 1.1.4322)',0,28,0,NULL),(365,'d97vsogvblh9ufa8vjea5nias5-1',1,32,1,1,2.3,'2009-12-21 17:34:05','2009-12-21 17:43:38','24.192.174.164','d192-24-164-174.try.wideopenwest.com','Mozilla/5.0 (Windows; U; Windows NT 6.0; en-US; rv:1.9.0.6) Gecko/2009011913 YFF3 Firefox/3.0.6 (.NET CLR 3.5.30729)',1,31,1,NULL),(366,'jrbvn8r2k0rk1i29eppjlrohh5-1',1,33,1,1,2.3,'2009-12-21 17:34:18','2009-12-21 17:46:33','72.84.49.162','pool-72-84-49-162.clrkwv.east.verizon.net','Mozilla/5.0 (Windows; U; Windows NT 6.0; en-US; rv:1.9.1.5) Gecko/20091102 Firefox/3.5.5 FBSMTWB',1,31,0,NULL),(367,'894qpl70kk4gi1i8c3k3382qt4-1',1,34,1,1,2.3,'2009-12-21 17:34:23','2009-12-21 17:48:09','67.40.15.102','67-40-15-102.tukw.qwest.net','Mozilla/4.0 (compatible; MSIE 7.0; Windows NT 5.1; Trident/4.0; GTB6.3; .NET CLR 1.1.4322; .NET CLR 2.0.50727; .NET CLR 3.0.4506.2152; .NET CLR 3.5.30729; MSN Optimized;US)',1,36,3,NULL),(368,'5f9g91gj1a97v0946s195p2j41-1',1,26,0,1,2.3,'2009-12-21 17:44:29','2009-12-21 17:53:55','122.164.229.249','dsl-tn-dynamic-249.229.164.122.airtelbroadband.in','Mozilla/5.0 (Windows; U; Windows NT 5.1; en-US; rv:1.9.1.6) Gecko/20091201 Firefox/3.5.6',0,33,0,NULL),(369,'1855grhm5npkakpvmla576j9p3-1',1,39,1,1,2.3,'2009-12-21 17:54:03','2009-12-21 18:05:01','117.204.18.58','117.204.18.58','Mozilla/5.0 (Windows; U; Windows NT 6.0; en-US) AppleWebKit/532.0 (KHTML, like Gecko) Chrome/3.0.195.38 Safari/532.0',0,24,1,NULL),(370,'ec8gr1u9e6u539t2qiqse3gme7-1',1,36,1,1,2.3,'2009-12-21 17:47:49','2009-12-21 18:05:06','202.129.196.75','202.129.196.75','Mozilla/5.0 (Windows; U; Windows NT 5.1; en-US; rv:1.9.0.16) Gecko/2009120208 Firefox/3.0.16',0,27,2,NULL),(371,'di4dk4svmkg8i967n13bfco7n3-1',1,17,0,1,2.3,'2009-12-21 17:43:20','2009-12-21 18:05:44','85.139.145.197','a85-139-145-197.cpe.netcabo.pt','Mozilla/4.0 (compatible; MSIE 7.0; Windows NT 6.0; SLCC1; .NET CLR 2.0.50727; Media Center PC 5.0; InfoPath.2; .NET CLR 3.5.30729; .NET CLR 3.0.30618; OfficeLiveConnector.1.3; OfficeLivePatch.0.0)',0,55,1,NULL),(372,'qs53marblmgm5gtm7bbto1lmj7-1',1,40,1,1,2.3,'2009-12-21 18:04:46',NULL,'119.94.200.29','119.94.200.29','Mozilla/5.0 (Windows; U; Windows NT 5.1; en-US; rv:1.9.1.6) Gecko/20091201 YFF3 Firefox/3.5.6 GTBDFff GTB7.0 (.NET CLR 3.5.30729)',1,27,1,NULL),(373,'nru150voml5qcllu3ugjfcqv13-1',1,25,1,1,2.3,'2009-12-21 17:14:31','2009-12-21 18:07:33','172.190.12.27','ACBE0C1B.ipt.aol.com','Mozilla/4.0 (compatible; MSIE 8.0; Windows NT 5.1; Trident/4.0; GTB6.3; .NET CLR 1.0.3705; .NET CLR 1.1.4322; Media Center PC 4.0; .NET CLR 2.0.50727; .NET CLR 3.0.04506.30; .NET CLR 3.0.04506.648; .NET CLR 3.0.4506.2152; .NET CLR 3.5.30729)',1,43,0,NULL),(374,'ebc1dkhv9mkdr4llesa1jq1hl0-1',1,38,1,1,2.3,'2009-12-21 17:53:07','2009-12-21 18:07:50','24.118.180.99','c-24-118-180-99.hsd1.mn.comcast.net','Mozilla/5.0 (Macintosh; U; Intel Mac OS X 10_5_8; en-us) AppleWebKit/531.21.8 (KHTML, like Gecko) Version/4.0.4 Safari/531.21.10',1,42,1,NULL),(375,'2l4im7e11rdl3ip2oincjmev24-1',1,37,1,1,2.3,'2009-12-21 17:52:40','2009-12-21 18:08:37','121.247.68.245','121.247.68.245.pune-static-bb.vsnl.net.in','Mozilla/5.0 (Windows; U; Windows NT 5.1; en-US; rv:1.9.1.4) Gecko/20091016 Firefox/3.5.4',1,47,0,NULL),(376,'gjg16dh0r1ets28f252jj9odc4-1',1,27,0,1,2.3,'2009-12-21 17:51:23','2009-12-21 18:08:40','212.182.98.93','netpanel-212-182-98-93.samsonowicza-f1.lublin.pl','Mozilla/5.0 (Windows; U; Windows NT 5.1; pl; rv:1.9.1.5) Gecko/20091102 Firefox/3.5.5 (.NET CLR 3.5.30729)',1,23,2,NULL),(377,'ud6859b714065h2vbsl38tuvv3-1',1,43,1,1,2.3,'2009-12-21 18:08:39',NULL,'64.12.116.9','cache-mtc-aa05.proxy.aol.com','Mozilla/4.0 (compatible; MSIE 7.0; AOL 9.0; Windows NT 5.1; Trident/4.0; FunWebProducts; .NET CLR 1.1.4322; .NET CLR 2.0.50727; .NET CLR 3.0.4506.2152; .NET CLR 3.5.30729; InfoPath.1)',1,63,1,NULL),(378,'je0v38bshje7dpdbgt7lk4mi63-1',1,35,1,1,2.3,'2009-12-21 17:34:50','2009-12-21 17:51:36','123.238.84.115','123.238.84.115','Mozilla/4.0 (compatible; MSIE 7.0; Windows NT 5.1)',0,30,0,NULL),(379,'je0v38bshje7dpdbgt7lk4mi63-2',1,55,0,1,2.3,'2009-12-21 17:54:44','2009-12-21 18:09:02','123.238.84.115','123.238.84.115','Mozilla/4.0 (compatible; MSIE 7.0; Windows NT 5.1)',0,30,1,NULL),(380,'t1oin76v23ok6u54k32gka35o3-1',1,42,1,1,2.3,'2009-12-21 18:07:04','2009-12-21 18:14:58','24.30.46.77','c-24-30-46-77.hsd1.ga.comcast.net','Mozilla/5.0 (Windows; U; Windows NT 5.1; en-US; rv:1.9.1.6) Gecko/20091201 Firefox/3.5.6 (.NET CLR 3.5.30729)',1,44,0,NULL),(381,'5bg8t87h1f68lefq5511jqair3-1',1,44,1,1,2.3,'2009-12-21 18:15:55',NULL,'117.199.132.140','117.199.132.140','Mozilla/5.0 (Windows; U; Windows NT 5.1; en-US; rv:1.9.0.16) Gecko/2009120208 Firefox/3.0.16 (.NET CLR 3.5.30729)',1,22,0,NULL),(382,'js4nvu5t6n11f4u3r9slk0csn1-1',1,56,0,1,2.3,'2009-12-21 18:13:36',NULL,'68.228.65.42','ip68-228-65-42.oc.oc.cox.net','Mozilla/5.0 (Windows; U; Windows NT 5.1; en-US; rv:1.9.1.3) Gecko/20090824 Firefox/3.5.3',1,28,1,NULL),(383,'36b0ub6ojkglip81jv2vvcf625-1',1,45,1,1,2.3,'2009-12-21 18:16:31','2009-12-21 18:29:45','24.60.57.82','c-24-60-57-82.hsd1.ma.comcast.net','Mozilla/4.0 (compatible; MSIE 8.0; Windows NT 6.0; Trident/4.0; SLCC1; .NET CLR 2.0.50727; Media Center PC 5.0; .NET CLR 3.5.30729; OfficeLiveConnector.1.3; OfficeLivePatch.0.0; .NET CLR 3.0.30729)',0,49,0,NULL),(384,'q4vb87j5p07sq2ivouqtrb0av6-1',1,46,1,1,2.3,'2009-12-21 18:26:31',NULL,'82.17.8.222','cpc1-seve13-0-0-cust221.popl.cable.ntl.com','Mozilla/5.0 (Windows; U; Windows NT 6.0; en-US) AppleWebKit/532.0 (KHTML, like Gecko) Chrome/3.0.195.38 Safari/532.0',0,26,1,NULL),(385,'d4d2nlg800fvt4bm5u218ieo86-1',1,30,1,1,2.3,'2009-12-21 17:31:31','2009-12-21 18:47:41','69.8.124.143','69.8.124.143','Mozilla/4.0 (compatible; MSIE 7.0; Windows NT 5.1; GTB6.3; .NET CLR 2.0.50727)',0,22,1,NULL),(386,'tm1j7k7282pos711on9o053884-1',1,50,1,1,2.3,'2009-12-21 18:39:50','2009-12-21 18:48:50','205.169.195.68','205-169-195-68.dia.static.qwest.net','Mozilla/5.0 (Windows; U; Windows NT 5.1; en-US; rv:1.9.0.15) Gecko/2009101601 Firefox/3.0.15',1,26,1,NULL),(387,'s20anm341hs7ce9q49v84lbhc3-1',1,52,1,1,2.3,'2009-12-21 18:41:52','2009-12-21 18:49:28','66.213.109.25','host-25.worthingtonlibraries.org','Mozilla/4.0 (compatible; MSIE 7.0; Windows NT 5.1; .NET CLR 1.1.4322; .NET CLR 2.0.50727)',0,45,1,NULL),(388,'3a2nned4ara9f11eot97prrvm6-1',1,47,1,1,2.3,'2009-12-21 18:30:58','2009-12-21 18:38:13','117.201.16.28','117.201.16.28','Mozilla/5.0 (Windows; U; Windows NT 5.1; en-US) AppleWebKit/532.0 (KHTML, like Gecko) Chrome/3.0.195.38 Safari/532.0',1,23,1,NULL),(389,'3a2nned4ara9f11eot97prrvm6-2',1,58,0,1,2.3,'2009-12-21 18:39:28','2009-12-21 18:50:01','117.201.16.28','117.201.16.28','Mozilla/5.0 (Windows; U; Windows NT 5.1; en-US) AppleWebKit/532.0 (KHTML, like Gecko) Chrome/3.0.195.38 Safari/532.0',1,23,1,NULL),(390,'f39sgqn3ahrvc0lmbma3jse9v6-1',1,49,1,1,2.3,'2009-12-21 18:35:51','2009-12-21 18:42:01','99.165.88.223','adsl-99-165-88-223.dsl.pltn13.sbcglobal.net','Mozilla/5.0 (Windows; U; Windows NT 6.0; en-US; rv:1.9.0.13) Gecko/2009073022 Firefox/3.0.6, Ant.com Toolbar 1.2 (.NET CLR 3.5.30729)',0,25,1,NULL),(391,'f39sgqn3ahrvc0lmbma3jse9v6-2',1,59,0,1,2.3,'2009-12-21 18:47:22','2009-12-21 18:54:08','99.165.88.223','adsl-99-165-88-223.dsl.pltn13.sbcglobal.net','Mozilla/5.0 (Windows; U; Windows NT 6.0; en-US; rv:1.9.0.13) Gecko/2009073022 Firefox/3.0.6, Ant.com Toolbar 1.2 (.NET CLR 3.5.30729)',0,25,2,NULL),(392,'tbagpob6g3se63p4o41majado0-1',1,57,0,1,2.3,'2009-12-21 18:26:00','2009-12-21 18:55:34','64.81.167.235','dsl081-167-235.sea1.dsl.speakeasy.net','Mozilla/5.0 (Windows; U; Windows NT 5.1; en-US; rv:1.9.1.6) Gecko/20091201 Firefox/3.5.6',1,54,3,NULL),(393,'tslejp6hm2ptuidjt5puvrgq22-1',1,48,1,1,2.3,'2009-12-21 18:35:48','2009-12-21 18:56:09','117.201.16.28','117.201.16.28','Mozilla/5.0 (Windows; U; Windows NT 5.1; en-US; rv:1.9.1.6) Gecko/20091201 Firefox/3.5.6',1,36,1,NULL),(394,'pfpuii5fnk79cjdvne0kl18i01-1',1,53,1,1,2.3,'2009-12-21 18:43:16','2009-12-21 18:59:20','117.204.113.40','117.204.113.40','Mozilla/5.0 (Windows; U; Windows NT 5.1; en-US; rv:1.9.1b1) Gecko/20081007 Firefox/3.1b1',0,24,0,NULL),(395,'8ruti6sn8hmq6t3lhiui1cfpq5-1',1,54,1,1,2.3,'2009-12-21 18:52:16','2009-12-21 19:00:51','69.121.9.50','ool-45790932.dyn.optonline.net','Mozilla/5.0 (Windows; U; Windows NT 5.1; en-US; rv:1.9.0.16) Gecko/2009120208 Firefox/3.0.16 (.NET CLR 3.5.30729)',0,33,2,NULL),(396,'njmpr37kmd57aunhuoe7ccj2t5-1',1,55,1,1,2.3,'2009-12-21 18:54:26','2009-12-21 19:05:58','76.79.95.245','rrcs-76-79-95-245.west.biz.rr.com','Mozilla/5.0 (Windows; U; Windows NT 5.1; en-US; rv:1.9.0.16) Gecko/2009120208 Firefox/3.0.16',1,37,0,NULL),(397,'bq61vjsau13ng95bulq80q0mk3-1',1,56,1,1,2.3,'2009-12-21 18:57:30','2009-12-21 19:06:07','173.29.197.153','173-29-197-153.client.mchsi.com','Mozilla/4.0 (compatible; MSIE 7.0; Windows NT 5.1; .NET CLR 1.0.3705; .NET CLR 2.0.50727; .NET CLR 3.0.4506.2152; .NET CLR 3.5.30729; yie8)',1,44,1,NULL),(398,'9f3hhm26r3s0s1gr48mi3sckt3-1',1,51,1,1,2.3,'2009-12-21 18:39:53','2009-12-21 18:45:23','117.201.16.28','117.201.16.28','Mozilla/5.0 (Windows; U; Windows NT 5.1; en-US; rv:1.8.1.17; ns) Gecko/20080915 Firefox/2.0.0.17 Flock/1.2.6',0,45,1,NULL),(399,'9f3hhm26r3s0s1gr48mi3sckt3-2',1,60,0,1,2.3,'2009-12-21 18:52:08','2009-12-21 19:07:32','117.201.16.28','117.201.16.28','Mozilla/5.0 (Windows; U; Windows NT 5.1; en-US; rv:1.8.1.17; ns) Gecko/20080915 Firefox/2.0.0.17 Flock/1.2.6',0,45,1,NULL),(400,'3sar90jsogn5ak2pcb4nss54j0-1',1,58,1,1,2.3,'2009-12-21 19:01:32','2009-12-21 19:08:47','68.53.247.95','c-68-53-247-95.hsd1.ga.comcast.net','Mozilla/5.0 (Windows; U; Windows NT 6.0; en-US; rv:1.9.1.6) Gecko/20091201 Firefox/3.5.6 (.NET CLR 3.5.30729)',1,21,2,NULL),(401,'hre5mr4371ei4nkh6ekqvtgl02-1',1,57,1,1,2.3,'2009-12-21 18:58:54','2009-12-21 19:09:28','98.206.89.28','c-98-206-89-28.hsd1.in.comcast.net','Mozilla/4.0 (compatible; MSIE 8.0; Windows NT 5.1; Trident/4.0; .NET CLR 1.1.4322; .NET CLR 2.0.50727; .NET CLR 3.0.04506.30; .NET CLR 3.0.04506.648; .NET CLR 3.0.4506.2152; .NET CLR 3.5.30729; AskTB5.2)',1,50,1,NULL),(402,'o5i1528685sufaarn49apii4s6-1',1,41,1,1,2.3,'2009-12-21 18:06:04','2009-12-21 19:16:27','151.199.138.179','pool-151-199-138-179.norf.east.verizon.net','Mozilla/5.0 (Windows; U; Windows NT 5.1; en-US; rv:1.9.1.6) Gecko/20091201 Firefox/3.5.6 (.NET CLR 3.5.30729)',0,66,1,NULL),(403,'5b0kamismoskfd2f18o5ghdcv1-1',1,18,1,1,2.3,'2009-12-21 19:13:04','2009-12-21 19:23:03','131.215.8.93','bete-noire.caltech.edu','Mozilla/5.0 (Macintosh; U; Intel Mac OS X 10.6; en-US; rv:1.9.1.5) Gecko/20091102 Firefox/3.5.5',1,29,1,NULL),(404,'0bjainjvaet4ckkfi35n5nhm36-1',1,59,1,1,2.3,'2009-12-21 19:14:50','2009-12-21 19:23:57','68.117.210.169','68-117-210-169.dhcp.athn.ga.charter.com','Mozilla/4.0 (compatible; MSIE 8.0; Windows NT 5.1; Trident/4.0; .NET CLR 1.1.4322)',1,26,2,NULL),(405,'3ivfhid0bigste9idd23n7s6o2-1',1,26,1,1,2.3,'2009-12-21 19:18:27','2009-12-21 19:24:12','71.206.168.63','c-71-206-168-63.hsd1.va.comcast.net','Mozilla/5.0 (Windows; U; Windows NT 5.1; en-US; rv:1.9.0.16) Gecko/2009120208 Firefox/3.0.16',1,25,1,NULL),(406,'3ivfhid0bigste9idd23n7s6o2-2',1,64,0,1,2.3,'2009-12-21 19:25:32','2009-12-21 19:34:25','71.206.168.63','c-71-206-168-63.hsd1.va.comcast.net','Mozilla/5.0 (Windows; U; Windows NT 5.1; en-US; rv:1.9.0.16) Gecko/2009120208 Firefox/3.0.16',1,25,1,NULL),(407,'psong08b1sqs2ki014f096k6m4-1',1,29,1,1,2.3,'2009-12-21 19:26:08','2009-12-21 19:38:11','76.122.76.182','c-76-122-76-182.hsd1.ga.comcast.net','Mozilla/5.0 (Windows; U; Windows NT 5.1; en-US; rv:1.9.1.6) Gecko/20091201 Firefox/3.5.6',1,53,0,NULL),(408,'j54ue3daqcvvkt4ihfajhr5sa0-1',1,60,1,1,2.3,'2009-12-21 19:16:51','2009-12-21 19:39:04','67.100.123.120','h-67-100-123-120.sttnwaho.dynamic.covad.net','Mozilla/5.0 (X11; U; Linux i686; en-US; rv:1.8.1.1) Gecko/20061205 Iceweasel/2.0.0.1 (Debian-2.0.0.1+dfsg-1)',0,41,2,NULL),(409,'5gdj81c8nc802k4s52cnfm9tk0-1',1,62,0,1,2.3,'2009-12-21 19:17:55','2009-12-21 19:30:09','122.153.21.2','122.153.21.2','Mozilla/5.0 (Windows; U; Windows NT 5.1; en-US; rv:1.9.1.6) Gecko/20091201 Firefox/3.5.6 IPMS/A10AA8C0-14B3007EA0A',0,25,1,NULL),(410,'5gdj81c8nc802k4s52cnfm9tk0-2',1,63,1,1,2.3,'2009-12-21 19:32:16','2009-12-21 19:39:37','122.153.21.2','122.153.21.2','Mozilla/5.0 (Windows; U; Windows NT 5.1; en-US; rv:1.9.1.6) Gecko/20091201 Firefox/3.5.6 IPMS/A10AA8C0-14B3007EA0A',0,25,1,NULL),(411,'0kknlnusf53hbudntcu9010t55-1',1,63,0,1,2.3,'2009-12-21 19:22:11','2009-12-21 19:39:54','98.245.127.243','c-98-245-127-243.hsd1.co.comcast.net','Mozilla/5.0 (Windows; U; Windows NT 6.1; en-US; rv:1.9.1.6) Gecko/20091201 Firefox/3.5.6',1,50,2,NULL),(412,'0hpjnu8r2uikpi7igv6m5cqi43-1',1,65,1,1,2.3,'2009-12-21 19:40:37',NULL,'74.73.189.2','cpe-74-73-189-2.nyc.res.rr.com','Mozilla/4.0 (compatible; MSIE 6.0; Windows NT 5.1; SV1; GTB6.3; .NET CLR 1.1.4322; .NET CLR 2.0.50727; .NET CLR 3.0.4506.2152; .NET CLR 3.5.30729)',1,32,1,NULL),(413,'u5esdkm0dbh48v15qf7m0p06d7-1',1,62,1,1,2.3,'2009-12-21 19:30:30','2009-12-21 19:42:28','71.142.56.251','adsl-71-142-56-251.dsl.scrm01.pacbell.net','Mozilla/4.0 (compatible; MSIE 8.0; Windows NT 5.1; Trident/4.0; GTB6.3; .NET CLR 1.1.4322; .NET CLR 2.0.50727; .NET CLR 3.0.4506.2152; .NET CLR 3.5.30729)',1,54,0,NULL),(414,'is564k13ogg09l3h7rc8h678b2-1',1,64,1,1,2.3,'2009-12-21 19:38:10','2009-12-21 19:46:29','216.195.18.44','dhcp-0-1f-33-33-94-49.cpe.townisp.com','Mozilla/5.0 (Windows; U; Windows NT 5.1; en-US; rv:1.9.1.6) Gecko/20091201 Firefox/3.5.6 GTB6 (.NET CLR 3.5.30729)',0,18,2,NULL),(415,'is564k13ogg09l3h7rc8h678b2-2',1,65,0,1,2.3,'2009-12-21 19:47:26',NULL,'216.195.18.44','dhcp-0-1f-33-33-94-49.cpe.townisp.com','Mozilla/5.0 (Windows; U; Windows NT 5.1; en-US; rv:1.9.1.6) Gecko/20091201 Firefox/3.5.6 GTB6 (.NET CLR 3.5.30729)',0,4,0,NULL),(416,'53if9h022882qveqbp6as5fqt1-1',1,66,1,1,2.3,'2009-12-21 19:40:44',NULL,'70.251.99.203','ppp-70-251-99-203.dsl.rcsntx.swbell.net','Mozilla/4.0 (compatible; MSIE 8.0; Windows NT 5.1; Trident/4.0; FBSMTWB; FunWebProducts; GTB6.3; SU 3.26; .NET CLR 1.1.4322; .NET CLR 2.0.50727; .NET CLR 3.0.04506.30; .NET CLR 3.0.4506.2152; .NET CLR 3.5.30729; WinNT-PAI 07.09.2009)',1,24,0,NULL),(417,'057kdrcrmf76ej2om0erbpijq3-1',1,68,1,1,2.3,'2009-12-21 19:46:36','2009-12-21 19:53:16','59.92.37.67','59.92.37.67','Mozilla/5.0 (Windows; U; Windows NT 5.1; en-US; rv:1.9.0.16) Gecko/2009120208 Firefox/3.0.16 GTB6',0,38,2,NULL),(418,'bt1c41pbgcilg4kcmgt9rff6o4-1',1,69,1,1,2.3,'2009-12-21 19:48:12','2009-12-21 19:53:22','74.105.4.105','pool-74-105-4-105.nwrknj.fios.verizon.net','Mozilla/5.0 (Windows; U; Windows NT 6.0; en-US; rv:1.9.1.2) Gecko/20090729 Firefox/3.5.2 (.NET CLR 3.5.30729) FBSMTWB',0,36,1,NULL),(419,'7cdm6t5iqfc2mofaqn6kfj5tq3-1',1,67,1,1,2.3,'2009-12-21 19:45:39','2009-12-21 19:53:55','24.16.42.142','c-24-16-42-142.hsd1.wa.comcast.net','Mozilla/5.0 (Windows; U; Windows NT 5.1; en-US; rv:1.9.1.6) Gecko/20091201 Firefox/3.5.6 (.NET CLR 3.5.30729)',1,45,1,NULL),(420,'agego7qmjcvtame48g22oka3j0-1',1,66,0,1,2.3,'2009-12-21 19:51:26','2009-12-21 20:03:02','122.163.170.186','ABTS-North-Dynamic-186.170.163.122.airtelbroadband.in','Mozilla/5.0 (Windows; U; Windows NT 5.1; en-US; rv:1.9.1.6) Gecko/20091201 Firefox/3.5.6 FBSMTWB',0,22,1,NULL),(421,'qe4k8igtatql21m1a4q62bda61-1',1,70,1,1,2.3,'2009-12-21 19:54:30','2009-12-21 20:08:43','74.141.20.96','74-141-20-96.dhcp.insightbb.com','Mozilla/5.0 (Windows; U; Windows NT 5.0; en-US; rv:1.9.1.6) Gecko/20091201 Firefox/3.5.6',1,29,1,NULL),(422,'c8ajjdknr8qb0k3kd24ur5q187-1',1,43,1,1,2.3,'2009-12-21 20:14:07','2009-12-21 20:18:33','59.92.37.67','59.92.37.67','Mozilla/5.0 (Windows; U; Windows NT 5.1; en-US) AppleWebKit/532.0 (KHTML, like Gecko) Chrome/3.0.195.38 Safari/532.0',0,36,1,NULL),(423,'b1rhjm1lsq8iu094pf893hr4v5-1',1,40,1,1,2.3,'2009-12-21 20:06:09','2009-12-21 20:24:47','117.192.230.27','117.192.230.27','Mozilla/4.0 (compatible; MSIE 8.0; Windows NT 5.1; Trident/4.0; InfoPath.2; .NET CLR 2.0.50727; .NET CLR 3.0.04506.648; .NET CLR 3.5.21022; .NET CLR 3.0.4506.2152; .NET CLR 3.5.30729)',1,31,0,NULL),(424,'q6isvaj95gjigu5ir847t7t9b4-1',1,44,1,1,2.3,'2009-12-21 20:28:36','2009-12-21 20:39:50','59.92.202.142','59.92.202.142','Mozilla/4.0 (compatible; MSIE 8.0; Windows NT 5.1; Trident/4.0; GTB6.3; .NET CLR 2.0.50727; .NET CLR 3.0.4506.2152; .NET CLR 3.5.30729; InfoPath.2)',1,39,0,NULL),(425,'facnie86d50jsk673103kul931-1',1,46,1,1,2.3,'2009-12-21 20:35:12','2009-12-21 20:45:08','129.89.187.234','129.89.187.234','Mozilla/5.0 (Windows; U; Windows NT 6.0; en-US) AppleWebKit/532.0 (KHTML, like Gecko) Chrome/3.0.195.38 Safari/532.0',0,18,0,NULL),(426,'ivii2fluh5c8devdagagiljg66-1',1,1,1,1,2.3,'2009-12-21 20:36:56','2009-12-21 20:51:02','67.235.35.45','nc-67-235-35-45.dhcp.embarqhsd.net','Mozilla/5.0 (Windows; U; Windows NT 5.1; en-US; rv:1.9.1.6) Gecko/20091201 Firefox/3.5.6 (.NET CLR 3.5.30729)',1,48,2,NULL),(427,'is32vsbaudtl88ook5paslhv60-1',1,3,1,1,2.3,'2009-12-21 20:46:03','2009-12-21 20:54:57','173.65.252.188','pool-173-65-252-188.tampfl.fios.verizon.net','Mozilla/4.0 (compatible; MSIE 8.0; Windows NT 5.1; Trident/4.0; .NET CLR 1.1.4322; customie8)',1,48,2,NULL),(428,'pp755ngvhga6d83932lag8ohm7-1',1,4,1,1,2.3,'2009-12-21 20:54:38','2009-12-21 21:05:27','70.16.85.162','pool-70-16-85-162.alt.east.verizon.net','Mozilla/4.0 (compatible; MSIE 8.0; Windows NT 6.0; Trident/4.0; SLCC1; .NET CLR 2.0.50727; Media Center PC 5.0; .NET CLR 3.5.30729; .NET CLR 1.1.4322; .NET CLR 3.0.30729)',1,27,2,NULL),(429,'b5gtaumhrq7k9bu6l7kcor1pf4-1',1,5,1,1,2.3,'2009-12-21 21:04:00','2009-12-21 21:15:07','59.95.16.126','59.95.16.126','Mozilla/5.0 (Windows; U; Windows NT 5.1; en-US) AppleWebKit/532.0 (KHTML, like Gecko) Chrome/3.0.195.38 Safari/532.0',0,21,1,NULL),(430,'5sse66mrq5vtp41v87tad2sc43-1',1,2,1,1,2.3,'2009-12-21 20:38:05','2009-12-21 20:50:16','125.60.252.170','125.60.252.170','Mozilla/5.0 (Windows; U; Windows NT 6.0; en-US; rv:1.9.0.16) Gecko/2009120208 Firefox/3.0.16 (.NET CLR 3.5.30729)',0,28,2,NULL),(431,'5sse66mrq5vtp41v87tad2sc43-2',1,56,0,1,2.3,'2009-12-21 20:52:40','2009-12-21 21:20:47','125.60.252.170','125.60.252.170','Mozilla/5.0 (Windows; U; Windows NT 6.0; en-US; rv:1.9.0.16) Gecko/2009120208 Firefox/3.0.16 (.NET CLR 3.5.30729)',0,28,2,NULL),(432,'eg8iojvo7heq55c441g9j0j701-1',1,6,1,1,2.3,'2009-12-21 21:13:54','2009-12-21 21:28:55','204.30.0.162','204.30.0.162','Mozilla/5.0 (Windows; U; Windows NT 5.1; en-US; rv:1.9.1.6) Gecko/20091201 Firefox/3.5.6 (.NET CLR 3.5.30729)',1,27,2,NULL),(433,'brr6aibio93nphdgpsh39llc93-1',1,67,0,1,2.3,'2009-12-21 21:31:09','2009-12-21 21:47:35','83.231.118.189','83.231.118.189','Mozilla/4.0 (compatible; MSIE 7.0; Windows NT 6.0; GTB6; SLCC1; .NET CLR 2.0.50727; Media Center PC 5.0; InfoPath.1; .NET CLR 3.5.30729; .NET CLR 3.0.30618)',0,34,1,NULL),(434,'qbcd4q3em0ihm7n4ct6qc72jg4-1',1,65,0,1,2.3,'2009-12-21 21:47:41',NULL,'76.179.99.225','cpe-76-179-99-225.maine.res.rr.com','Mozilla/5.0 (Windows; U; Windows NT 6.0; en-US; rv:1.9.1.6) Gecko/20091201 Firefox/3.5.6 (.NET CLR 3.5.30729)',0,19,0,NULL),(435,'qhoblo3e18fk0vqakr6do9qcn4-1',1,61,1,1,2.3,'2009-12-21 21:46:20','2009-12-21 21:55:35','24.90.59.128','cpe-24-90-59-128.nyc.res.rr.com','Mozilla/4.0 (compatible; MSIE 6.0; Windows NT 5.1; SV1; .NET CLR 2.0.50727; .NET CLR 3.0.04506.30; .NET CLR 3.0.4506.2152; .NET CLR 3.5.30729)',0,30,2,NULL),(436,'hb2747e1hhh3o80cn5e812spa7-1',1,65,1,1,2.3,'2009-12-21 21:48:45','2009-12-21 21:56:23','97.112.203.145','97-112-203-145.frgo.qwest.net','Mozilla/5.0 (Windows; U; Windows NT 5.1; en-US; rv:1.9.0.16) Gecko/2009120208 Firefox/3.0.16 FBSMTWB',0,35,1,NULL),(437,'29q2ln96q9bg62sh6tn1hfc7q6-1',1,66,1,1,2.3,'2009-12-21 21:54:37','2009-12-21 22:05:13','75.139.4.144','static.unknown.charter.com','Mozilla/5.0 (Windows; U; Windows NT 6.0; en-US; rv:1.9.1.6) Gecko/20091201 Firefox/3.5.6 (.NET CLR 3.5.30729)',0,20,0,NULL),(438,'sgl07c3tk9g360o6hhme74l8r2-1',1,68,0,1,2.3,'2009-12-21 21:49:32','2009-12-21 22:13:47','68.11.24.241','ip68-11-24-241.no.no.cox.net','Mozilla/4.0 (compatible; MSIE 8.0; Windows NT 5.1; Trident/4.0; .NET CLR 1.1.4322; InfoPath.1; .NET CLR 2.0.50727; .NET CLR 3.0.4506.2152; .NET CLR 3.5.30729)',1,67,1,NULL),(439,'6b4o1f45u248ga9k7eosvnhrb7-1',1,8,1,1,2.3,'2009-12-21 22:17:26',NULL,'67.60.171.58','67-60-171-58.cpe.cableone.net','Mozilla/4.0 (compatible; MSIE 8.0; Windows NT 5.1; Trident/4.0; FunWebProducts; Mozilla/4.0 (compatible; MSIE 6.0; Windows NT 5.1; SV1) ; .NET CLR 1.1.4322; .NET CLR 2.0.50727; .NET CLR 3.0.4506.2152; .NET CLR 3.5.30729)',0,24,0,NULL),(440,'sfotc22lp4tt8n6ur7mu5nv0h7-1',1,9,1,1,2.3,'2009-12-21 22:19:52','2009-12-21 22:27:52','72.192.18.219','ip72-192-18-219.ri.ri.cox.net','Mozilla/4.0 (compatible; MSIE 8.0; Windows NT 6.1; Trident/4.0; iOpus-Web-Automation; GTB6.4; SLCC2; .NET CLR 2.0.50727; .NET CLR 3.5.30729; .NET CLR 3.0.30729; Media Center PC 6.0; MDDS; Tablet PC 2.0; InfoPath.2)',1,28,2,NULL),(441,'vs9k64ctcjd0op3h7k2iihrm82-1',1,10,1,1,2.3,'2009-12-21 22:28:00','2009-12-21 22:41:05','117.199.134.243','117.199.134.243','Mozilla/4.0 (compatible; MSIE 6.0; Windows NT 5.1; SV1; .NET CLR 2.0.50727)',1,35,0,NULL),(442,'mgt3s7rcajladhmismurku3s17-1',1,11,1,1,2.3,'2009-12-21 22:32:34','2009-12-21 22:41:15','98.234.30.251','c-98-234-30-251.hsd1.ca.comcast.net','Mozilla/5.0 (Windows; U; Windows NT 6.0; en-US) AppleWebKit/531.9 (KHTML, like Gecko) Version/4.0.3 Safari/531.9.1',0,26,1,NULL),(443,'q2fspum3qeolte2pe1tek9jj04-1',1,12,1,1,2.3,'2009-12-21 22:36:43','2009-12-21 22:50:11','118.94.128.178','retail.dynamic.sify.net','Mozilla/4.0 (compatible; MSIE 7.0; Windows NT 5.1; GTB6.3; .NET CLR 2.0.50727; .NET CLR 1.1.4322; FDM)',0,38,1,NULL),(444,'d730hsoh287vt611gn5qiviuv3-1',1,15,1,1,2.3,'2009-12-21 22:45:50','2009-12-21 22:59:34','68.119.225.134','68-119-225-134.dhcp.ahvl.nc.charter.com','Mozilla/4.0 (compatible; MSIE 8.0; Windows NT 5.1; Trident/4.0; GTB6; .NET CLR 1.1.4322; .NET CLR 2.0.50727; .NET CLR 3.0.4506.2152; .NET CLR 3.5.30729)',0,30,0,NULL),(445,'kkeaj0m6haploq5q4kdgfc80h7-1',1,13,1,1,2.3,'2009-12-21 22:39:35','2009-12-21 23:07:09','64.203.183.248','64-203-183-248.springwood.dmt.ntelos.net','Mozilla/5.0 (Macintosh; U; PPC Mac OS X 10_4_11; en) AppleWebKit/531.21.8 (KHTML, like Gecko) Version/4.0.4 Safari/531.21.10',0,57,1,NULL),(446,'8fsebvjlbp72s65aj8f0dutvo5-1',1,16,1,1,2.3,'2009-12-21 22:56:46','2009-12-21 23:15:15','59.145.111.68','59.145.111.68','Mozilla/5.0 (Windows; U; Windows NT 5.1; en-US) AppleWebKit/532.0 (KHTML, like Gecko) Chrome/3.0.195.38 Safari/532.0',1,31,1,NULL),(447,'5eki7a1r91il9de1gfadkuboj3-1',1,14,1,1,2.3,'2009-12-21 22:40:49',NULL,'69.8.124.143','69.8.124.143','Mozilla/4.0 (compatible; MSIE 7.0; Windows NT 5.1; GTB6.3; .NET CLR 1.1.4322; .NET CLR 2.0.50727)',1,22,2,NULL),(448,'ihpi4j47sq1jfjkjiucsbdv2k2-1',1,17,1,1,2.3,'2009-12-21 23:09:07','2009-12-21 23:17:51','116.74.205.110','116.74.205.110','Mozilla/5.0 (Windows; U; Windows NT 5.1; en-US) AppleWebKit/532.0 (KHTML, like Gecko) Chrome/3.0.195.38 Safari/532.0',1,23,2,NULL),(449,'t5poss1src5kqhv0k5rd753c17-1',1,69,0,1,2.3,'2009-12-21 23:19:17','2009-12-21 23:35:39','68.74.72.87','adsl-68-74-72-87.dsl.emhril.ameritech.net','Mozilla/4.0 (compatible; MSIE 8.0; Windows NT 5.1; Trident/4.0; yie6_SBC; Mozilla/4.0 (compatible; MSIE 6.0; Windows NT 5.1; SV1) ; .NET CLR 1.0.3705; .NET CLR 2.0.50727; .NET CLR 3.0.4506.2152; .NET CLR 3.5.30729)',1,35,1,NULL),(450,'f37m332gph1ipqbmvgtobfk356-1',1,70,0,1,2.3,'2009-12-21 23:26:32','2009-12-21 23:39:23','59.145.111.68','59.145.111.68','Mozilla/5.0 (Windows; U; Windows NT 5.1; en-US) AppleWebKit/532.0 (KHTML, like Gecko) Chrome/3.0.195.38 Safari/532.0',1,25,1,NULL),(451,'geem2hfslpvrp058rhs2m5mfd2-1',1,3,0,1,2.3,'2009-12-21 23:35:30',NULL,'117.201.25.66','117.201.25.66','Mozilla/5.0 (Windows; U; Windows NT 5.1; en-US; rv:1.8.1.2) Gecko/20070219 Firefox/2.0.0.2',1,24,2,NULL),(452,'2qo3ftsncjl9irb3o9cq7dup57-1',1,1,0,1,2.3,'2009-12-21 23:31:14','2009-12-21 23:56:57','96.39.148.101','static.unknown.charter.com','Mozilla/5.0 (Windows; U; Windows NT 5.1; en-US; rv:1.9.1.6) Gecko/20091201 Firefox/3.5.6 (.NET CLR 3.5.30729)',0,39,2,NULL),(453,'t3rh875338d72qln7o7svdqpq6-1',1,65,0,1,2.3,'2009-12-21 23:53:12',NULL,'117.199.142.238','117.199.142.238','Mozilla/5.0 (Windows; U; Windows NT 5.1; en-US; rv:1.9.0.11) Gecko/2009060215 Firefox/3.0.11 (.NET Client 3.5.30729.01)',0,25,0,NULL),(454,'3diqmeb2001v43fg45dn3p7i56-1',1,61,1,1,2.3,'2009-12-21 19:19:28',NULL,'200.55.129.147','200.55.129.147','Mozilla/5.0 (Windows; U; Windows NT 6.1; en-US) AppleWebKit/532.4 (KHTML, like Gecko) Chrome/4.0.237.0 Safari/532.4',1,22,2,NULL),(455,'eb9ofgossab0jvbfkvsahr2d37-1',1,7,1,1,2.3,'2009-12-22 01:46:22','2009-12-22 01:59:13','99.189.103.6','99-189-103-6.lightspeed.tulsok.sbcglobal.net','Mozilla/5.0 (Windows; U; Windows NT 5.1; en-US; rv:1.9.1.5) Gecko/20091102 Firefox/3.5.5',0,50,0,NULL),(456,'p7pell9ld799r44c94vgftcqj0-1',1,8,1,1,2.3,'2009-12-22 01:48:47','2009-12-22 02:05:03','189.105.165.111','189105165111.user.veloxzone.com.br','Mozilla/5.0 (Windows; U; Windows NT 5.1; pt-BR; rv:1.9.1.5) Gecko/20091102 Firefox/3.5.5',0,19,1,NULL),(457,'u8h7t1e3ji9br51aeqf0i80an2-1',1,65,0,0,2.3,'2009-12-22 08:54:57','2009-12-22 09:11:37','137.153.0.41','GateKeeper18.Sony.CO.JP','Mozilla/4.0 (compatible; MSIE 6.0; Windows NT 5.1; SV1; .NET CLR 1.0.3705; .NET CLR 1.1.4322; .NET CLR 2.0.50727; InfoPath.1; .NET CLR 3.0.4506.2152; .NET CLR 3.5.30729)',0,32,2,NULL),(458,'acjmss7it7jhqbqc5oul66aue0-1',1,14,1,1,2.3,'2009-12-22 11:08:48','2009-12-22 11:16:14','216.52.142.11','216.52.142.11','Mozilla/4.0 (compatible; MSIE 7.0; Windows NT 5.1; .NET CLR 1.1.4322; InfoPath.2; .NET CLR 2.0.50727; .NET CLR 3.0.04506.648; .NET CLR 3.5.21022)',0,33,2,NULL),(459,'pvoumgpjb3q8seh2u9dg5ud610-1',1,18,1,1,2.3,'2009-12-22 11:12:48','2009-12-22 11:24:11','117.197.189.164','117.197.189.164','Opera/9.80 (Windows NT 5.1; U; en) Presto/2.2.15 Version/10.10',0,21,1,NULL),(460,'jq9jmsqfpjaa9sgrmqlh1ihjg0-1',1,19,1,1,2.3,'2009-12-22 11:14:26','2009-12-22 11:25:11','70.44.124.231','70.44.124.231.res-cmts.sm.ptd.net','Mozilla/5.0 (Macintosh; U; Intel Mac OS X 10_5_8; en-us) AppleWebKit/531.21.8 (KHTML, like Gecko) Version/4.0.4 Safari/531.21.10',1,23,1,NULL),(461,'4jsvkim0hot727c3nb180navf0-1',1,20,1,1,2.3,'2009-12-22 11:20:22','2009-12-22 11:31:56','122.164.183.72','ABTS-TN-dynamic-072.183.164.122.airtelbroadband.in','Mozilla/5.0 (Windows; U; Windows NT 5.1; en-US; rv:1.9.0.16) Gecko/2009120208 Firefox/3.0.16',0,32,0,NULL),(462,'78r9r7bhff3iilsb16e11cm837-1',1,23,1,1,2.3,'2009-12-22 11:35:48','2009-12-22 11:42:12','117.201.27.164','117.201.27.164','Mozilla/5.0 (Windows; U; Windows NT 5.1; en-US; rv:1.9.0.15) Gecko/2009110401 Firefox/3.0.15 Flock/2.5.5',0,38,1,NULL),(463,'cjvaf4derp2eiu40epbl6ghfg6-1',1,22,1,1,2.3,'2009-12-22 11:32:43','2009-12-22 11:45:49','97.82.95.32','97-82-95-32.dhcp.gnvl.sc.charter.com','Mozilla/4.0 (compatible; MSIE 8.0; Windows NT 5.1; Trident/4.0; .NET CLR 2.0.50727; .NET CLR 3.0.4506.2152; .NET CLR 3.5.30729; .NET CLR 1.1.4322)',1,47,0,NULL),(464,'nl6tlunpcivabhc22cudplss76-1',1,25,1,1,2.3,'2009-12-22 11:45:04','2009-12-22 11:51:02','71.187.249.18','static-71-187-249-18.nwrknj.fios.verizon.net','Mozilla/4.0 (compatible; MSIE 7.0; Windows NT 5.1)',0,31,1,NULL),(465,'m9huk01t9vvro064ihvojjuf37-1',1,24,1,1,2.3,'2009-12-22 11:36:27','2009-12-22 11:53:37','116.68.81.58','116.68.81.58','Mozilla/5.0 (Windows; U; Windows NT 5.1; en-US; rv:1.9.0.16) Gecko/2009120208 Firefox/3.0.16 WinTSI 03.10.2009',1,31,0,NULL),(466,'9g6952nunlc2a2dctavksiqj76-1',1,21,1,1,2.3,'2009-12-22 11:32:33','2009-12-22 12:00:57','92.41.171.154','92.41.171.154.sub.mbb.three.co.uk','Mozilla/5.0 (Windows; U; Windows NT 5.1; en-US; rv:1.9.1.2) Gecko/20090729 Firefox/3.5.2',0,27,0,NULL),(467,'u0ud2p5gragfkh2jrn7vqnv7r4-1',1,26,1,1,2.3,'2009-12-22 11:55:22','2009-12-22 12:03:58','70.126.250.67','67-250.126-70.tampabay.res.rr.com','Mozilla/5.0 (Windows; U; Windows NT 6.0; en-US; rv:1.9.1.6) Gecko/20091201 Firefox/3.5.6 (.NET CLR 3.5.30729)',0,37,1,NULL),(468,'9tt188sr9o68mml1r51c0j3df1-1',1,29,1,1,2.3,'2009-12-22 12:10:44',NULL,'122.174.79.200','ABTS-TN-dynamic-200.79.174.122.airtelbroadband.in','Mozilla/5.0 (Windows; U; Windows NT 5.1; en-US; rv:1.9.1.6) Gecko/20091201 Firefox/3.5.6',1,23,0,NULL),(469,'g2mh563u3bgphptrnvh8ffi8h5-1',1,28,1,1,2.3,'2009-12-22 12:06:23','2009-12-22 12:18:34','59.92.59.183','59.92.59.183','Mozilla/5.0 (Windows; U; Windows NT 5.1; en-US) AppleWebKit/532.5 (KHTML, like Gecko) Chrome/4.0.249.43 Safari/532.5',0,22,1,NULL),(470,'743vqj3fq2sb3qrep5lskgep65-1',1,30,1,1,2.3,'2009-12-22 12:10:56','2009-12-22 12:24:29','61.17.77.171','61.17.77.171.static-pune.vsnl.net.in','Mozilla/4.0 (compatible; MSIE 8.0; Windows NT 5.1; Trident/4.0; InfoPath.2)',0,36,2,NULL),(471,'b9eqki4nc13rsicd2gu9ffist3-1',1,27,1,1,2.3,'2009-12-22 12:03:25','2009-12-22 12:32:35','69.171.163.230','ord-69-171-163-230.evdo.leapwireless.net','Mozilla/5.0 (Windows; U; Windows NT 6.1; en-US; rv:1.9.1.6) Gecko/20091201 Firefox/3.5.6',0,26,2,NULL),(472,'4im0qteu7co4a0fodn1fto7ot2-1',1,32,1,1,2.3,'2009-12-22 12:23:55','2009-12-22 12:39:38','122.163.133.92','ABTS-North-Dynamic-092.133.163.122.airtelbroadband.in','Mozilla/5.0 (Windows; U; Windows NT 5.1; en-US; rv:1.9.0.10) Gecko/2009042316 Firefox/3.0.10',0,26,2,NULL),(473,'p9jblumhori3n7v5h42pcbjna4-1',1,35,1,1,2.3,'2009-12-22 12:35:16',NULL,'199.247.128.35','zeke.gov.yk.ca','Mozilla/4.0 (compatible; MSIE 7.0; Windows NT 5.1; .NET CLR 1.1.4322; .NET CLR 2.0.50727; .NET CLR 3.0.04506.30)',0,28,2,NULL),(474,'jr7ibdhm3mkm395gl46oevhpb0-1',1,33,1,1,2.3,'2009-12-22 12:28:43','2009-12-22 12:40:56','192.188.205.106','usarproxy06.usar.army.mil','Mozilla/4.0 (compatible; MSIE 6.0; Windows NT 5.1; SV1; .NET CLR 2.0.50727; InfoPath.1; .NET CLR 3.0.04506.30; .NET CLR 3.0.04506.648)',0,46,1,NULL),(475,'g7hvktbhafjlp7oieh6p5sg0p7-1',1,31,1,1,2.3,'2009-12-22 12:17:07','2009-12-22 12:44:31','134.193.54.111','kc-isia-19kpdf1.kc.umkc.edu','Mozilla/5.0 (Windows; U; Windows NT 6.0; en-US; rv:1.9.0.16) Gecko/2009120208 Firefox/3.0.16 (.NET CLR 3.5.30729)',1,40,0,NULL),(476,'b4io3ed0oe6aamkefqru85fpe2-1',1,34,1,1,2.3,'2009-12-22 12:30:12','2009-12-22 12:45:12','122.167.73.238','ABTS-KK-Dynamic-238.73.167.122.airtelbroadband.in','Mozilla/4.0 (compatible; MSIE 8.0; Windows NT 6.0; Trident/4.0; SLCC1; .NET CLR 2.0.50727; Media Center PC 5.0; .NET CLR 3.0.04506; InfoPath.1)',0,26,1,NULL),(477,'rhigoqurd2qt3gm03gjf91v0o6-1',1,37,1,1,2.3,'2009-12-22 12:59:37','2009-12-22 13:03:43','68.0.150.198','ip68-0-150-198.tc.ph.cox.net','Mozilla/4.0 (compatible; MSIE 8.0; Windows NT 6.0; Trident/4.0; GTB6.3; SLCC1; .NET CLR 2.0.50727; Media Center PC 5.0; eMusic DLM/4; .NET CLR 3.5.30729; .NET CLR 3.0.30618)',1,23,0,NULL),(478,'m7ip8e60ksq1otc4r90247d6h6-1',1,36,1,1,2.3,'2009-12-22 12:59:12','2009-12-22 13:12:41','123.236.198.21','123.236.198.21','Mozilla/5.0 (Windows; U; Windows NT 5.1; en-US) AppleWebKit/532.0 (KHTML, like Gecko) Chrome/3.0.195.38 Safari/532.0',1,36,1,NULL),(479,'9rlv4s0dbdine1bp8edhlu8k50-1',1,43,1,1,2.3,'2009-12-22 13:19:30',NULL,'117.196.96.7','117.196.96.7','Mozilla/5.0 (Windows; U; Windows NT 6.0; en-US; rv:1.9.1.6) Gecko/20091201 Firefox/3.5.6 GTB6 (.NET CLR 2.0.50727; .NET CLR 3.0.30729; .NET CLR 3.5.30729)',1,32,2,NULL),(480,'br43clqr2mnh6jlpqm72hf1tp7-1',1,39,1,1,2.3,'2009-12-22 13:11:44','2009-12-22 13:28:00','117.199.125.34','117.199.125.34','Mozilla/5.0 (Windows; U; Windows NT 5.1; en-US; rv:1.9.1.6) Gecko/20091201 Firefox/3.5.6',0,32,1,NULL),(481,'lf7etr1aq8200q4981rkel4qc6-1',1,41,1,1,2.3,'2009-12-22 13:16:33','2009-12-22 13:28:26','116.68.100.110','116.68.100.110','Mozilla/5.0 (Windows; U; Windows NT 5.1; en-US) AppleWebKit/532.0 (KHTML, like Gecko) Chrome/3.0.195.38 Safari/532.0',1,29,1,NULL),(482,'fu2btalrqtlghdcfnv1lp101d3-1',1,42,1,1,2.3,'2009-12-22 13:19:20','2009-12-22 13:29:27','119.155.5.172','119.155.5.172','Mozilla/5.0 (Windows; U; Windows NT 5.1; en-US; rv:1.9.1.6) Gecko/20091201 Firefox/3.5.6',0,20,2,NULL),(483,'aa1jeo9fdotfvvuidl1c429up2-1',1,40,1,1,2.3,'2009-12-22 13:15:47','2009-12-22 13:29:52','24.62.104.13','c-24-62-104-13.hsd1.ma.comcast.net','Mozilla/4.0 (compatible; MSIE 7.0; Windows NT 5.1; GTB6.3; .NET CLR 1.1.4322; .NET CLR 2.0.50727; .NET CLR 3.0.4506.2152; .NET CLR 3.5.30729)',0,37,0,NULL),(484,'58fpascf60lv86s46oe12o32t2-1',1,44,1,1,2.3,'2009-12-22 13:21:00','2009-12-22 13:31:06','122.164.162.210','ABTS-TN-dynamic-210.162.164.122.airtelbroadband.in','Mozilla/4.0 (compatible; MSIE 7.0; Windows NT 6.0; SU 3.23; SLCC1; .NET CLR 2.0.50727; Media Center PC 5.0; .NET CLR 3.0.04506; InfoPath.2; .NET CLR 1.1.4322; .NET CLR 3.5.21022; .NET4.0C)',0,25,1,NULL),(485,'o26o6vl4ajvuhm1aljojkjv587-1',1,38,1,1,2.3,'2009-12-22 13:10:13','2009-12-22 13:31:08','74.51.9.153','host-74-51-9-153.united.net','Mozilla/5.0 (Windows; U; Windows NT 5.1; en-US; rv:1.9.1.6) Gecko/20091201 Firefox/3.5.6 (.NET CLR 3.5.30729)',1,35,0,NULL),(486,'mesmjtv47kegaslh0efdr8l451-1',1,45,1,1,2.3,'2009-12-22 13:25:49','2009-12-22 13:34:31','72.16.189.42','72.16.189.42','Mozilla/4.0 (compatible; MSIE 7.0; Windows NT 5.1; .NET CLR 1.1.4322; IEMB3; IEMB3)',1,25,2,NULL),(487,'p611oum5ron3bol495d8dnv1k4-1',1,49,1,1,2.3,'2009-12-22 13:48:32',NULL,'173.169.18.34','cpe-173-169-18-34.tampabay.res.rr.com','Mozilla/4.0 (compatible; MSIE 7.0; Windows NT 6.0; Trident/4.0; GTB6.3; SLCC1; .NET CLR 2.0.50727; Media Center PC 5.0; UPAS 3.2.155.0; .NET CLR 3.0.30618; .NET CLR 3.5.30729; InfoPath.2; MSN Optimized;US)',1,30,0,NULL),(488,'hlve1cqv2li8mn3adml7blb4a0-1',1,46,1,1,2.3,'2009-12-22 13:37:13','2009-12-22 13:52:17','67.42.156.15','67-42-156-15.ptld.qwest.net','Mozilla/4.0 (compatible; MSIE 6.0; Windows 98; Win 9x 4.90)',1,40,2,NULL),(489,'c365516cs2gkjt0ubo3bjin716-1',1,51,1,1,2.3,'2009-12-22 13:51:28','2009-12-22 13:56:56','78.97.241.181','78.97.241.181','Mozilla/4.0 (compatible; MSIE 7.0; Windows NT 6.0; GTB6.3; SLCC1; .NET CLR 2.0.50727; Media Center PC 5.0; .NET CLR 3.0.04506)',1,32,0,NULL),(490,'lhe4casp35psnfn8nhe8aqhd15-1',1,48,1,1,2.3,'2009-12-22 13:44:28','2009-12-22 13:57:02','69.8.124.143','69.8.124.143','Mozilla/4.0 (compatible; MSIE 7.0; Windows NT 5.1; .NET CLR 2.0.50727; .NET CLR 3.0.4506.2152; .NET CLR 3.5.30729)',1,22,0,NULL),(491,'lts27st79mquihm3utn4fiagj2-1',1,50,1,1,2.3,'2009-12-22 13:51:19','2009-12-22 13:57:16','98.110.150.53','pool-98-110-150-53.bstnma.fios.verizon.net','Mozilla/5.0 (Windows; U; Windows NT 5.1; en-US; rv:1.9.1.5) Gecko/20091102 Firefox/3.5.5 (.NET CLR 3.5.30729)',0,42,3,NULL),(492,'ekij8ot1l7bsp4r84ba59bsqq5-1',1,52,1,1,2.3,'2009-12-22 13:51:39','2009-12-22 14:01:38','59.178.208.135','triband-del-59.178.208.135.bol.net.in','Mozilla/4.0 (compatible; MSIE 7.0; Windows NT 5.1; Trident/4.0; GTB6.4; SU 3.26; .NET CLR 2.0.50727; .NET CLR 3.0.04506.648; .NET CLR 3.5.21022; AskTB5.3; yie8; GreenBrowser)',0,35,0,NULL),(493,'4eted4cb3je6q56cod59a9iod5-1',1,47,1,1,2.3,'2009-12-22 13:39:09','2009-12-22 14:02:20','122.167.23.18','ABTS-KK-Dynamic-018.23.167.122.airtelbroadband.in','Mozilla/5.0 (Windows; U; Windows NT 5.1; en-US; rv:1.9.2b5) Gecko/20091204 Firefox/3.6b5',0,22,1,NULL),(494,'pufk2rqg7u4puj4stsico43dp0-1',1,54,1,1,2.3,'2009-12-22 13:57:27','2009-12-22 14:11:00','68.92.151.171','adsl-68-92-151-171.dsl.austtx.swbell.net','Mozilla/4.0 (compatible; MSIE 8.0; Windows NT 6.0; Trident/4.0; GTB6.3; SLCC1; .NET CLR 2.0.50727; Media Center PC 5.0; .NET CLR 3.5.30729; .NET CLR 3.0.30729; yie8)',1,23,0,NULL),(495,'uv3t7v8anof4ihbb5q5808dl75-1',1,53,1,1,2.3,'2009-12-22 13:53:28','2009-12-22 14:06:21','59.92.192.48','59.92.192.48','Mozilla/5.0 (Windows; U; Windows NT 5.1; en-US; rv:1.9.0.16) Gecko/2009120208 Firefox/3.0.16 GTB6 (.NET CLR 3.5.30729)',0,25,1,NULL),(496,'uv3t7v8anof4ihbb5q5808dl75-2',1,55,1,1,2.3,'2009-12-22 14:08:13','2009-12-22 14:19:33','59.92.192.48','59.92.192.48','Mozilla/5.0 (Windows; U; Windows NT 5.1; en-US; rv:1.9.0.16) Gecko/2009120208 Firefox/3.0.16 GTB6 (.NET CLR 3.5.30729)',0,20,0,NULL),(497,'kpvmp8nafisdnse1e3eomsr0a5-1',1,29,1,1,2.3,'2009-12-22 15:03:49','2009-12-22 15:13:56','75.209.120.99','99.sub-75-209-120.myvzw.com','Mozilla/5.0 (Windows; U; Windows NT 5.1; en-US; rv:1.9.1.6) Gecko/20091201 Firefox/3.5.6 GTB5',1,29,0,NULL),(498,'bnt0qsd58fa2pnbonc0f7ivpa3-1',1,2,0,1,2.3,'2009-12-22 14:50:49','2009-12-22 15:22:59','74.75.90.4','cpe-74-75-90-4.maine.res.rr.com','Mozilla/4.0 (compatible; MSIE 6.0; Windows NT 5.1; SV1; GTB6.3; .NET CLR 1.1.4322)',1,65,1,NULL),(499,'926mikobg1jv4qi0nhoe943600-1',1,43,1,1,2.3,'2009-12-22 15:25:32',NULL,'196.205.154.121','host-196-205-154-121.static.link.com.eg','Mozilla/5.0 (iPhone; U; CPU iPhone OS 3_1_2 like Mac OS X; en-us) AppleWebKit/528.18 (KHTML, like Gecko) Version/4.0 Mobile/7D11 Safari/528.16',1,25,0,NULL),(500,'v68pn6vud29o9glpqikjke9ei6-1',1,35,1,1,2.3,'2009-12-22 15:13:36','2009-12-22 15:28:35','59.177.132.28','triband-del-59.177.132.28.bol.net.in','Mozilla/4.0 (compatible; MSIE 8.0; Windows NT 6.0; Trident/4.0; SLCC1; .NET CLR 2.0.50727; Media Center PC 5.0; .NET CLR 3.5.30729; InfoPath.2; .NET CLR 3.0.30729)',0,27,1,NULL),(501,'9dctqrkhjipcoo6ueh997gt8c4-1',1,56,1,1,2.3,'2009-12-22 15:27:10','2009-12-22 15:38:17','71.238.73.131','c-71-238-73-131.hsd1.mi.comcast.net','Mozilla/5.0 (Windows; U; Windows NT 5.1; en-US; rv:1.9.1.6) Gecko/20091201 Firefox/2.0.0.11;MEGAUPLOAD 1.0 (.NET CLR 3.5.30729)',0,20,1,NULL),(502,'5503c6ddrpbu9g77gusf955944-1',1,59,1,1,2.3,'2009-12-22 15:35:28','2009-12-22 15:42:16','99.180.201.145','adsl-99-180-201-145.dsl.emhril.sbcglobal.net','Mozilla/4.0 (compatible; MSIE 7.0; Windows NT 6.0; FBSMTWB; GTB6.3; SLCC1; .NET CLR 2.0.50727; Media Center PC 5.0; .NET CLR 3.5.30729; .NET CLR 3.0.30618)',1,23,2,NULL),(503,'923hltr4h13hejlk0932aoobb3-1',1,58,1,1,2.3,'2009-12-22 15:32:03','2009-12-22 15:42:51','136.181.195.127','136.181.195.127','Mozilla/4.0 (compatible; MSIE 6.0; Windows NT 5.1; SV1; .NET CLR 1.1.4322; .NET CLR 2.0.50727; .NET CLR 3.0.04506.30; .NET CLR 3.0.04506.648; .NET CLR 3.0.4506.2152; .NET CLR 3.5.30729)',1,31,1,NULL),(504,'t3a3esl2t20vrp6aibabd9k6k3-1',1,57,1,1,2.3,'2009-12-22 15:29:44','2009-12-22 15:47:52','124.125.43.48','124.125.43.48','Mozilla/5.0 (Windows; U; Windows NT 6.0; en-US; rv:1.9.1.6) Gecko/20091201 Firefox/3.5.6 GTB6 (.NET CLR 3.5.30729)',0,24,0,NULL),(505,'70lc6c12imo79egbkemvg2lot2-1',1,60,1,1,2.3,'2009-12-22 15:42:36','2009-12-22 15:50:02','143.166.255.43','143.166.255.43','Mozilla/5.0 (Windows; U; Windows NT 6.1; en-US; rv:1.9.0.10) Gecko/2009042316 Firefox/3.0.10',0,38,2,NULL),(506,'f08kr88i1b3fpjmovqbbhgpvh6-1',1,61,1,1,2.3,'2009-12-22 15:45:56','2009-12-22 15:57:41','12.145.42.11','12.145.42.11','Mozilla/4.0 (compatible; MSIE 6.0; Windows NT 5.1; SV1; .NET CLR 1.1.4322; .NET CLR 2.0.50727)',0,43,0,NULL),(507,'lrs8agb1ttr1mjhh8m32g7ae20-1',1,49,1,1,2.3,'2009-12-22 15:53:50','2009-12-22 16:01:23','76.168.252.91','cpe-76-168-252-91.socal.res.rr.com','Mozilla/5.0 (Macintosh; U; Intel Mac OS X 10_5_8; en-us) AppleWebKit/531.9 (KHTML, like Gecko) Version/4.0.3 Safari/531.9',0,20,2,NULL),(508,'a4a8a8fvcndf20u06987s2poa0-1',1,62,1,1,2.3,'2009-12-22 15:54:24','2009-12-22 16:07:02','66.241.4.20','66.241.4.20.maxuptime.com','Mozilla/5.0 (Windows; U; Windows NT 5.1; en-US; rv:1.9.1.5) Gecko/20091102 Firefox/3.5.5',1,37,1,NULL),(509,'h3tqtj8mh7md4r8m160j9pt1j0-1',1,63,1,1,2.3,'2009-12-22 16:31:57','2009-12-22 16:42:11','76.189.21.142','cpe-76-189-21-142.neo.res.rr.com','Mozilla/4.0 (compatible; MSIE 7.0; Windows NT 6.0; SLCC1; .NET CLR 2.0.50727; .NET CLR 3.5.21022; .NET CLR 3.0.30618; .NET CLR 3.5.30729; MDDC)',1,30,1,NULL),(510,'fibqlllkkjgmi9orme23j60f56-1',1,65,1,1,2.3,'2009-12-22 17:01:19',NULL,'206.222.222.242','lin-dsl-static-206-222-222-242.inetnebr.com','Mozilla/4.0 (compatible; MSIE 7.0; Windows NT 5.1; .NET CLR 1.1.4322; .NET CLR 2.0.50727; .NET CLR 3.0.04506.30)',1,21,1,NULL),(511,'0lt73tjrmpfsh4jct8jg4i9dd6-1',1,64,1,1,2.3,'2009-12-22 16:58:44','2009-12-22 17:19:35','66.76.179.142','s66-76-179-142.amrltx.lu.sta.suddenlink.net','Mozilla/4.0 (compatible; MSIE 6.0; Windows NT 5.1; SV1; .NET CLR 1.1.4322; .NET CLR 2.0.50727; .NET CLR 3.0.04506.30; .NET CLR 3.0.04506.648; .NET CLR 3.0.4506.2152; .NET CLR 3.5.30729)',1,31,1,NULL),(512,'mmma5k94bchmi9tcn3oncfspe5-1',1,66,1,1,2.3,'2009-12-22 17:14:01','2009-12-22 17:25:39','86.112.184.91','86.112.184.91','Mozilla/4.0 (compatible; MSIE 7.0; Windows NT 6.0; SLCC1; .NET CLR 2.0.50727; Media Center PC 5.0; .NET CLR 3.0.04506)',0,23,1,NULL),(513,'b6khuuqc3kac79l7b4fnnpqsg3-1',1,67,1,1,2.3,'2009-12-22 17:16:20','2009-12-22 17:31:26','68.198.146.183','ool-44c692b7.dyn.optonline.net','Mozilla/5.0 (Windows; U; Windows NT 6.1; en-US; rv:1.9.0.16) Gecko/2009120208 Firefox/3.0.16 (.NET CLR 3.5.30729)',0,31,1,NULL),(514,'nkql1r29ev2c742mjfggc4gcv0-1',1,43,1,1,2.3,'2009-12-22 18:17:36','2009-12-22 18:30:22','24.175.142.79','79-142.175-24.bham.res.rr.com','Mozilla/5.0 (Windows; U; Windows NT 5.1; en-US) AppleWebKit/532.0 (KHTML, like Gecko) Chrome/3.0.195.38 Safari/532.0',0,28,0,NULL),(515,'nj18btdrojvi0n4f2jvamgqv70-1',1,68,1,1,2.3,'2009-12-22 18:48:51','2009-12-22 18:54:48','74.110.69.184','pool-74-110-69-184.hgrtmd.east.verizon.net','Mozilla/5.0 (Windows; U; Windows NT 5.1; en-US; rv:1.9.1.6) Gecko/20091201 Firefox/3.5.6 (.NET CLR 3.5.30729)',1,25,0,NULL),(516,'sq7mh19ir6vk3eksjlq20m7d16-1',1,69,1,1,2.3,'2009-12-22 18:55:41',NULL,'75.142.144.227','75-142-144-227.dhcp.or.charter.com','Mozilla/4.0 (compatible; MSIE 7.0; Windows NT 6.0; WOW64; GTB5; FunWebProducts; SLCC1; .NET CLR 2.0.50727; .NET CLR 3.0.04506; Media Center PC 5.0; InfoPath.2)',0,34,1,NULL),(517,'6gbq5n5m4imnqkou02uardp3m6-1',1,70,1,1,2.3,'2009-12-22 18:56:58','2009-12-22 19:09:16','75.142.144.227','75-142-144-227.dhcp.or.charter.com','Mozilla/4.0 (compatible; MSIE 7.0; Windows NT 6.0; WOW64; GTB5; FunWebProducts; SLCC1; .NET CLR 2.0.50727; .NET CLR 3.0.04506; Media Center PC 5.0; InfoPath.2)',0,34,1,NULL),(518,'tsqvulvsr4m2l58da1oqtuk9i1-1',1,65,1,1,2.3,'2009-12-22 19:12:59',NULL,'85.139.145.197','a85-139-145-197.cpe.netcabo.pt','Mozilla/4.0 (compatible; MSIE 7.0; Windows NT 6.0; SLCC1; .NET CLR 2.0.50727; Media Center PC 5.0; InfoPath.2; .NET CLR 3.5.30729; .NET CLR 3.0.30618; OfficeLiveConnector.1.3; OfficeLivePatch.0.0)',0,45,1,NULL),(519,'3f0is3mshn5ei4mgbtilt2nt20-1',1,1,1,1,2.3,'2009-12-22 19:13:45','2009-12-22 19:22:29','67.167.236.126','c-67-167-236-126.hsd1.il.comcast.net','Mozilla/5.0 (Windows; U; Windows NT 5.1; en-US) AppleWebKit/532.0 (KHTML, like Gecko) Chrome/3.0.195.38 Safari/532.0',0,23,2,NULL),(520,'fs8o8ivoagf8o85qf72kghl5t4-1',1,2,1,1,2.3,'2009-12-22 19:18:56','2009-12-22 19:28:10','67.187.118.14','c-67-187-118-14.hsd1.tn.comcast.net','Mozilla/4.0 (compatible; MSIE 8.0; Windows NT 6.0; Trident/4.0; SLCC1; .NET CLR 2.0.50727; Media Center PC 5.0; .NET CLR 1.1.4322; .NET CLR 3.5.30729; .NET CLR 3.0.30729)',1,50,0,NULL),(521,'3g0t6akcnon33ivejof4ppo075-1',1,3,1,1,2.3,'2009-12-22 20:04:51','2009-12-22 20:15:53','98.117.40.117','pool-98-117-40-117.bltmmd.fios.verizon.net','Mozilla/5.0 (Windows; U; Windows NT 6.0; en-US) AppleWebKit/532.0 (KHTML, like Gecko) Chrome/3.0.195.38 Safari/532.0',0,46,2,NULL),(522,'9duffvnbru0rf6b41iek746p07-1',1,5,1,1,2.3,'2009-12-22 20:10:14','2009-12-22 20:18:18','98.231.132.237','c-98-231-132-237.hsd1.md.comcast.net','Mozilla/4.0 (compatible; MSIE 8.0; Windows NT 6.1; WOW64; Trident/4.0; SLCC2; .NET CLR 2.0.50727; .NET CLR 3.5.30729; .NET CLR 3.0.30729; Media Center PC 6.0; InfoPath.2)',0,20,1,NULL),(523,'8866djffjkt7702fgd3k8g94h7-1',1,4,1,1,2.3,'2009-12-22 20:06:01','2009-12-22 20:19:15','72.70.213.242','pool-72-70-213-242.sctnpa.east.verizon.net','Mozilla/4.0 (compatible; MSIE 8.0; Windows NT 6.0; WOW64; Trident/4.0; SLCC1; .NET CLR 2.0.50727; Media Center PC 5.0; .NET CLR 3.5.21022; .NET CLR 3.5.30729; .NET CLR 3.0.30729)',1,51,2,NULL),(524,'0lp8ivleb03q22i6g3ntak3jq1-1',1,6,1,1,2.3,'2009-12-22 20:35:02','2009-12-22 20:46:53','96.240.182.224','pool-96-240-182-224.ronkva.east.verizon.net','Mozilla/4.0 (compatible; MSIE 8.0; Windows NT 5.1; Trident/4.0; .NET CLR 1.1.4322; .NET CLR 2.0.50727; .NET CLR 3.0.4506.2152; .NET CLR 3.5.30729)',0,41,0,NULL),(525,'ffsm0d8l47944s29qsfc9n7ob6-1',1,7,1,1,2.3,'2009-12-22 20:47:47','2009-12-22 21:00:04','122.164.169.206','ABTS-TN-dynamic-206.169.164.122.airtelbroadband.in','Opera/9.62 (Windows NT 5.1; U; en) Presto/2.1.1',0,20,1,NULL),(526,'90j9j5s75634fjhqo4i240c6j5-1',1,65,1,1,2.3,'2009-12-22 21:18:22','2009-12-22 21:33:40','117.197.198.210','117.197.198.210','Mozilla/4.0 (compatible; MSIE 8.0; Windows NT 5.1; Trident/4.0)',0,31,1,NULL),(527,'9ls12th2tbvogpe0kujoraibv2-1',1,69,1,1,2.3,'2009-12-22 21:35:01','2009-12-22 21:45:27','66.63.90.203','66-63-90-203.static.suscom-maine.net','Mozilla/4.0 (compatible; MSIE 7.0; Windows NT 5.1; .NET CLR 1.1.4322; .NET CLR 2.0.50727; .NET CLR 3.0.4506.2152; .NET CLR 3.5.30729)',1,22,0,NULL),(528,'q6h5f01reujgbrqip8pnhdn7o0-1',1,8,1,1,2.3,'2009-12-22 22:09:28','2009-12-22 22:27:25','75.26.193.111','adsl-75-26-193-111.dsl.scrm01.sbcglobal.net','Mozilla/5.0 (Windows; U; Windows NT 6.1; en-US; rv:1.9.1.6) Gecko/20091201 Firefox/3.5.6',1,18,1,NULL),(529,'g64chhufd35kce97clg83c8qn5-1',1,9,1,1,2.3,'2009-12-22 22:27:27','2009-12-22 22:47:06','110.93.82.204','110.93.82.204','Mozilla/5.0 (Windows; U; Windows NT 5.1; en-US; rv:1.9.0.16) Gecko/2009120208 Firefox/3.0.16 (.NET CLR 3.5.30729)',1,46,1,NULL),(530,'vaglfiea3i7r5djtb2kphpn3d2-1',1,10,1,1,2.3,'2009-12-22 22:43:33','2009-12-22 22:52:02','68.106.48.198','ip68-106-48-198.ph.ph.cox.net','Mozilla/5.0 (Windows; U; Windows NT 5.1; en-US) AppleWebKit/532.0 (KHTML, like Gecko) Chrome/3.0.195.38 Safari/532.0',1,33,2,NULL),(531,'g69ug4n80ou0isce7p84k56rm6-1',1,11,1,1,2.3,'2009-12-22 22:58:18','2009-12-22 23:10:53','122.162.125.6','ABTS-North-Dynamic-006.125.162.122.airtelbroadband.in','Mozilla/4.0 (compatible; MSIE 7.0; Windows NT 6.0; GTB6; SLCC1; .NET CLR 2.0.50727; .NET CLR 3.5.30729; .NET CLR 3.0.30618)',1,31,1,NULL),(532,'t76lt51jdhedpt57afl0647gg3-1',1,12,1,1,2.3,'2009-12-22 23:06:12','2009-12-22 23:23:24','65.25.116.234','cpe-65-25-116-234.neo.res.rr.com','Mozilla/5.0 (Macintosh; U; PPC Mac OS X Mach-O; en-US; rv:1.8.1.8) Gecko/20071008 Firefox/2.0.0.8',1,56,2,NULL),(533,'kqbbfbca0fl8sr87m68im8j5b5-1',1,13,1,1,2.3,'2009-12-22 23:22:35','2009-12-22 23:33:48','68.11.24.241','ip68-11-24-241.no.no.cox.net','Mozilla/4.0 (compatible; MSIE 8.0; Windows NT 5.1; Trident/4.0; .NET CLR 1.1.4322; InfoPath.1; .NET CLR 2.0.50727; .NET CLR 3.0.4506.2152; .NET CLR 3.5.30729)',1,67,0,NULL),(534,'a4a3dl5aul61cj1oulhkbr3kq1-1',1,14,1,1,2.3,'2009-12-22 23:45:48',NULL,'72.161.63.66','72-161-63-66.dyn.centurytel.net','Mozilla/5.0 (Windows; U; Windows NT 5.1; en-US; rv:1.9.0.11) Gecko/2009060215 Firefox/3.0.11 (.NET CLR 3.5.30729)',0,24,1,NULL),(535,'pr5igqqr3rp6noage7gr4m4og3-1',1,15,1,1,2.3,'2009-12-22 23:47:49',NULL,'98.135.16.249','h-98-135-16-249.ip.alltel.net','Mozilla/4.0 (compatible; MSIE 7.0; Windows NT 6.0; SLCC1; .NET CLR 2.0.50727; Media Center PC 5.0; .NET CLR 3.5.30729; .NET CLR 3.0.30618)',0,39,2,NULL),(536,'94dvat4jmjq387i6idkrhoaft6-1',1,17,1,1,2.3,'2009-12-23 00:18:56',NULL,'59.145.111.68','59.145.111.68','Mozilla/5.0 (Windows; U; Windows NT 5.1; en-US) AppleWebKit/532.0 (KHTML, like Gecko) Chrome/3.0.195.38 Safari/532.0',1,31,1,NULL),(537,'e099pv1ttpu6a1qkj26cbssjf3-1',1,19,1,1,2.3,'2009-12-23 00:26:02','2009-12-23 00:42:21','123.238.125.190','123.238.125.190','Mozilla/4.0 (compatible; MSIE 6.0; Windows NT 5.1; SV1; Media Center PC 3.0; .NET CLR 1.0.3705; ShopperReports 3.0.242.0; SRS_IT_E8790071B2765F5B34A093; Hotbar 11.0.78.0)',0,23,1,NULL),(538,'e007btgg66p15ta3pcai55qqi1-1',1,16,1,1,2.3,'2009-12-23 00:15:45','2009-12-23 00:52:32','122.172.129.50','ABTS-KK-dynamic-050.129.172.122.airtelbroadband.in','Mozilla/5.0 (Windows; U; Windows NT 5.1; en-US; rv:1.9.1.4) Gecko/20091016 Firefox/3.5.4',1,42,1,NULL),(539,'qdvm20lgaunagru6lm4hgok8g2-1',1,20,1,1,2.3,'2009-12-23 00:43:52','2009-12-23 00:53:18','71.231.190.30','c-71-231-190-30.hsd1.wa.comcast.net','Mozilla/5.0 (Windows; U; Windows NT 6.0; en-US; rv:1.9.1.6) Gecko/20091201 Firefox/3.5.6 (.NET CLR 3.5.30729)',0,41,2,NULL),(540,'nupamatfpgn5943d9ggrjh9413-1',1,21,1,1,2.3,'2009-12-23 00:46:12','2009-12-23 00:57:07','122.174.161.253','ABTS-TN-dynamic-253.161.174.122.airtelbroadband.in','Mozilla/5.0 (Windows; U; Windows NT 5.1; en-US; rv:1.9.0.16) Gecko/2009120208 Firefox/3.0.16',0,26,3,NULL),(541,'ub493lutfrdbt4gdv5a5can9f6-1',1,22,1,1,2.3,'2009-12-23 01:32:19','2009-12-23 01:43:28','59.95.32.83','59.95.32.83','Mozilla/4.0 (compatible; MSIE 8.0; Windows NT 5.1; Trident/4.0; GTB6; InfoPath.1) chromeframe/4.0',0,31,2,NULL),(542,'krrmfcvpbj0ee9rtmd3m4du196-1',1,24,1,1,2.3,'2009-12-23 01:37:10','2009-12-23 01:47:59','74.244.57.113','adsl-074-244-057-113.sip.asm.bellsouth.net','Mozilla/5.0 (Windows; U; Windows NT 6.1; en-US; rv:1.9.1.6) Gecko/20091201 Firefox/3.5.6 (.NET CLR 3.5.30729)',1,25,0,NULL),(543,'qje0qqkcm5n7jvih1osptiqgi1-1',1,23,1,1,2.3,'2009-12-23 01:35:24','2009-12-23 02:00:22','110.159.6.33','tm.net.my','Mozilla/5.0 (Windows; U; Windows NT 6.1; en-US; rv:1.9.1.6) Gecko/20091201 Firefox/3.5.6',1,18,1,NULL),(544,'0bf8ff4a8vn0f79d7fjolu5pc3-1',1,15,1,1,2.3,'2009-12-23 02:02:41',NULL,'117.201.18.17','117.201.18.17','Mozilla/5.0 (Windows; U; Windows NT 5.1; en-US) AppleWebKit/532.0 (KHTML, like Gecko) Chrome/3.0.195.38 Safari/532.0',0,23,2,NULL),(545,'9e2a1212esa1r0r1b6tr63t645-1',1,14,1,1,2.3,'2009-12-23 01:53:12','2009-12-23 02:09:33','123.237.129.245','123.237.129.245','Mozilla/5.0 (Windows; U; Windows NT 5.1; en-US; rv:1.9.1.6) Gecko/20091201 Firefox/3.5.6',1,39,0,NULL),(546,'2h37m3ak3104j6ac2u6bkv7pi3-1',1,26,1,1,2.3,'2009-12-23 02:12:28','2009-12-23 02:19:14','24.251.244.22','ip24-251-244-22.ph.ph.cox.net','Mozilla/4.0 (compatible; MSIE 8.0; Windows NT 6.1; WOW64; Trident/4.0; SLCC2; .NET CLR 2.0.50727; .NET CLR 3.5.30729; .NET CLR 3.0.30729; Media Center PC 6.0; OfficeLiveConnector.1.3; OfficeLivePatch.0.0)',0,19,1,NULL),(547,'m8cgeihu59grve9j493arbnof1-1',1,25,1,1,2.3,'2009-12-23 02:09:50','2009-12-23 02:23:36','122.174.94.209','ABTS-TN-dynamic-209.94.174.122.airtelbroadband.in','Mozilla/5.0 (Windows; U; Windows NT 6.1; en-US; rv:1.9.1.6) Gecko/20091201 Firefox/3.5.6',0,20,2,NULL),(548,'2n0605qpq34lti8sj6e33ejsl5-1',1,17,1,1,2.3,'2009-12-23 02:21:33','2009-12-23 02:28:33','123.238.125.190','123.238.125.190','Opera/9.80 (Windows NT 5.1; U; en) Presto/2.2.15 Version/10.00',0,22,0,NULL),(549,'25p1prongh83mqruttus35fls5-1',1,27,1,1,2.3,'2009-12-23 02:13:47','2009-12-23 02:37:39','117.207.97.14','117.207.97.14','Mozilla/4.0 (compatible; MSIE 6.0; Windows NT 5.1; SV1; FunWebProducts; .NET CLR 2.0.50727)',1,28,0,NULL),(550,'vlmn7rtub1t9e6emc22o016o04-1',1,28,1,1,2.3,'2009-12-23 02:30:59','2009-12-23 02:38:46','74.65.196.27','cpe-74-65-196-27.nyc.res.rr.com','Mozilla/5.0 (Macintosh; U; Intel Mac OS X 10.5; en-US; rv:1.9.1.6) Gecko/20091201 Firefox/3.5.6',1,20,2,NULL),(551,'h1q4ractt87k5qbjl50rii8um1-1',1,29,1,1,2.3,'2009-12-23 02:33:37',NULL,'117.204.80.107','117.204.80.107','Mozilla/5.0 (Windows; U; Windows NT 6.1; en-US) AppleWebKit/532.0 (KHTML, like Gecko) Chrome/3.0.195.38 Safari/532.0',0,19,1,NULL),(552,'3im4m8faolp1sdabv16fs9vnh5-1',1,30,1,1,2.3,'2009-12-23 02:49:56',NULL,'117.193.172.35','117.193.172.35','Mozilla/5.0 (Windows; U; Windows NT 5.1; en-US) AppleWebKit/532.0 (KHTML, like Gecko) Chrome/3.0.195.38 Safari/532.0',1,22,0,NULL),(553,'choe0iaot77qht8j653c7bh8h7-1',1,31,1,1,2.3,'2009-12-23 03:05:05','2009-12-23 03:14:27','117.193.136.156','117.193.136.156','Mozilla/5.0 (Windows; U; Windows NT 5.1; en-US; rv:1.9.1.5) Gecko/20091102 Firefox/3.5.5',1,32,2,NULL),(554,'1l3tqge6bn7qus3asek2cloik5-1',1,15,1,1,2.3,'2009-12-23 04:06:09','2009-12-23 04:19:02','24.144.230.237','dynamic-acs-24-144-230-237.zoominternet.net','Mozilla/5.0 (Macintosh; U; Intel Mac OS X 10.6; en-US; rv:1.9.1.6) Gecko/20091201 Firefox/3.5.6',0,23,1,NULL),(555,'i91qte5oetg0iatupl5ov82nl2-1',1,32,1,1,2.3,'2009-12-23 03:59:40','2009-12-23 04:33:07','117.201.18.17','117.201.18.17','Mozilla/5.0 (Windows; U; Windows NT 5.1; en-US) AppleWebKit/532.0 (KHTML, like Gecko) Chrome/3.0.195.38 Safari/532.0',0,23,1,NULL),(556,'5a1t2qkufd0vo9pfcko54m4vq6-1',1,33,1,1,2.3,'2009-12-23 04:22:06','2009-12-23 04:43:38','117.200.81.98','117.200.81.98','Mozilla/4.0 (compatible; MSIE 7.0; Windows NT 5.1; InfoPath.2; .NET CLR 2.0.50727)',0,20,1,NULL),(557,'so56c3lrd1c640vvn69mm0ca21-1',1,36,1,1,2.3,'2009-12-23 04:32:08','2009-12-23 04:45:02','59.92.154.101','59.92.154.101','Mozilla/5.0 (X11; U; Linux i686; en-US; rv:1.9.1.5) Gecko/20091109 Ubuntu/9.10 (karmic) Firefox/3.5.5 GTB7.0',1,47,0,NULL),(558,'8ft9up4om7q73u7l5bdmr4ksq3-1',1,34,1,1,2.3,'2009-12-23 04:26:23','2009-12-23 04:52:49','59.145.111.68','59.145.111.68','Mozilla/5.0 (Windows; U; Windows NT 5.1; en-US) AppleWebKit/532.0 (KHTML, like Gecko) Chrome/3.0.195.38 Safari/532.0',1,31,1,NULL),(559,'df459u8faainv16r4fi91t17m3-1',1,29,1,1,2.3,'2009-12-23 04:43:59','2009-12-23 04:53:18','61.11.89.204','static89-204.dsl-chn.eth.net','Mozilla/5.0 (Windows; U; Windows NT 5.1; en-US; rv:1.9.1.6) Gecko/20091201 Firefox/3.5.6',0,21,1,NULL),(560,'pnllraortu1fdk7cfqbps29um0-1',1,30,1,1,2.3,'2009-12-23 04:57:21','2009-12-23 05:03:34','115.240.113.16','115.240.113.16','Mozilla/4.0 (compatible; MSIE 7.0; Windows NT 5.1; GTB0.0)',0,31,2,NULL),(561,'cmes3brs1bp1tb1dteg9ns8rq7-1',1,35,1,1,2.3,'2009-12-23 04:30:42','2009-12-23 05:05:34','207.161.43.36','wnpgmb0517w-ad04-43-36.dynamic.mts.net','Mozilla/4.0 (compatible; MSIE 7.0; Windows NT 6.0; SLCC1; .NET CLR 2.0.50727; Media Center PC 5.0; .NET CLR 3.5.30729; .NET CLR 3.0.30618; OfficeLiveConnector.1.4; OfficeLivePatch.0.0)',0,40,2,NULL),(562,'99426rdj0djit9lcd3isu2a0c1-1',1,37,1,1,2.3,'2009-12-23 05:02:58','2009-12-23 05:30:26','117.201.96.17','117.201.96.17','Mozilla/5.0 (Windows; U; Windows NT 5.1; en-US) AppleWebKit/532.0 (KHTML, like Gecko) Chrome/3.0.195.38 Safari/532.0',1,37,2,NULL),(563,'19o8eek2mf9aqi0tu2fmgqpmn4-1',1,38,1,1,2.3,'2009-12-23 05:44:39','2009-12-23 05:59:07','88.72.218.153','dslb-088-072-218-153.pools.arcor-ip.net','Mozilla/5.0 (Windows; U; Windows NT 6.1; en-US; rv:1.9.1.5) Gecko/20091102 Firefox/3.5.5',1,47,1,NULL),(564,'it8957pttrmkjatqum8914pc12-1',1,39,1,1,2.3,'2009-12-23 05:52:41','2009-12-23 06:17:02','117.199.203.38','117.199.203.38','Mozilla/4.0 (compatible; MSIE 8.0; Windows NT 5.1; Trident/4.0; InfoPath.2; .NET CLR 2.0.50727)',0,39,2,NULL),(565,'qn4j5ioeequjpq6sr8v9t403j5-1',1,42,1,1,2.3,'2009-12-23 06:19:18','2009-12-23 06:26:42','117.201.23.97','117.201.23.97','Mozilla/5.0 (Windows; U; Windows NT 5.1; en-US) AppleWebKit/532.0 (KHTML, like Gecko) Chrome/3.0.195.27 Safari/532.0',0,25,0,NULL),(566,'9n5upgvjpuaffj011j0gsiv5j7-1',1,40,1,1,2.3,'2009-12-23 06:04:27','2009-12-23 06:30:47','122.169.163.231','ABTS-AP-dynamic-231.163.169.122.airtelbroadband.in','Mozilla/5.0 (Windows; U; Windows NT 5.1; en-US; rv:1.9.1.6) Gecko/20091201 Firefox/3.5.6',1,22,0,NULL),(567,'o4t415bo9f9bremavr7b791bi0-1',1,44,1,1,2.3,'2009-12-23 06:28:27','2009-12-23 06:36:58','75.135.57.3','75-135-57-3.dhcp.krny.ne.charter.com','Mozilla/5.0 (Windows; U; Windows NT 6.0; en-US; rv:1.9.1.6) Gecko/20091201 Firefox/3.5.6 (.NET CLR 3.5.30729)',1,37,2,NULL),(568,'eu9mgb5mdbvpm7t6siht6p7ul0-1',1,43,1,1,2.3,'2009-12-23 06:24:50','2009-12-23 06:38:49','117.201.45.38','117.201.45.38','Mozilla/5.0 (X11; U; Linux i686; en-US; rv:1.9.1) Gecko/20090722 Shiretoko/3.5',0,32,1,NULL),(569,'qt7fb0jdpoml97058vdokahbh3-1',1,45,1,1,2.3,'2009-12-23 06:44:26','2009-12-23 06:53:49','79.125.165.79','79.125.165.79','Mozilla/5.0 (Windows; U; Windows NT 5.1; en-US) AppleWebKit/532.0 (KHTML, like Gecko) Chrome/3.0.195.38 Safari/532.0',0,21,1,NULL),(570,'kjv5lkaiid9669uup6ma37oft4-1',1,41,1,1,2.3,'2009-12-23 06:10:29','2009-12-23 07:00:43','122.161.151.241','ABTS-North-Dynamic-241.151.161.122.airtelbroadband.in','Mozilla/5.0 (Windows; U; Windows NT 6.0; en-US; rv:1.9.1.6) Gecko/20091201 Firefox/3.5.6 (.NET CLR 3.5.30729)',0,29,2,NULL),(571,'7ksfs2cdg7i874tutf1bbppr32-1',1,46,1,1,2.3,'2009-12-23 06:54:59','2009-12-23 07:03:14','203.99.175.173','203.99.175.173','Mozilla/5.0 (Windows; U; Windows NT 5.1; en-US; rv:1.9.1.6) Gecko/20091201 Firefox/3.5.6',0,25,2,NULL),(572,'4nqndj10m5v44cmf9fsiad3490-1',1,47,1,1,2.3,'2009-12-23 06:59:34','2009-12-23 07:15:31','93.139.104.133','93-139-104-133.adsl.net.t-com.hr','Mozilla/5.0 (Windows; U; Windows NT 5.1; en-US; rv:1.8.1.20) Gecko/20081217 Firefox/2.0.0.20 (.NET CLR 3.5.30729)',0,21,1,NULL),(573,'jvc9ii2498g5c7f49c7j35dl15-1',1,48,1,1,2.3,'2009-12-23 07:44:32','2009-12-23 08:03:29','117.193.69.127','117.193.69.127','Mozilla/5.0 (Windows; U; Windows NT 5.1; en-US) AppleWebKit/532.0 (KHTML, like Gecko) Chrome/3.0.195.38 Safari/532.0',1,20,2,NULL),(574,'at9tdecdnbr0umdga7s6gqkp74-1',1,51,1,1,2.3,'2009-12-23 10:20:10',NULL,'117.201.20.10','117.201.20.10','Mozilla/5.0 (Windows; U; Windows NT 5.1; en-US) AppleWebKit/532.0 (KHTML, like Gecko) Chrome/3.0.195.38 Safari/532.0',0,24,1,NULL),(575,'splhn8lfg45garlrkuslisov03-1',1,49,1,1,2.3,'2009-12-23 10:14:22','2009-12-23 10:28:17','204.38.191.149','204.38.191.149','Mozilla/5.0 (Macintosh; U; Intel Mac OS X 10_5_6; en-us) AppleWebKit/525.27.1 (KHTML, like Gecko) Version/3.2.1 Safari/525.27.1',0,48,0,NULL),(576,'jpum57iefu3ton947244qunbq0-1',1,50,1,1,2.3,'2009-12-23 10:17:04','2009-12-23 10:51:02','124.125.40.37','124.125.40.37','Mozilla/5.0 (Windows; U; Windows NT 5.1; en-US; rv:1.9.1.6) Gecko/20091201 Firefox/3.5.6',0,21,2,NULL),(577,'jq9njh057om9b32r8vhd8726j6-1',1,52,1,1,2.3,'2009-12-23 10:52:24','2009-12-23 11:05:21','72.161.7.127','72-161-7-127.dyn.centurytel.net','Mozilla/5.0 (Macintosh; U; PPC Mac OS X 10.4; en-US; rv:1.9.1.3) Gecko/20090824 Firefox/3.5.3',1,27,0,NULL),(578,'86fd31fatbqnfdi7k65gbsh176-1',1,53,1,1,2.3,'2009-12-23 10:57:15','2009-12-23 11:07:38','99.148.153.118','99.148.153.118','Mozilla/5.0 (Windows; U; Windows NT 5.1; en-US; rv:1.9.1.6) Gecko/20091201 Firefox/3.5.6 (.NET CLR 3.5.30729)',1,26,1,NULL),(579,'lg3kc2i4pocua5fa3d2kkbv397-1',1,54,1,1,2.3,'2009-12-23 11:13:13','2009-12-23 11:30:08','122.161.51.44','ABTS-North-Dynamic-044.51.161.122.airtelbroadband.in','Mozilla/5.0 (Windows; U; Windows NT 5.1; en-US; rv:1.9.1.6) Gecko/20091201 Firefox/3.5.6',0,22,0,NULL),(580,'q38frumu08lskh74s62v4qruj7-1',1,55,1,1,2.3,'2009-12-23 11:31:32','2009-12-23 11:53:20','124.125.37.243','124.125.37.243','Mozilla/5.0 (Windows; U; Windows NT 5.1; en-US) AppleWebKit/532.0 (KHTML, like Gecko) Chrome/3.0.195.38 Safari/532.0',1,27,0,NULL),(581,'32mr33026tghbs8qpgqsse0262-1',1,56,1,1,2.3,'2009-12-23 11:44:51','2009-12-23 12:00:04','220.129.145.138','220-129-145-138.dynamic.hinet.net','Mozilla/5.0 (Macintosh; U; Intel Mac OS X 10_5_6; en-us) AppleWebKit/525.27.1 (KHTML, like Gecko) Version/3.2.1 Safari/525.27.1',1,26,1,NULL),(582,'cvb17862fq3ke1usbft9jbr650-1',1,59,1,1,2.3,'2009-12-23 12:01:02',NULL,'208.103.167.21','p21-167.228.ct.dialup.enter.net','Mozilla/4.0 (compatible; MSIE 8.0; Windows NT 5.1; Trident/4.0; isp1057; GTB6.3; .NET CLR 1.1.4322)',1,58,0,NULL),(583,'tmf4sk6oeils66uqd76shc4sb6-1',1,57,1,1,2.3,'2009-12-23 11:54:48','2009-12-23 12:11:53','208.54.14.8','m080e36d0.tmodns.net','Mozilla/5.0 (Windows; U; Windows NT 5.1; en-US; rv:1.9.1.6) Gecko/20091201 Firefox/3.5.6',0,32,1,NULL),(584,'vd23nh0lt5orbob888fij3hn41-1',1,58,1,1,2.3,'2009-12-23 12:00:23','2009-12-23 12:15:56','59.92.108.143','59.92.108.143','Mozilla/5.0 (Windows; U; Windows NT 5.1; en-US; rv:1.9.0.16) Gecko/2009120208 Firefox/3.0.16',1,23,1,NULL),(585,'q78sca06tojeoa7e0o4lbdl6g3-1',1,61,1,1,2.3,'2009-12-23 12:08:03','2009-12-23 12:17:59','75.132.31.182','75-132-31-182.dhcp.stls.mo.charter.com','Mozilla/5.0 (Windows; U; Windows NT 5.1; en-US; rv:1.9.0.16) Gecko/2009120208 Firefox/3.0.16',0,25,2,NULL),(586,'jielqh2kg2p6kh7vvg009j0im3-1',1,60,1,1,2.3,'2009-12-23 12:07:35','2009-12-23 12:19:50','117.193.141.80','117.193.141.80','Mozilla/4.0 (compatible; MSIE 8.0; Windows NT 6.0; Trident/4.0; SLCC1; .NET CLR 2.0.50727; .NET CLR 3.5.30729; .NET CLR 3.0.30729; InfoPath.2)',1,22,2,NULL),(587,'p896tl1rsovh6n88g1trjam065-1',1,62,1,1,2.3,'2009-12-23 12:14:08','2009-12-23 12:25:17','68.81.195.33','c-68-81-195-33.hsd1.pa.comcast.net','Mozilla/5.0 (Windows; U; Windows NT 5.1; en-US; rv:1.9.1.6) Gecko/20091201 Firefox/3.5.6',0,47,1,NULL),(588,'9595vibia3hp9kthlmfv830r04-1',1,51,1,1,2.3,'2009-12-23 12:39:34','2009-12-23 12:48:38','68.72.136.143','adsl-68-72-136-143.dsl.chcgil.ameritech.net','Mozilla/5.0 (Windows; U; Windows NT 6.0; en-US; rv:1.9.1.6) Gecko/20091201 Firefox/3.5.6 (.NET CLR 3.5.30729)',1,25,1,NULL),(589,'fcrh2hq3aildntqpif9uq775f1-1',1,63,1,1,2.3,'2009-12-23 12:52:42','2009-12-23 13:03:11','117.200.0.139','117.200.0.139','Mozilla/5.0 (Windows; U; Windows NT 5.1; en-US; rv:1.9.2b5) Gecko/20091204 Firefox/3.6b5',0,20,1,NULL),(590,'siid7j08heab6oovlv7kpq4ks0-1',1,64,1,1,2.3,'2009-12-23 13:10:04','2009-12-23 13:26:01','115.184.104.62','115.184.104.62','Mozilla/5.0 (Windows; U; Windows NT 6.0; en-US) AppleWebKit/532.0 (KHTML, like Gecko) Chrome/3.0.195.38 Safari/532.0',0,28,1,NULL),(591,'35ari8md1s0t6kor3fvvc5f8o0-1',1,65,1,1,2.3,'2009-12-23 13:27:34','2009-12-23 13:39:52','91.22.160.195','p5B16A0C3.dip0.t-ipconnect.de','Mozilla/5.0 (Windows; U; Windows NT 6.0; de; rv:1.9.1.6) Gecko/20091201 Firefox/3.5.6 (.NET CLR 3.5.30729)',1,21,0,NULL),(592,'rg5h50ga5h1lepuhi3s7rk21d2-1',1,66,1,1,2.3,'2009-12-23 13:38:09','2009-12-23 13:45:25','24.163.26.34','cpe-024-163-026-034.triad.res.rr.com','Mozilla/5.0 (Macintosh; U; Intel Mac OS X 10_6_1; en-us) AppleWebKit/531.9 (KHTML, like Gecko) Version/4.0.3 Safari/531.9',1,20,0,NULL),(593,'95q1atap2t7loqf65v1lre9ph5-1',1,67,1,1,2.3,'2009-12-23 13:38:57','2009-12-23 13:58:35','71.202.3.123','c-71-202-3-123.hsd1.ca.comcast.net','Mozilla/5.0 (Windows; U; Windows NT 5.1; en-US; rv:1.9.0.16) Gecko/2009120208 Firefox/3.0.16 (.NET CLR 3.5.30729)',0,57,1,NULL),(594,'al8914m98pqmrr9fmp1gsd4o04-1',1,68,1,1,2.3,'2009-12-23 13:53:31','2009-12-23 14:06:17','110.172.152.7','110.172.152.7','Mozilla/5.0 (Windows; U; Windows NT 5.1; en-US; rv:1.9.1.6) Gecko/20091201 Firefox/3.5.6',0,21,2,NULL),(595,'cr6g071s46nnf61df9qrmrth61-1',1,69,1,1,2.3,'2009-12-23 13:58:32','2009-12-23 14:11:18','68.5.56.190','ip68-5-56-190.oc.oc.cox.net','Mozilla/5.0 (Macintosh; U; Intel Mac OS X 10.6; en-US; rv:1.9.1.6) Gecko/20091201 Firefox/3.5.6',0,43,2,NULL),(596,'47q7m4ankj8nejuthj6l8b04d4-1',1,59,1,1,2.3,'2009-12-23 14:21:32','2009-12-23 14:35:18','201.130.166.180','201.130.166.180.dsl.dyn.telnor.net','Mozilla/5.0 (Windows; U; Windows NT 6.0; es-MX; rv:1.9.1.6) Gecko/20091201 Firefox/3.5.6 GTB6 (.NET CLR 3.5.30729)',0,32,2,NULL),(597,'bpht5ppqk146gequo66rtc72f4-1',1,70,1,1,2.3,'2009-12-23 14:34:33','2009-12-23 14:53:10','85.245.232.57','bl12-232-57.dsl.telepac.pt','Mozilla/5.0 (Windows; U; Windows NT 5.1; pt-PT; rv:1.9.1.6) Gecko/20091201 Firefox/3.5.6 (.NET CLR 3.5.30729)',1,30,2,NULL),(598,'dbskbbuk87e73p5hqmhpn5gfr7-1',1,1,1,1,2.3,'2009-12-23 15:18:01',NULL,'67.223.210.153','67.223.210.153','Mozilla/4.0 (compatible; MSIE 8.0; Windows NT 6.0; Trident/4.0; FunWebProducts; SLCC1; .NET CLR 2.0.50727; Media Center PC 5.0; .NET CLR 3.5.30729; .NET CLR 3.0.30729)',1,34,0,NULL),(599,'narh2b3ff9rq5r976c1u02pp26-1',1,2,1,1,2.3,'2009-12-23 15:20:14','2009-12-23 15:24:14','160.39.169.187','dyn-mcb-169-187.dyn.columbia.edu','Mozilla/5.0 (Windows; U; Windows NT 6.1; en-US; rv:1.9.1.6) Gecko/20091201 Firefox/3.5.6',1,20,0,NULL),(600,'1urh15iqcl87sra96v7t1q2og0-1',1,3,1,1,2.3,'2009-12-23 16:26:48',NULL,'125.18.16.102','125.18.16.102','Mozilla/4.0 (compatible; MSIE 6.0; Windows NT 5.1; SV1; .NET CLR 1.1.4322; InfoPath.1)',0,26,1,NULL),(601,'rcoj7uv3g4s5kce5mbr00aurc2-1',1,4,1,1,2.3,'2009-12-23 16:46:47',NULL,'71.29.169.1','h1.169.29.71.static.ip.windstream.net','Mozilla/5.0 (Windows; U; Windows NT 6.1; en-US) AppleWebKit/532.0 (KHTML, like Gecko) Chrome/3.0.195.38 Safari/532.0',1,41,0,NULL),(602,'538vuf6ec2im08bp44so00spr2-1',1,5,1,1,2.3,'2009-12-23 16:47:47','2009-12-23 16:55:22','76.124.155.232','c-76-124-155-232.hsd1.pa.comcast.net','Mozilla/4.0 (compatible; MSIE 8.0; Windows NT 5.1; Trident/4.0; .NET CLR 1.1.4322; .NET CLR 2.0.50727; .NET CLR 3.0.04506.30; .NET CLR 3.0.04506.648)',1,25,1,NULL),(603,'ijuo2hbufj8fgao8fvbb78biv7-1',1,6,1,1,2.3,'2009-12-23 16:59:56',NULL,'72.74.203.199','pool-72-74-203-199.bstnma.east.verizon.net','Mozilla/5.0 (Windows; U; Windows NT 6.1; en-US; rv:1.9.1.6) Gecko/20091201 Firefox/3.5.6',0,23,3,NULL),(604,'u0q5f3ucksfnc8gr6ar4ri1vl4-1',1,7,1,1,2.3,'2009-12-23 18:02:07','2009-12-23 18:11:20','71.188.229.190','pool-71-188-229-190.bing.east.verizon.net','Mozilla/5.0 (Windows; U; Windows NT 6.0; en-US) AppleWebKit/532.0 (KHTML, like Gecko) Chrome/3.0.195.38 Safari/532.0',1,22,1,NULL),(605,'77g6qcrks1k80k6vqbe9ha6hn7-1',1,1,1,1,2.3,'2009-12-23 17:18:20','2009-12-23 18:36:48','98.213.209.95','c-98-213-209-95.hsd1.il.comcast.net','Mozilla/5.0 (Windows; U; Windows NT 5.1; en-US; rv:1.9.1.6) Gecko/20091201 Firefox/3.5.6',1,54,1,NULL),(606,'use6o4365gevmdlmmq8s2p2hg3-1',1,18,1,1,2.3,'2009-12-23 00:19:21','2009-12-23 00:25:28','117.201.21.85','117.201.21.85','Mozilla/5.0 (Windows; U; Windows NT 5.1; en-US) AppleWebKit/532.0 (KHTML, like Gecko) Chrome/3.0.195.27 Safari/532.0',1,25,0,NULL),(607,'2urjnm0aljsb9ugtcbnn0p5r51-1',1,3,0,1,2.3,'2009-12-24 04:40:32','2009-12-24 05:05:10','122.248.163.1','122.248.163.1','Mozilla/4.0 (compatible; MSIE 6.0; Windows NT 5.1; SV1; QS 4.2.4.0; .NET CLR 1.1.4322; .NET CLR 2.0.50727; .NET CLR 3.0.04506.30; .NET CLR 3.0.04506.648; MS-RTC LM 8; .NET CLR 3.5.21022)',0,23,3,NULL),(608,'7uh58oqg8ansapge8bvf0kve84-1',0,NULL,0,0,2.3,'2009-12-24 03:44:35',NULL,'83.138.216.16','83.138.216.16.dyn.user.ono.com','Mozilla/5.0 (Windows; U; Windows NT 5.1; en-US) AppleWebKit/532.0 (KHTML, like Gecko) Chrome/3.0.195.38 Safari/532.0',1,33,0,NULL),(609,'0l7brtvs2g95tjnp4lfsst32u7-1',0,NULL,0,0,2.3,'2009-12-24 06:45:14',NULL,'83.138.216.16','83.138.216.16.dyn.user.ono.com','Mozilla/4.0 (compatible; MSIE 6.0; Windows NT 5.1; SV1; GTB6.3; .NET CLR 1.1.4322)',1,21,2,NULL),(610,'lcm69nc7pc6bc53f5gv34kcng0-1',1,5,0,1,2.3,'2009-12-26 23:03:41','2009-12-26 23:25:54','117.192.226.69','117.192.226.69','Mozilla/4.0 (compatible; MSIE 8.0; Windows NT 5.1; Trident/4.0; InfoPath.2; .NET CLR 2.0.50727; .NET CLR 3.0.04506.648; .NET CLR 3.5.21022; .NET CLR 3.0.4506.2152; .NET CLR 3.5.30729)',1,31,0,NULL),(611,'l59jkrc4vu6rhqd27f0sc5sn46-1',1,4,0,1,2.3,'2009-12-26 22:44:11','2009-12-27 00:20:04','112.110.209.48','112.110.209.48','Mozilla/5.0 (Windows; U; Windows NT 6.0; en-US; rv:1.9.1.6) Gecko/20091201 Firefox/3.5.6 GTB6 hotvideobar_1_2_56077101305785_6_4 VB_gameztar hotvideobar_1_2_56077101305785_6_4 (.NET CLR 3.5.30729)',0,38,0,NULL),(612,'6drcbedlg8hu20s4bf81c5doh6-1',1,6,0,0,2.3,'2009-12-27 10:11:56',NULL,'66.31.19.72','c-66-31-19-72.hsd1.ma.comcast.net','Mozilla/5.0 (Windows; U; Windows NT 5.1; en-US) AppleWebKit/532.0 (KHTML, like Gecko) Chrome/3.0.195.38 Safari/532.0',0,33,3,NULL),(613,'4ct455k2ttalre5m3smoi6cnj2-1',1,7,0,1,2.3,'2009-12-27 11:52:23','2009-12-27 12:10:29','111.92.68.240','111.92.68.240','Mozilla/5.0 (Windows; U; Windows NT 5.1; en-US; rv:1.9.1.3) Gecko/20090824 Firefox/3.5.3',0,22,1,NULL),(614,'jof3usfc0ois5vvpmi0h40aef6-1',1,8,0,1,2.3,'2009-12-27 11:54:02',NULL,'58.68.66.252','abs-static-252.66.68.58.aircel.co.in','Mozilla/4.0 (compatible; MSIE 8.0; Windows NT 5.1; Trident/4.0)',0,20,0,NULL),(615,'coq4kminrc1mn55o86lvskikr0-1',1,6,0,0,2.3,'2009-12-27 18:43:22',NULL,'143.93.160.2','sapserv.fh-worms.de','Mozilla/5.0 (Windows; U; Windows NT 6.0; es-ES; rv:1.9.1.6) Gecko/20091201 Firefox/3.5.6 (.NET CLR 3.5.30729)',1,23,0,NULL),(616,'jkacqk8hqemn2lu3dgr55rnn81-1',1,3,1,0,2.3,'2009-12-27 22:54:23','2009-12-28 00:50:56','159.226.21.62','159.226.21.62','Mozilla/5.0 (Windows; U; Windows NT 6.0; zh-CN; rv:1.9.1.6) Gecko/20091201 Firefox/3.5.6 GTB6 (.NET CLR 3.5.30729)',0,30,3,NULL),(617,'lg2jl101gr4b7pq0ucr34bee32-1',1,4,1,0,2.3,'2009-12-28 02:03:27',NULL,'83.138.216.16','83.138.216.16.dyn.user.ono.com','Mozilla/5.0 (Windows; U; Windows NT 5.1; en-US) AppleWebKit/532.0 (KHTML, like Gecko) Chrome/3.0.195.38 Safari/532.0',0,3,0,NULL),(618,'081qt18cj46110324tu7lcp9b7-1',1,6,0,0,2.3,'2009-12-28 04:42:12',NULL,'218.75.42.178','218.75.42.178','Mozilla/5.0 (Windows; U; Windows NT 5.1; zh-CN; rv:1.9.1.6) Gecko/20091201 Firefox/3.5.6',0,26,3,NULL),(619,'18895paj3546167hk0mvfiul51-1',1,4,1,0,2.3,'2009-12-30 11:58:31',NULL,'155.210.160.65','ibm.cps.unizar.es','Mozilla/5.0 (Windows; U; Windows NT 5.1; es-ES; rv:1.9.1.6) Gecko/20091201 Firefox/3.5.6 (.NET CLR 3.5.30729)',1,29,1,NULL),(620,'4r78iire4n770mh74eul81qsg0-1',1,4,1,0,2.3,'2010-01-02 04:38:41','2010-01-02 05:03:52','61.114.220.153','h220153.dynamic.ppp.asahi-net.or.jp','Mozilla/5.0 (X11; U; Linux i686; en-US; rv:1.9.1.5) Gecko/20091102 Firefox/3.5.5',0,32,3,NULL),(621,'fdh5ps6g7kujiqovrauq8rvop4-1',1,6,0,0,2.3,'2010-01-03 01:38:41',NULL,'140.116.246.47','hoppe.csie.ncku.edu.tw','Mozilla/5.0 (Windows; U; Windows NT 6.1; en-US) AppleWebKit/532.0 (KHTML, like Gecko) Chrome/3.0.197.11 Safari/532.0',1,23,1,NULL),(622,'4389fj5704pk3vq62t7ta9bjo7-1',1,6,0,0,2.3,'2010-01-03 07:20:12',NULL,'140.116.246.47','hoppe.csie.ncku.edu.tw','Mozilla/5.0 (Windows; U; Windows NT 6.1; zh-TW; rv:1.9.1.6) Gecko/20091201 Firefox/3.5.6 GTB6',1,21,0,NULL),(623,'1jr5mu29evjurr6r0l4mocgi04-1',1,6,0,0,2.3,'2010-01-03 10:15:04',NULL,'140.116.246.47','hoppe.csie.ncku.edu.tw','Mozilla/5.0 (Windows; U; Windows NT 6.1; zh-TW; rv:1.9.1.6) Gecko/20091201 Firefox/3.5.6 GTB6',1,23,0,NULL),(624,'kttm3pmajvdc9vtbn55dd8us13-1',1,8,0,0,2.3,'2010-01-03 01:43:08','2010-01-03 02:08:33','140.116.246.22','shaboo.csie.ncku.edu.tw','Mozilla/5.0 (Windows; U; Windows NT 5.1; zh-TW; rv:1.9.1.6) Gecko/20091201 Firefox/3.5.6 (.NET CLR 3.5.30729)',0,23,2,NULL),(625,'kttm3pmajvdc9vtbn55dd8us13-2',1,9,0,0,2.3,'2010-01-03 02:14:57',NULL,'140.116.246.22','shaboo.csie.ncku.edu.tw','Mozilla/5.0 (Windows; U; Windows NT 5.1; zh-TW; rv:1.9.1.6) Gecko/20091201 Firefox/3.5.6 (.NET CLR 3.5.30729)',63,66,6,NULL),(626,'tmjfgcqg4t8did1bschlbsvnf4-1',1,9,0,0,2.3,'2010-01-03 11:16:08',NULL,'140.116.246.22','shaboo.csie.ncku.edu.tw','Mozilla/5.0 (Windows; U; Windows NT 5.1; zh-TW; rv:1.9.1.6) Gecko/20091201 Firefox/3.5.6 (.NET CLR 3.5.30729)',0,23,1,NULL),(627,'8k7v4m6hu623sck5qu4plmd452-1',1,6,0,0,2.3,'2010-01-03 21:20:36',NULL,'140.116.246.22','shaboo.csie.ncku.edu.tw','Mozilla/5.0 (Windows; U; Windows NT 5.1; zh-TW; rv:1.9.1.6) Gecko/20091201 Firefox/3.5.6 (.NET CLR 3.5.30729)',1,12,2,NULL),(628,'e2o46ppg5kuruf5ls37rra1qv2-1',1,9,0,0,2.3,'2010-01-03 23:05:26',NULL,'140.116.246.22','shaboo.csie.ncku.edu.tw','Mozilla/5.0 (Windows; U; Windows NT 5.1; zh-TW; rv:1.9.1.6) Gecko/20091201 Firefox/3.5.6 (.NET CLR 3.5.30729)',1,12,1,NULL),(629,'7cua5c0of1889j4424d2ahki95-1',1,6,0,0,2.3,'2010-01-04 03:17:54',NULL,'140.116.246.47','hoppe.csie.ncku.edu.tw','Mozilla/5.0 (Windows; U; Windows NT 6.1; zh-TW; rv:1.9.1.6) Gecko/20091201 Firefox/3.5.6 GTB6',0,12,1,NULL),(630,'d8hc2mo6060tqn2lvir7hbiem3-1',1,6,1,0,2.3,'2010-01-05 20:34:16',NULL,'159.226.21.62','159.226.21.62','Mozilla/4.0 (compatible; MSIE 6.0; Windows NT 5.1; SV1; InfoPath.2; .NET CLR 2.0.50727; .NET CLR 3.0.04506.648; .NET CLR 3.5.21022; MAXTHON 2.0)',0,22,3,NULL),(631,'bfqcs5cibn0vle13nj8372i153-1',1,6,0,0,2.3,'2010-01-06 10:01:21',NULL,'128.139.226.37','proxy7-m.huji.ac.il','Mozilla/5.0 (X11; U; Linux i686; en-US; rv:1.9.0.1) Gecko/2008071618 Iceweasel/3.0.1 (Debian-3.0.1-1)',0,30,1,NULL),(632,'45ip4ic9oer63rc1ur94l7kbb0-1',1,6,1,0,2.3,'2010-01-07 21:04:58',NULL,'159.226.21.62','159.226.21.62','Mozilla/4.0 (compatible; MSIE 6.0; Windows NT 5.1; SV1; InfoPath.2; .NET CLR 2.0.50727; .NET CLR 3.0.04506.648; .NET CLR 3.5.21022; MAXTHON 2.0)',0,27,3,NULL),(633,'kukceg5n12uva65hm7bd189b07-1',1,6,1,0,2.3,'2010-01-11 21:21:31',NULL,'159.226.21.62','159.226.21.62','Mozilla/5.0 (Windows; U; Windows NT 6.0; zh-CN; rv:1.9.1.7) Gecko/20091221 Firefox/3.5.7 GTB6 (.NET CLR 3.5.30729)',0,30,3,NULL),(634,'n95ufohtn3sg2s0hvgsj7llmk7-1',1,6,1,0,2.3,'2010-01-12 01:12:32','2010-01-12 01:25:50','211.125.138.167','gatekeeper52.sony.co.jp','Mozilla/5.0 (X11; U; Linux i686; en-US; rv:1.9.1.6) Gecko/20091215 Ubuntu/9.10 (karmic) Firefox/3.5.6',1,28,3,NULL),(635,'l958o8fnipgt1f2iklomul9jh2-1',1,6,0,0,2.3,'2010-01-25 12:37:33',NULL,'155.210.152.49','bulma.cps.unizar.es','Mozilla/5.0 (Windows; U; Windows NT 6.1; en-US; rv:1.9.1.7) Gecko/20091221 Firefox/3.5.7',0,40,2,NULL),(636,'8jp7ov0jellu383a81hnjqd8n4-1',1,6,0,0,2.3,'2010-02-22 17:05:50',NULL,'95.19.42.28','28.42.19.95.dynamic.jazztel.es','Mozilla/5.0 (Macintosh; U; Intel Mac OS X 10_5_8; es-es) AppleWebKit/531.21.8 (KHTML, like Gecko) Version/4.0.4 Safari/531.21.10',1,24,1,NULL),(637,'d07c16a10p8s501st8eupqonk3-1',1,6,0,0,2.3,'2010-03-11 05:08:45',NULL,'128.139.226.37','proxy7-m.huji.ac.il','Mozilla/5.0 (X11; U; Linux i686; en-US; rv:1.9.0.1) Gecko/2008071618 Iceweasel/3.0.1 (Debian-3.0.1-1)',0,30,2,NULL),(638,'h9ej170rkk202dgnm6a0kuega4-1',1,6,0,0,2.3,'2010-04-10 16:36:49',NULL,'24.85.238.18','S0106000c417fdce9.vc.shawcable.net','Mozilla/5.0 (Windows; U; Windows NT 5.1; en-US; rv:1.9.2.2) Gecko/20100316 Firefox/3.6.2 (.NET CLR 3.5.30729)',1,21,0,NULL),(639,'42om65ib1l9uon2htk6a3en825-1',1,6,0,0,2.3,'2010-04-14 12:06:35',NULL,'192.150.10.200','sjfw1.adobe.com','Mozilla/5.0 (Windows; U; Windows NT 6.0; en-US; rv:1.9.2.3) Gecko/20100401 Firefox/3.6.3 GTB6 (.NET CLR 3.5.30729)',0,30,3,NULL),(640,'jd9up65b1mnmcjs4j9n77tgon4-1',1,6,0,0,2.3,'2010-04-26 01:02:46',NULL,'122.175.88.219','Telemedia-AP-dynamic-219.88.175.122.airtelbroadband.in','Mozilla/5.0 (Windows; U; Windows NT 5.1; en-US; rv:1.9.2.3) Gecko/20100401 Firefox/3.6.3',0,22,0,NULL),(641,'mj4q6ll4dgethdt5l7v3r2ie43-1',0,NULL,0,0,2.3,'2010-06-06 22:38:35',NULL,'198.162.54.156','dirt.cs.ubc.ca','Mozilla/5.0 (Windows; U; Windows NT 5.1; en-US; rv:1.9.2.3) Gecko/20100401 Firefox/3.6.3 ( .NET CLR 3.5.30729)',0,33,3,NULL),(642,'hpakldcko0vtcr4nuhcrroloj2-1',0,NULL,0,0,2.3,'2010-06-07 01:48:32',NULL,'198.162.54.156','dirt.cs.ubc.ca','Mozilla/5.0 (Windows; U; Windows NT 5.1; en-US; rv:1.9.2.3) Gecko/20100401 Firefox/3.6.3 ( .NET CLR 3.5.30729)',0,34,3,NULL),(643,'97lb8p9gbm95m9vn62pcqilrj1-1',0,NULL,0,0,2.3,'2010-06-07 01:59:26',NULL,'198.162.54.156','dirt.cs.ubc.ca','Mozilla/5.0 (Windows; U; Windows NT 5.1; en-US; rv:1.9.2.3) Gecko/20100401 Firefox/3.6.3 ( .NET CLR 3.5.30729)',0,34,0,NULL),(644,'melhg6v4h8ahfrtjri23tqrrr1-1',1,6,0,0,2.3,'2010-06-10 17:33:01','2010-06-11 03:54:01','132.64.140.212','gr-140-212.dyn.huji.ac.il','Mozilla/5.0 (Windows; U; Windows NT 5.1; en-US; rv:1.9.2.3) Gecko/20100401 Firefox/3.6.3',0,30,2,NULL),(645,'saphsvlcn326crm6i6varrkqg6-1',1,21,0,0,2.2,'2009-12-02 04:18:01','2009-12-02 04:59:36','77.99.23.82','cpc2-hawk9-0-0-cust849.aztw.cable.virginmedia.com','Mozilla/5.0 (Macintosh; U; Intel Mac OS X 10.6; en-US; rv:1.9.0.15) Gecko/2009101600 Firefox/3.0.15',1,24,3,NULL),(646,'oc2k5t87lnkau5o099slktpss4-1',1,14,1,1,2.3,'2009-12-21 17:08:36',NULL,'68.80.52.25','c-68-80-52-25.hsd1.pa.comcast.net','Mozilla/4.0 (compatible; MSIE 7.0; Windows NT 6.0; GTB6.3; SLCC1; .NET CLR 2.0.50727; Media Center PC 5.0; InfoPath.1; .NET CLR 3.5.30729; .NET CLR 3.0.30618)',1,34,1,NULL),(647,'07kgm8nphg94asvq27j39f3k46-1',1,2,0,1,2.3,'2009-12-21 23:33:32',NULL,'59.92.105.23','59.92.105.23','Mozilla/4.0 (compatible; MSIE 6.0; Windows NT 5.1; SV1; .NET CLR 1.1.4322)',0,46,0,NULL),(648,'v0birjll3caasl1k6l6leij415-1',1,14,1,1,2.3,'2009-12-21 19:11:32','2009-12-21 19:16:15','64.255.180.67','r04-03.opera-mini.net','Opera/9.80 (Windows NT 5.1; U; en) Presto/2.2.15 Version/10.10',0,28,1,NULL),(649,'v0birjll3caasl1k6l6leij415-2',1,61,0,1,2.3,'2009-12-21 19:17:48','2009-12-21 19:23:24','64.255.180.67','r04-03.opera-mini.net','Opera/9.80 (Windows NT 5.1; U; en) Presto/2.2.15 Version/10.10',1,23,1,NULL);

UNLOCK TABLES;

/*!40101 SET SQL_MODE=@OLD_SQL_MODE */;
/*!40014 SET FOREIGN_KEY_CHECKS=@OLD_FOREIGN_KEY_CHECKS */;
/*!40014 SET UNIQUE_CHECKS=@OLD_UNIQUE_CHECKS */;
/*!40111 SET SQL_NOTES=@OLD_SQL_NOTES */;
